{"id":4726,"date":"2025-06-28T16:51:22","date_gmt":"2025-06-28T14:51:22","guid":{"rendered":"https:\/\/uj.adatbank.ro\/lexikon\/termek\/bihari-sandor-rodi\/"},"modified":"2025-06-28T16:51:22","modified_gmt":"2025-06-28T14:51:22","slug":"bihari-sandor-rodi","status":"publish","type":"product","link":"https:\/\/uj.adatbank.ro\/lexikon\/termek\/bihari-sandor-rodi\/","title":{"rendered":"BIHARI S\u00e1ndor, r\u0151di"},"content":{"rendered":"<p>R\u0151d, 1823. febr. 6., \u2020 Mv., 1903. j\u00fan. 24.: tan\u00e1r. \u2013 Feles\u00e9ge Adri\u00e1n J\u00falia (\u2020 Mv., 1902. jan. 15.). Nevelt le\u00e1nyuk: Fintha Gizella, Chevassus Ferencn\u00e9. \u2013 Kv-on a Ref. Koll.-ban v\u00e9gzett. Filoz\u00f3fi\u00e1t, t\u00f6rt\u00e9nelmet, latin nyelv \u00e9s irodalmat, nevel\u00e9stani \u00e9s politikai kurzusokat n\u00e9met egyetemen Lipcs\u00e9ben \u00e9s Giessenben hallgatott (1858\u201359). Kolozsmegyei t\u00e1blab\u00edr\u00f3 majd a mv-i Kir. T\u00e1bla kancellist\u00e1ja; r\u00e9szt vett a szabads\u00e1gharcban (1848\u201349). T\u00f6rt\u00e9nelmet \u00e9s klasszika filol\u00f3gi\u00e1t tan\u00edtott a mv.-i Ref. Koll.-ban (1860. febr. 5. \u2013 1900), 17 \u00e9vig igazgat\u00f3 is (1862. j\u00fal. 12\u2013); k\u00f6nyvnyomtat\u00f3i \u00e9s gazdas\u00e1gi fel\u00fcgyel\u0151. Az Erd\u00e9lyi Ref. Egyh\u00e1zker\u00fclet igazgat\u00f3-tan\u00e1cs\u00e1nak, a k\u00f6zf\u0151t\u00f6rv\u00e9nysz\u00e9knek tagja, az egyetemes konventnek vil\u00e1gi p\u00f3ttagja, a mv.-i ev. ref. egyh\u00e1ztan\u00e1csnak, az egyh\u00e1zi k\u00e9pvisel\u0151 test\u00fcletnek \u00e9s a marosi egyh\u00e1zmegye k\u00f6zgy\u0171l\u00e9s\u00e9nek tagja. A KZST v\u00e1lasztm\u00e1nyi \u00e9s a M. T\u00f6rt\u00e9nelmi T\u00e1rsulat r. tagja. A Stef\u00e1nia Kisded\u00f3v\u00f3 Int\u00e9zet igazgat\u00f3ja. A Mv.-i Kaszin\u00f3 aleln\u00f6ke (1885\u20131903). A mv.-i \u00e9s marossz\u00e9ki Honv\u00e9d Egylet, a V\u00f6r\u00f6skereszt egylet helyi v\u00e1lasztm\u00e1ny\u00e1nak \u00e9s az EMKE helyi v\u00e1lasztm\u00e1ny\u00e1nak aleln\u00f6ke (1893). A Sz\u00e9kely K\u00f6zm\u0171vel\u0151d\u00e9si \u00e9s K\u00f6zgazdas\u00e1gi Egylet, a M\u00fazeum Egylet v\u00e1lasztm\u00e1nyi tagja. A mv.-i Szabadelv\u0171 P\u00e1rt \u00e9s a Takar\u00e9kp\u00e9nzt\u00e1r fel\u00fcgyel\u0151-bizotts\u00e1g\u00e1nak eln\u00f6ke; a Dr. Gecse D\u00e1niel Emberszereteti Int\u00e9zete igazgat\u00f3- v\u00e1lasztm\u00e1ny\u00e1nak jegyz\u0151je (1862\u2013) volt. T\u00e1rsadalmi, politikai cikkeket \u00edrt mv.-i, kv.-i, bp.-i lapokba. A Koron\u00e1s Arany \u00c9rdemkereszttel t\u00fcntett\u00e9k ki (1899) t\u00e1rsadalmi \u00e9s tan\u00fcgyi \u00e9rdemei\u00e9rt. \u2013 <strong>F. m.:<\/strong> N\u00e9hai orvos Gecse D\u00e1niel \u00e9letrajza, emberszereteti int\u00e9zet\u00e9nek alapszab\u00e1lyai \u00e9s az 1870-ik \u00e9v december hava 29-ik napj\u00e1n tartott nagygy\u0171l\u00e9sr\u0151l vezetett jegyz\u0151k\u00f6nyv (Mv., 1871); \u00d6zvegy tr\u00f3n\u00f6r\u00f6k\u00f6sn\u00e9 Stef\u00e1nia f\u0151hercegn\u0151 \u0150 Cs. Kir. Fenns\u00e9ge v\u00e9dn\u00f6ks\u00e9ge alatt \u00e1ll\u00f3 mv.-i Stef\u00e1nia Kisded\u00f3v\u00f3 Int\u00e9zet 40 \u00e9ves t\u00f6rt\u00e9nete (Mv., 1895). <br \/><strong>Irod.:<\/strong> Bern\u00e1dy; Bi\u00e1s Istv\u00e1n; Csekme; Csetri Elek: Kelemen Lajos (M\u0171vel\u0151d\u00e9s, 4. sz., 2010. \u00e1rpr.); Gy\u00e1szjelent\u0151; Guly\u00e1s; Id\u0151t\u00e1r 2; Kelemen L.: Sz\u00fclettem Mv.; Koncz; Lakatos S\u00e1muel: Bihari S\u00e1ndor ref. koll.-i tan\u00e1r eml\u00e9kezete (Mv., 1908); Marosi-KZST; Mv. t\u00f6rt. 2.; A mv.-i Casino J\u00f3kai \u00fcnnep\u00e9lye 1894. jan. 6. (Mv., 1894); Par\u00e1di; S\u00e1ndor; Szinnyei<\/br><\/p>\n","protected":false},"excerpt":{"rendered":"<p>R\u0151d, 1823. febr. 6., \u2020 Mv., 1903. j\u00fan. 24.: tan\u00e1r. \u2013 Feles\u00e9ge Adri\u00e1n J\u00falia (\u2020 Mv., 1902. jan. 15.). Nevelt le\u00e1nyuk: Fintha Gizella, Chevassus Ferencn\u00e9. \u2013 Kv-on a Ref. Koll.-ban v\u00e9gzett. Filoz\u00f3fi\u00e1t, t\u00f6rt\u00e9nelmet, latin nyelv \u00e9s irodalmat, nevel\u00e9stani \u00e9s politikai kurzusokat n\u00e9met egyetemen Lipcs\u00e9ben \u00e9s Giessenben hallgatott (1858\u201359). Kolozsmegyei t\u00e1blab\u00edr\u00f3 majd a mv-i Kir. T\u00e1bla [&hellip;]<\/p>\n","protected":false},"featured_media":0,"comment_status":"open","ping_status":"closed","template":"","meta":[],"product_brand":[],"product_cat":[137],"product_tag":[],"class_list":{"0":"post-4726","1":"product","2":"type-product","3":"status-publish","5":"product_cat-maros-megyei-eletrajzi-lexikon","7":"first","8":"instock","9":"shipping-taxable","10":"product-type-simple"},"_links":{"self":[{"href":"https:\/\/uj.adatbank.ro\/lexikon\/wp-json\/wp\/v2\/product\/4726","targetHints":{"allow":["GET"]}}],"collection":[{"href":"https:\/\/uj.adatbank.ro\/lexikon\/wp-json\/wp\/v2\/product"}],"about":[{"href":"https:\/\/uj.adatbank.ro\/lexikon\/wp-json\/wp\/v2\/types\/product"}],"replies":[{"embeddable":true,"href":"https:\/\/uj.adatbank.ro\/lexikon\/wp-json\/wp\/v2\/comments?post=4726"}],"wp:attachment":[{"href":"https:\/\/uj.adatbank.ro\/lexikon\/wp-json\/wp\/v2\/media?parent=4726"}],"wp:term":[{"taxonomy":"product_brand","embeddable":true,"href":"https:\/\/uj.adatbank.ro\/lexikon\/wp-json\/wp\/v2\/product_brand?post=4726"},{"taxonomy":"product_cat","embeddable":true,"href":"https:\/\/uj.adatbank.ro\/lexikon\/wp-json\/wp\/v2\/product_cat?post=4726"},{"taxonomy":"product_tag","embeddable":true,"href":"https:\/\/uj.adatbank.ro\/lexikon\/wp-json\/wp\/v2\/product_tag?post=4726"}],"curies":[{"name":"wp","href":"https:\/\/api.w.org\/{rel}","templated":true}]}}

BIHARI Sándor, rődi

<p>Rőd, 1823. febr. 6., † Mv., 1903. jún. 24.: tanár. – Felesége Adrián Júlia († Mv., 1902. jan. 15.). Nevelt leányuk: Fintha Gizella, Chevassus Ferencné. – Kv-on a Ref. Koll.-ban végzett. Filozófiát, történelmet, latin nyelv és irodalmat, neveléstani és politikai kurzusokat német egyetemen Lipcsében és Giessenben hallgatott (1858–59). Kolozsmegyei táblabíró majd a mv-i Kir. Tábla kancellistája; részt vett a szabadságharcban (1848–49). Történelmet és klasszika filológiát tanított a mv.-i Ref. Koll.-ban (1860. febr. 5. – 1900), 17 évig igazgató is (1862. júl. 12–); könyvnyomtatói és gazdasági felügyelő. Az Erdélyi Ref. Egyházkerület igazgató-tanácsának, a közfőtörvényszéknek tagja, az egyetemes konventnek világi póttagja, a mv.-i ev. ref. egyháztanácsnak, az egyházi képviselő testületnek és a marosi egyházmegye közgyűlésének tagja. A KZST választmányi és a M. Történelmi Társulat r. tagja. A Stefánia Kisdedóvó Intézet igazgatója. A Mv.-i Kaszinó alelnöke (1885–1903). A mv.-i és marosszéki Honvéd Egylet, a Vöröskereszt egylet helyi választmányának és az EMKE helyi választmányának alelnöke (1893). A Székely Közművelődési és Közgazdasági Egylet, a Múzeum Egylet választmányi tagja. A mv.-i Szabadelvű Párt és a Takarékpénztár felügyelő-bizottságának elnöke; a Dr. Gecse Dániel Emberszereteti Intézete igazgató- választmányának jegyzője (1862–) volt. Társadalmi, politikai cikkeket írt mv.-i, kv.-i, bp.-i lapokba. A Koronás Arany Érdemkereszttel tüntették ki (1899) társadalmi és tanügyi érdemeiért. – <strong>F. m.:</strong> Néhai orvos Gecse Dániel életrajza, emberszereteti intézetének alapszabályai és az 1870-ik év december hava 29-ik napján tartott nagygyűlésről vezetett jegyzőkönyv (Mv., 1871); Özvegy trónörökösné Stefánia főhercegnő Ő Cs. Kir. Fennsége védnöksége alatt álló mv.-i Stefánia Kisdedóvó Intézet 40 éves története (Mv., 1895). <br /><strong>Irod.:</strong> Bernády; Biás István; Csekme; Csetri Elek: Kelemen Lajos (Művelődés, 4. sz., 2010. árpr.); Gyászjelentő; Gulyás; Időtár 2; Kelemen L.: Születtem Mv.; Koncz; Lakatos Sámuel: Bihari Sándor ref. koll.-i tanár emlékezete (Mv., 1908); Marosi-KZST; Mv. tört. 2.; A mv.-i Casino Jókai ünnepélye 1894. jan. 6. (Mv., 1894); Parádi; Sándor; Szinnyei</br></p>

<p>Rőd, 1823. febr. 6., † Mv., 1903. jún. 24.: tanár. – Felesége Adrián Júlia († Mv., 1902. jan. 15.). Nevelt leányuk: Fintha Gizella, Chevassus Ferencné. – Kv-on a Ref. Koll.-ban végzett. Filozófiát, történelmet, latin nyelv és irodalmat, neveléstani és politikai kurzusokat német egyetemen Lipcsében és Giessenben hallgatott (1858–59). Kolozsmegyei táblabíró majd a mv-i Kir. Tábla [&hellip;]</p>
