{"id":4728,"date":"2025-06-28T16:51:27","date_gmt":"2025-06-28T14:51:27","guid":{"rendered":"https:\/\/uj.adatbank.ro\/lexikon\/termek\/bihari-zoltan\/"},"modified":"2025-06-28T16:51:27","modified_gmt":"2025-06-28T14:51:27","slug":"bihari-zoltan","status":"publish","type":"product","link":"https:\/\/uj.adatbank.ro\/lexikon\/termek\/bihari-zoltan\/","title":{"rendered":"BIHARI Zolt\u00e1n"},"content":{"rendered":"<p>Arad, 1910. aug. 26., \u2020 Bp., 1985. febr. 22.: bonviv\u00e1n. \u2013 Fell\u00e9pett Batty\u00e1n K\u00e1lm\u00e1n t\u00e1rsulat\u00e1val Mv., Segesv\u00e1r (1934\u201336). <br \/><strong>Irod.:<\/strong> K\u00f6t\u0151<\/br><\/p>\n","protected":false},"excerpt":{"rendered":"<p>Arad, 1910. aug. 26., \u2020 Bp., 1985. febr. 22.: bonviv\u00e1n. \u2013 Fell\u00e9pett Batty\u00e1n K\u00e1lm\u00e1n t\u00e1rsulat\u00e1val Mv., Segesv\u00e1r (1934\u201336). Irod.: K\u00f6t\u0151<\/p>\n","protected":false},"featured_media":0,"comment_status":"open","ping_status":"closed","template":"","meta":[],"product_brand":[],"product_cat":[137],"product_tag":[],"class_list":{"0":"post-4728","1":"product","2":"type-product","3":"status-publish","5":"product_cat-maros-megyei-eletrajzi-lexikon","7":"first","8":"instock","9":"shipping-taxable","10":"product-type-simple"},"_links":{"self":[{"href":"https:\/\/uj.adatbank.ro\/lexikon\/wp-json\/wp\/v2\/product\/4728","targetHints":{"allow":["GET"]}}],"collection":[{"href":"https:\/\/uj.adatbank.ro\/lexikon\/wp-json\/wp\/v2\/product"}],"about":[{"href":"https:\/\/uj.adatbank.ro\/lexikon\/wp-json\/wp\/v2\/types\/product"}],"replies":[{"embeddable":true,"href":"https:\/\/uj.adatbank.ro\/lexikon\/wp-json\/wp\/v2\/comments?post=4728"}],"wp:attachment":[{"href":"https:\/\/uj.adatbank.ro\/lexikon\/wp-json\/wp\/v2\/media?parent=4728"}],"wp:term":[{"taxonomy":"product_brand","embeddable":true,"href":"https:\/\/uj.adatbank.ro\/lexikon\/wp-json\/wp\/v2\/product_brand?post=4728"},{"taxonomy":"product_cat","embeddable":true,"href":"https:\/\/uj.adatbank.ro\/lexikon\/wp-json\/wp\/v2\/product_cat?post=4728"},{"taxonomy":"product_tag","embeddable":true,"href":"https:\/\/uj.adatbank.ro\/lexikon\/wp-json\/wp\/v2\/product_tag?post=4728"}],"curies":[{"name":"wp","href":"https:\/\/api.w.org\/{rel}","templated":true}]}}