{"id":4729,"date":"2025-06-28T16:51:29","date_gmt":"2025-06-28T14:51:29","guid":{"rendered":"https:\/\/uj.adatbank.ro\/lexikon\/termek\/bihoreanu-viorel\/"},"modified":"2025-06-28T16:51:29","modified_gmt":"2025-06-28T14:51:29","slug":"bihoreanu-viorel","status":"publish","type":"product","link":"https:\/\/uj.adatbank.ro\/lexikon\/termek\/bihoreanu-viorel\/","title":{"rendered":"BIHOREANU Viorel"},"content":{"rendered":"<p>? \u2020\u00a0Mez\u0151bodon, 1950. aug. 2.: Egyike a kollektiviz\u00e1l\u00e1s \u00e1ldozatainak Maros megy\u00e9ben. <br \/><strong>Irod.:<\/strong> Bak\u00f3 Zolt\u00e1n: Hatvan \u00e9ve k\u00eds\u00e9rt egy gyilkoss\u00e1g eml\u00e9ke Vadadban (V\u00e1s\u00e1rhelyi H\u00edrlap, 2010. aug. 16.; 2010. aug. 17.)<\/br><\/p>\n","protected":false},"excerpt":{"rendered":"<p>? \u2020\u00a0Mez\u0151bodon, 1950. aug. 2.: Egyike a kollektiviz\u00e1l\u00e1s \u00e1ldozatainak Maros megy\u00e9ben. Irod.: Bak\u00f3 Zolt\u00e1n: Hatvan \u00e9ve k\u00eds\u00e9rt egy gyilkoss\u00e1g eml\u00e9ke Vadadban (V\u00e1s\u00e1rhelyi H\u00edrlap, 2010. aug. 16.; 2010. aug. 17.)<\/p>\n","protected":false},"featured_media":0,"comment_status":"open","ping_status":"closed","template":"","meta":[],"product_brand":[],"product_cat":[137],"product_tag":[],"class_list":{"0":"post-4729","1":"product","2":"type-product","3":"status-publish","5":"product_cat-maros-megyei-eletrajzi-lexikon","7":"first","8":"instock","9":"shipping-taxable","10":"product-type-simple"},"_links":{"self":[{"href":"https:\/\/uj.adatbank.ro\/lexikon\/wp-json\/wp\/v2\/product\/4729","targetHints":{"allow":["GET"]}}],"collection":[{"href":"https:\/\/uj.adatbank.ro\/lexikon\/wp-json\/wp\/v2\/product"}],"about":[{"href":"https:\/\/uj.adatbank.ro\/lexikon\/wp-json\/wp\/v2\/types\/product"}],"replies":[{"embeddable":true,"href":"https:\/\/uj.adatbank.ro\/lexikon\/wp-json\/wp\/v2\/comments?post=4729"}],"wp:attachment":[{"href":"https:\/\/uj.adatbank.ro\/lexikon\/wp-json\/wp\/v2\/media?parent=4729"}],"wp:term":[{"taxonomy":"product_brand","embeddable":true,"href":"https:\/\/uj.adatbank.ro\/lexikon\/wp-json\/wp\/v2\/product_brand?post=4729"},{"taxonomy":"product_cat","embeddable":true,"href":"https:\/\/uj.adatbank.ro\/lexikon\/wp-json\/wp\/v2\/product_cat?post=4729"},{"taxonomy":"product_tag","embeddable":true,"href":"https:\/\/uj.adatbank.ro\/lexikon\/wp-json\/wp\/v2\/product_tag?post=4729"}],"curies":[{"name":"wp","href":"https:\/\/api.w.org\/{rel}","templated":true}]}}