{"id":4736,"date":"2025-06-28T16:51:43","date_gmt":"2025-06-28T14:51:43","guid":{"rendered":"https:\/\/uj.adatbank.ro\/lexikon\/termek\/bincso-janos\/"},"modified":"2025-06-28T16:51:43","modified_gmt":"2025-06-28T14:51:43","slug":"bincso-janos","status":"publish","type":"product","link":"https:\/\/uj.adatbank.ro\/lexikon\/termek\/bincso-janos\/","title":{"rendered":"BINCS\u00d3 J\u00e1nos"},"content":{"rendered":"<p>Mv., 1914. j\u00fal. 21., \u2020\u00a0? : p\u00e9k. \u2013 Letart\u00f3ztatt\u00e1k (1958. szept. 25.), a v\u00e1d szerint a magyaro.-i esem\u00e9nyek idej\u00e9n ellenforradalmi tartalm\u00fa c\u00e9dul\u00e1kat \u00edrt \u00e9s ragasztott a falakra. 2 \u00e9vre \u00edt\u00e9lt\u00e9k (1960. szept. 24. szabadult). M\u00e1sodszor is letart\u00f3ztatt\u00e1k (1961. aug. 26.), a v\u00e1d szerint horogkeresztes c\u00e9dul\u00e1kat szort sz\u00e9t Mv. utc\u00e1in. <br \/><strong>Irod.:<\/strong> 1956 Erd\u00e9lyben<\/br><\/p>\n","protected":false},"excerpt":{"rendered":"<p>Mv., 1914. j\u00fal. 21., \u2020\u00a0? : p\u00e9k. \u2013 Letart\u00f3ztatt\u00e1k (1958. szept. 25.), a v\u00e1d szerint a magyaro.-i esem\u00e9nyek idej\u00e9n ellenforradalmi tartalm\u00fa c\u00e9dul\u00e1kat \u00edrt \u00e9s ragasztott a falakra. 2 \u00e9vre \u00edt\u00e9lt\u00e9k (1960. szept. 24. szabadult). M\u00e1sodszor is letart\u00f3ztatt\u00e1k (1961. aug. 26.), a v\u00e1d szerint horogkeresztes c\u00e9dul\u00e1kat szort sz\u00e9t Mv. utc\u00e1in. Irod.: 1956 Erd\u00e9lyben<\/p>\n","protected":false},"featured_media":0,"comment_status":"open","ping_status":"closed","template":"","meta":[],"product_brand":[],"product_cat":[137],"product_tag":[],"class_list":{"0":"post-4736","1":"product","2":"type-product","3":"status-publish","5":"product_cat-maros-megyei-eletrajzi-lexikon","7":"first","8":"instock","9":"shipping-taxable","10":"product-type-simple"},"_links":{"self":[{"href":"https:\/\/uj.adatbank.ro\/lexikon\/wp-json\/wp\/v2\/product\/4736","targetHints":{"allow":["GET"]}}],"collection":[{"href":"https:\/\/uj.adatbank.ro\/lexikon\/wp-json\/wp\/v2\/product"}],"about":[{"href":"https:\/\/uj.adatbank.ro\/lexikon\/wp-json\/wp\/v2\/types\/product"}],"replies":[{"embeddable":true,"href":"https:\/\/uj.adatbank.ro\/lexikon\/wp-json\/wp\/v2\/comments?post=4736"}],"wp:attachment":[{"href":"https:\/\/uj.adatbank.ro\/lexikon\/wp-json\/wp\/v2\/media?parent=4736"}],"wp:term":[{"taxonomy":"product_brand","embeddable":true,"href":"https:\/\/uj.adatbank.ro\/lexikon\/wp-json\/wp\/v2\/product_brand?post=4736"},{"taxonomy":"product_cat","embeddable":true,"href":"https:\/\/uj.adatbank.ro\/lexikon\/wp-json\/wp\/v2\/product_cat?post=4736"},{"taxonomy":"product_tag","embeddable":true,"href":"https:\/\/uj.adatbank.ro\/lexikon\/wp-json\/wp\/v2\/product_tag?post=4736"}],"curies":[{"name":"wp","href":"https:\/\/api.w.org\/{rel}","templated":true}]}}

BINCSÓ János

<p>Mv., 1914. júl. 21., † ? : pék. – Letartóztatták (1958. szept. 25.), a vád szerint a magyaro.-i események idején ellenforradalmi tartalmú cédulákat írt és ragasztott a falakra. 2 évre ítélték (1960. szept. 24. szabadult). Másodszor is letartóztatták (1961. aug. 26.), a vád szerint horogkeresztes cédulákat szort szét Mv. utcáin. <br /><strong>Irod.:</strong> 1956 Erdélyben</br></p>

<p>Mv., 1914. júl. 21., † ? : pék. – Letartóztatták (1958. szept. 25.), a vád szerint a magyaro.-i események idején ellenforradalmi tartalmú cédulákat írt és ragasztott a falakra. 2 évre ítélték (1960. szept. 24. szabadult). Másodszor is letartóztatták (1961. aug. 26.), a vád szerint horogkeresztes cédulákat szort szét Mv. utcáin. Irod.: 1956 Erdélyben</p>
