{"id":4740,"date":"2025-06-28T16:51:49","date_gmt":"2025-06-28T14:51:49","guid":{"rendered":"https:\/\/uj.adatbank.ro\/lexikon\/termek\/binder-georg-paul-binder-gyorgy-pal\/"},"modified":"2025-06-28T16:51:49","modified_gmt":"2025-06-28T14:51:49","slug":"binder-georg-paul-binder-gyorgy-pal","status":"publish","type":"product","link":"https:\/\/uj.adatbank.ro\/lexikon\/termek\/binder-georg-paul-binder-gyorgy-pal\/","title":{"rendered":"BINDER Georg Paul; Binder Gy\u00f6rgy P\u00e1l"},"content":{"rendered":"<p>Segesv\u00e1r, 1784. j\u00fal. 20., \u2020 Berethalom, 1867. j\u00fan. 12.: tan\u00e1r, ev. p\u00fcsp\u00f6k. \u2013 Segesv\u00e1ron mag\u00e1ntanul\u00f3 volt (1804-ig), k\u00f6zben Kv.-on az Unit. Koll.- ban tanult (1802-03), a th\u00fcbingeni az egy.-en b\u00f6lcseletet \u00e9s filol\u00f3gi\u00e1t hallgatott (1804\u20131807). Gimn.-i tan\u00e1r Segesv\u00e1ron (1808\u2013); rektor (1822\u201331); lelk\u00e9sz Segesden (1831\u201340), Sz\u00e1szk\u00e9zden (1840\u201343), Sz\u00e1szd\u00e1ny\u00e1n (1843\u201367); p\u00fcsp\u00f6kk\u00e9 v\u00e1lasztott\u00e1k (1843. szept. 28). Mint p\u00fcsp\u00f6k r\u00e9szt vett az erd\u00e9lyi sz\u00e1szok cs\u00e1sz\u00e1rhoz men\u0151 k\u00fcld\u00f6tts\u00e9gben (1848), Pesten a protest\u00e1ns egyh\u00e1zak tiltakoz\u00f3 gy\u00fcl\u00e9s\u00e9n (1848. szept.), megnyitotta az els\u0151 nemzeti egyh\u00e1zi zsinatot (1861. \u00e1pr. 12.). K\u00f6z\u00f6lt \u00e9s r\u00f3la is k\u00f6z\u00f6ltek az Archiv des Vereins f\u00fcr Siebenb\u00fcrgische Landeskunde c. lapban. A Lip\u00f3trend lovagkeresztj\u00e9nek kit\u0171ntetettje, a J\u00e9nai egyetem d\u00edszdoktora (1858). Segesv\u00e1ri sz\u00fcl\u0151h\u00e1z\u00e1t eml\u00e9kt\u00e1bl\u00e1val jel\u00f6lt\u00e9k meg (1894. j\u00fan. 29.). \u2013 <strong>F. m.:<\/strong> Zwei Reden (Kronstadt, 1845); Denkschrift der siebenb\u00fcrgisch-s\u00e4chsischen Geistlichkeit (Pest, 1848; m. nyelven is); An seine kais. Hoheit den durchlautigsten Erzherzog Reichs-Palatin k\u00f6nigl. Statthalter Allerunterh\u00e4ntigstes Bittgesuch des ev. Superintendenten A. C. Siebenb\u00fcrgen (Wien, 1849); Einem hohen k. k. Reichs-Rathe in Wien. Pro memoria\u2026 (Wien, 1857); An seine k. k. Ap. Majest\u00e4 Franz Joseph I\u2026erfuchtvollste Danksagung (Wien, 1858); Zwei Vortr\u00e4ge (Hermannstadt, 1862); Rede bei dem. dreihundertj\u00e4hrigen Jubelfeier der Augsburger Konfession (Nagyszeben, 1881). <br \/><strong>Irod.:<\/strong> Apold; Guly\u00e1s; LSS; MNL; RNL; Saschiz; Szab\u00f3\u2013Sz\u00f6gi; Szinnyei; \u00daM\u00c9; Teutsch; Zov\u00e1nyi<\/br><\/p>\n","protected":false},"excerpt":{"rendered":"<p>Segesv\u00e1r, 1784. j\u00fal. 20., \u2020 Berethalom, 1867. j\u00fan. 12.: tan\u00e1r, ev. p\u00fcsp\u00f6k. \u2013 Segesv\u00e1ron mag\u00e1ntanul\u00f3 volt (1804-ig), k\u00f6zben Kv.-on az Unit. Koll.- ban tanult (1802-03), a th\u00fcbingeni az egy.-en b\u00f6lcseletet \u00e9s filol\u00f3gi\u00e1t hallgatott (1804\u20131807). Gimn.-i tan\u00e1r Segesv\u00e1ron (1808\u2013); rektor (1822\u201331); lelk\u00e9sz Segesden (1831\u201340), Sz\u00e1szk\u00e9zden (1840\u201343), Sz\u00e1szd\u00e1ny\u00e1n (1843\u201367); p\u00fcsp\u00f6kk\u00e9 v\u00e1lasztott\u00e1k (1843. szept. 28). Mint p\u00fcsp\u00f6k r\u00e9szt [&hellip;]<\/p>\n","protected":false},"featured_media":0,"comment_status":"open","ping_status":"closed","template":"","meta":[],"product_brand":[],"product_cat":[137],"product_tag":[],"class_list":{"0":"post-4740","1":"product","2":"type-product","3":"status-publish","5":"product_cat-maros-megyei-eletrajzi-lexikon","7":"first","8":"instock","9":"shipping-taxable","10":"product-type-simple"},"_links":{"self":[{"href":"https:\/\/uj.adatbank.ro\/lexikon\/wp-json\/wp\/v2\/product\/4740","targetHints":{"allow":["GET"]}}],"collection":[{"href":"https:\/\/uj.adatbank.ro\/lexikon\/wp-json\/wp\/v2\/product"}],"about":[{"href":"https:\/\/uj.adatbank.ro\/lexikon\/wp-json\/wp\/v2\/types\/product"}],"replies":[{"embeddable":true,"href":"https:\/\/uj.adatbank.ro\/lexikon\/wp-json\/wp\/v2\/comments?post=4740"}],"wp:attachment":[{"href":"https:\/\/uj.adatbank.ro\/lexikon\/wp-json\/wp\/v2\/media?parent=4740"}],"wp:term":[{"taxonomy":"product_brand","embeddable":true,"href":"https:\/\/uj.adatbank.ro\/lexikon\/wp-json\/wp\/v2\/product_brand?post=4740"},{"taxonomy":"product_cat","embeddable":true,"href":"https:\/\/uj.adatbank.ro\/lexikon\/wp-json\/wp\/v2\/product_cat?post=4740"},{"taxonomy":"product_tag","embeddable":true,"href":"https:\/\/uj.adatbank.ro\/lexikon\/wp-json\/wp\/v2\/product_tag?post=4740"}],"curies":[{"name":"wp","href":"https:\/\/api.w.org\/{rel}","templated":true}]}}