{"id":4748,"date":"2025-06-28T16:52:05","date_gmt":"2025-06-28T14:52:05","guid":{"rendered":"https:\/\/uj.adatbank.ro\/lexikon\/termek\/binder-karl\/"},"modified":"2025-06-28T16:52:05","modified_gmt":"2025-06-28T14:52:05","slug":"binder-karl","status":"publish","type":"product","link":"https:\/\/uj.adatbank.ro\/lexikon\/termek\/binder-karl\/","title":{"rendered":"BINDER Karl"},"content":{"rendered":"<p>Segesv\u00e1r, 1832. j\u00fal. 9., \u2020 Nagyszeben, 1889. jan. 1.: orvos \u2013 Apja kalaposmester. \u2013 Orvosi oklevel\u00e9t B\u00e9csben szerezte (1851\u201361). R\u00f6vid horv\u00e1to.-i tart\u00f3zkod\u00e1s ut\u00e1n Szent\u00e1got\u00e1n (1863\u2013), majd Nagyszebenben (1875\u2013) telepedett le, gyakorl\u00f3 orvos. \u2013 <strong>F. m.:<\/strong> Die pers\u00f6nlichen und allgemeinen Schutzmassregeln gegen die Cholera (Hermannstadt, 1844). <br \/><strong>Irod.:<\/strong> Guly\u00e1s; Szab\u00f3\u2013Simon\u2013Sz\u00f6gi; Szinnyei<\/br><\/p>\n","protected":false},"excerpt":{"rendered":"<p>Segesv\u00e1r, 1832. j\u00fal. 9., \u2020 Nagyszeben, 1889. jan. 1.: orvos \u2013 Apja kalaposmester. \u2013 Orvosi oklevel\u00e9t B\u00e9csben szerezte (1851\u201361). R\u00f6vid horv\u00e1to.-i tart\u00f3zkod\u00e1s ut\u00e1n Szent\u00e1got\u00e1n (1863\u2013), majd Nagyszebenben (1875\u2013) telepedett le, gyakorl\u00f3 orvos. \u2013 F. m.: Die pers\u00f6nlichen und allgemeinen Schutzmassregeln gegen die Cholera (Hermannstadt, 1844). Irod.: Guly\u00e1s; Szab\u00f3\u2013Simon\u2013Sz\u00f6gi; Szinnyei<\/p>\n","protected":false},"featured_media":0,"comment_status":"open","ping_status":"closed","template":"","meta":[],"product_brand":[],"product_cat":[137],"product_tag":[],"class_list":{"0":"post-4748","1":"product","2":"type-product","3":"status-publish","5":"product_cat-maros-megyei-eletrajzi-lexikon","7":"first","8":"instock","9":"shipping-taxable","10":"product-type-simple"},"_links":{"self":[{"href":"https:\/\/uj.adatbank.ro\/lexikon\/wp-json\/wp\/v2\/product\/4748","targetHints":{"allow":["GET"]}}],"collection":[{"href":"https:\/\/uj.adatbank.ro\/lexikon\/wp-json\/wp\/v2\/product"}],"about":[{"href":"https:\/\/uj.adatbank.ro\/lexikon\/wp-json\/wp\/v2\/types\/product"}],"replies":[{"embeddable":true,"href":"https:\/\/uj.adatbank.ro\/lexikon\/wp-json\/wp\/v2\/comments?post=4748"}],"wp:attachment":[{"href":"https:\/\/uj.adatbank.ro\/lexikon\/wp-json\/wp\/v2\/media?parent=4748"}],"wp:term":[{"taxonomy":"product_brand","embeddable":true,"href":"https:\/\/uj.adatbank.ro\/lexikon\/wp-json\/wp\/v2\/product_brand?post=4748"},{"taxonomy":"product_cat","embeddable":true,"href":"https:\/\/uj.adatbank.ro\/lexikon\/wp-json\/wp\/v2\/product_cat?post=4748"},{"taxonomy":"product_tag","embeddable":true,"href":"https:\/\/uj.adatbank.ro\/lexikon\/wp-json\/wp\/v2\/product_tag?post=4748"}],"curies":[{"name":"wp","href":"https:\/\/api.w.org\/{rel}","templated":true}]}}