{"id":4749,"date":"2025-06-28T16:52:06","date_gmt":"2025-06-28T14:52:06","guid":{"rendered":"https:\/\/uj.adatbank.ro\/lexikon\/termek\/binder-karoly\/"},"modified":"2025-06-28T16:52:06","modified_gmt":"2025-06-28T14:52:06","slug":"binder-karoly","status":"publish","type":"product","link":"https:\/\/uj.adatbank.ro\/lexikon\/termek\/binder-karoly\/","title":{"rendered":"BINDER K\u00e1roly"},"content":{"rendered":"<p>? \u2020\u00a0? : sz\u00edn\u00e9sz, rendez\u0151, \u00e9nekes. \u2013 Szab\u00f3 P\u00e1l s szerz\u0151dtette a mv.-i t\u00e1rsulat\u00e1hoz (1920\u201321). Fell\u00e9pett Szatm\u00e1r, Nagyb\u00e1nya, M\u00e1ramarossziget, Nagyk\u00e1roly sz\u00ednpadain (1921\u201322); Temesv\u00e1ron Szab\u00f3 P\u00e1l (1922\u201323) \u00e9s Frany\u00f3 Zolt\u00e1n t\u00e1rsulat\u00e1ban j\u00e1tszott (1926\u201327). \u2013 <strong>F. sz.:<\/strong> R. Huntigdan (Galsworthy: A menek\u00fcl\u0151 asszony); Sir Francis Cheznay (Thomas Branden: Charlie n\u00e9nje); Bal\u00e1nka J\u00e1nos (G\u00e9czy Istv\u00e1n: A gyimesi vadvir\u00e1g); Amades (Okonkowsky-Gilbert: Kuba Gy\u00f6ngye); Parker ezredes (K\u00e1lm\u00e1n: Bajad\u00e9r); Bob herceg (Huszka Jen\u0151); Ady verseket adott el\u0151 Reinitz \u00e9s L\u00e1nyi megzen\u00e9s\u00edt\u00e9s\u00e9ben; <strong>rendez\u00e9sei:<\/strong> Leoncavallo: Bajazzok; Offenbach: Hoffmann mes\u00e9i; Csepreghy Ferenc: A s\u00e1rga csik\u00f3. <br \/><strong>Irod.:<\/strong> K\u00f6t\u00f3<\/br><\/p>\n","protected":false},"excerpt":{"rendered":"<p>? \u2020\u00a0? : sz\u00edn\u00e9sz, rendez\u0151, \u00e9nekes. \u2013 Szab\u00f3 P\u00e1l s szerz\u0151dtette a mv.-i t\u00e1rsulat\u00e1hoz (1920\u201321). Fell\u00e9pett Szatm\u00e1r, Nagyb\u00e1nya, M\u00e1ramarossziget, Nagyk\u00e1roly sz\u00ednpadain (1921\u201322); Temesv\u00e1ron Szab\u00f3 P\u00e1l (1922\u201323) \u00e9s Frany\u00f3 Zolt\u00e1n t\u00e1rsulat\u00e1ban j\u00e1tszott (1926\u201327). \u2013 F. sz.: R. Huntigdan (Galsworthy: A menek\u00fcl\u0151 asszony); Sir Francis Cheznay (Thomas Branden: Charlie n\u00e9nje); Bal\u00e1nka J\u00e1nos (G\u00e9czy Istv\u00e1n: A gyimesi vadvir\u00e1g); [&hellip;]<\/p>\n","protected":false},"featured_media":0,"comment_status":"open","ping_status":"closed","template":"","meta":[],"product_brand":[],"product_cat":[137],"product_tag":[],"class_list":{"0":"post-4749","1":"product","2":"type-product","3":"status-publish","5":"product_cat-maros-megyei-eletrajzi-lexikon","7":"first","8":"instock","9":"shipping-taxable","10":"product-type-simple"},"_links":{"self":[{"href":"https:\/\/uj.adatbank.ro\/lexikon\/wp-json\/wp\/v2\/product\/4749","targetHints":{"allow":["GET"]}}],"collection":[{"href":"https:\/\/uj.adatbank.ro\/lexikon\/wp-json\/wp\/v2\/product"}],"about":[{"href":"https:\/\/uj.adatbank.ro\/lexikon\/wp-json\/wp\/v2\/types\/product"}],"replies":[{"embeddable":true,"href":"https:\/\/uj.adatbank.ro\/lexikon\/wp-json\/wp\/v2\/comments?post=4749"}],"wp:attachment":[{"href":"https:\/\/uj.adatbank.ro\/lexikon\/wp-json\/wp\/v2\/media?parent=4749"}],"wp:term":[{"taxonomy":"product_brand","embeddable":true,"href":"https:\/\/uj.adatbank.ro\/lexikon\/wp-json\/wp\/v2\/product_brand?post=4749"},{"taxonomy":"product_cat","embeddable":true,"href":"https:\/\/uj.adatbank.ro\/lexikon\/wp-json\/wp\/v2\/product_cat?post=4749"},{"taxonomy":"product_tag","embeddable":true,"href":"https:\/\/uj.adatbank.ro\/lexikon\/wp-json\/wp\/v2\/product_tag?post=4749"}],"curies":[{"name":"wp","href":"https:\/\/api.w.org\/{rel}","templated":true}]}}