{"id":4751,"date":"2025-06-28T16:52:08","date_gmt":"2025-06-28T14:52:08","guid":{"rendered":"https:\/\/uj.adatbank.ro\/lexikon\/termek\/binder-martin-2\/"},"modified":"2025-06-28T16:52:08","modified_gmt":"2025-06-28T14:52:08","slug":"binder-martin-2","status":"publish","type":"product","link":"https:\/\/uj.adatbank.ro\/lexikon\/termek\/binder-martin-2\/","title":{"rendered":"BINDER Martin"},"content":{"rendered":"<p>Segesv\u00e1r, 1748.?, \u2020 Sz\u00e1szk\u00e9zd, 1807. nov. 29.: tan\u00e1r, lelk\u00e9sz. \u2013 Tanult teol\u00f3gi\u00e1t Erlagen-ben (\u20181768), Th\u00fcbingenben (1771). Tan\u00e1r \u00e9s lelk\u00e9sz Segesv\u00e1ron (1787\u2013), lelk\u00e9sz Sz\u00e1szk\u00e9zden (1792\u20131807). <br \/><strong>Irod.:<\/strong> Saschiz; Szab\u00f3\u2013Sz\u00f6gi<\/br><\/p>\n","protected":false},"excerpt":{"rendered":"<p>Segesv\u00e1r, 1748.?, \u2020 Sz\u00e1szk\u00e9zd, 1807. nov. 29.: tan\u00e1r, lelk\u00e9sz. \u2013 Tanult teol\u00f3gi\u00e1t Erlagen-ben (\u20181768), Th\u00fcbingenben (1771). Tan\u00e1r \u00e9s lelk\u00e9sz Segesv\u00e1ron (1787\u2013), lelk\u00e9sz Sz\u00e1szk\u00e9zden (1792\u20131807). Irod.: Saschiz; Szab\u00f3\u2013Sz\u00f6gi<\/p>\n","protected":false},"featured_media":0,"comment_status":"open","ping_status":"closed","template":"","meta":[],"product_brand":[],"product_cat":[137],"product_tag":[],"class_list":{"0":"post-4751","1":"product","2":"type-product","3":"status-publish","5":"product_cat-maros-megyei-eletrajzi-lexikon","7":"first","8":"instock","9":"shipping-taxable","10":"product-type-simple"},"_links":{"self":[{"href":"https:\/\/uj.adatbank.ro\/lexikon\/wp-json\/wp\/v2\/product\/4751","targetHints":{"allow":["GET"]}}],"collection":[{"href":"https:\/\/uj.adatbank.ro\/lexikon\/wp-json\/wp\/v2\/product"}],"about":[{"href":"https:\/\/uj.adatbank.ro\/lexikon\/wp-json\/wp\/v2\/types\/product"}],"replies":[{"embeddable":true,"href":"https:\/\/uj.adatbank.ro\/lexikon\/wp-json\/wp\/v2\/comments?post=4751"}],"wp:attachment":[{"href":"https:\/\/uj.adatbank.ro\/lexikon\/wp-json\/wp\/v2\/media?parent=4751"}],"wp:term":[{"taxonomy":"product_brand","embeddable":true,"href":"https:\/\/uj.adatbank.ro\/lexikon\/wp-json\/wp\/v2\/product_brand?post=4751"},{"taxonomy":"product_cat","embeddable":true,"href":"https:\/\/uj.adatbank.ro\/lexikon\/wp-json\/wp\/v2\/product_cat?post=4751"},{"taxonomy":"product_tag","embeddable":true,"href":"https:\/\/uj.adatbank.ro\/lexikon\/wp-json\/wp\/v2\/product_tag?post=4751"}],"curies":[{"name":"wp","href":"https:\/\/api.w.org\/{rel}","templated":true}]}}