{"id":4753,"date":"2025-06-28T16:52:11","date_gmt":"2025-06-28T14:52:11","guid":{"rendered":"https:\/\/uj.adatbank.ro\/lexikon\/termek\/binder-michael-georgius\/"},"modified":"2025-06-28T16:52:11","modified_gmt":"2025-06-28T14:52:11","slug":"binder-michael-georgius","status":"publish","type":"product","link":"https:\/\/uj.adatbank.ro\/lexikon\/termek\/binder-michael-georgius\/","title":{"rendered":"BINDER Michael Georgius"},"content":{"rendered":"<p>Segesv\u00e1r, 1811., \u2020 ? : tan\u00e1r, gy\u00f3gyszer\u00e9sz. \u2013 Apja, B. Fridericus Segesv\u00e1ron volt biztos (commisarius). \u2013 Pesten gy\u00f3gyszer\u00e9szhallgat\u00f3 (1834\u201335). Tanul\u00e1nyai befejez\u00e9se ut\u00e1n k\u00e9t gyakorlati vizsg\u00e1t tett, szigorlatozott, letette az esk\u00fct, \u00e9s gy\u00f3gyszer\u00e9sz \u2013 okl.-t kapott (1835. aug. 3.). El\u0151zetesen inaskodott. Tanult Halle-ban teol\u00f3gi\u00e1t (1841). Nyelvtan\u00e1r volt a mv.-i Ref. Koll.-ban (1848), de \u00f6sszet\u0171z\u00f6tt a di\u00e1kokkal \u00e9s elhagyta a koll.-ot. U. i. a di\u00e1kok nem akartak t\u0151bb\u00e9 \u00f3r\u00e1t hallgatni azokt\u00f3l a tan\u00e1rokt\u00f3l, akik nem \u00e1lltak ki a v\u00e1ltoz\u00e1sok mellett. <br \/><strong>Irod.:<\/strong> Id\u0151t\u00e1r 2; Szab\u00f3 Mikl\u00f3s 2005; Szab\u00f3\u2013Sz\u00f6gi; T\u00f3falvi Zolt\u00e1n: 1848 m\u00e1rciusa a Sz\u00e9kelyf\u00f6ld\u00f6n, Mv.-en (N\u00fa., 1998. m\u00e1rc. 12\u201313.)<\/br><\/p>\n","protected":false},"excerpt":{"rendered":"<p>Segesv\u00e1r, 1811., \u2020 ? : tan\u00e1r, gy\u00f3gyszer\u00e9sz. \u2013 Apja, B. Fridericus Segesv\u00e1ron volt biztos (commisarius). \u2013 Pesten gy\u00f3gyszer\u00e9szhallgat\u00f3 (1834\u201335). Tanul\u00e1nyai befejez\u00e9se ut\u00e1n k\u00e9t gyakorlati vizsg\u00e1t tett, szigorlatozott, letette az esk\u00fct, \u00e9s gy\u00f3gyszer\u00e9sz \u2013 okl.-t kapott (1835. aug. 3.). El\u0151zetesen inaskodott. Tanult Halle-ban teol\u00f3gi\u00e1t (1841). Nyelvtan\u00e1r volt a mv.-i Ref. Koll.-ban (1848), de \u00f6sszet\u0171z\u00f6tt a di\u00e1kokkal [&hellip;]<\/p>\n","protected":false},"featured_media":0,"comment_status":"open","ping_status":"closed","template":"","meta":[],"product_brand":[],"product_cat":[137],"product_tag":[],"class_list":{"0":"post-4753","1":"product","2":"type-product","3":"status-publish","5":"product_cat-maros-megyei-eletrajzi-lexikon","7":"first","8":"instock","9":"shipping-taxable","10":"product-type-simple"},"_links":{"self":[{"href":"https:\/\/uj.adatbank.ro\/lexikon\/wp-json\/wp\/v2\/product\/4753","targetHints":{"allow":["GET"]}}],"collection":[{"href":"https:\/\/uj.adatbank.ro\/lexikon\/wp-json\/wp\/v2\/product"}],"about":[{"href":"https:\/\/uj.adatbank.ro\/lexikon\/wp-json\/wp\/v2\/types\/product"}],"replies":[{"embeddable":true,"href":"https:\/\/uj.adatbank.ro\/lexikon\/wp-json\/wp\/v2\/comments?post=4753"}],"wp:attachment":[{"href":"https:\/\/uj.adatbank.ro\/lexikon\/wp-json\/wp\/v2\/media?parent=4753"}],"wp:term":[{"taxonomy":"product_brand","embeddable":true,"href":"https:\/\/uj.adatbank.ro\/lexikon\/wp-json\/wp\/v2\/product_brand?post=4753"},{"taxonomy":"product_cat","embeddable":true,"href":"https:\/\/uj.adatbank.ro\/lexikon\/wp-json\/wp\/v2\/product_cat?post=4753"},{"taxonomy":"product_tag","embeddable":true,"href":"https:\/\/uj.adatbank.ro\/lexikon\/wp-json\/wp\/v2\/product_tag?post=4753"}],"curies":[{"name":"wp","href":"https:\/\/api.w.org\/{rel}","templated":true}]}}

<p>Segesvár, 1811., † ? : tanár, gyógyszerész. – Apja, B. Fridericus Segesváron volt biztos (commisarius). – Pesten gyógyszerészhallgató (1834–35). Tanulányai befejezése után két gyakorlati vizsgát tett, szigorlatozott, letette az esküt, és gyógyszerész – okl.-t kapott (1835. aug. 3.). Előzetesen inaskodott. Tanult Halle-ban teológiát (1841). Nyelvtanár volt a mv.-i Ref. Koll.-ban (1848), de összetűzött a diákokkal és elhagyta a koll.-ot. U. i. a diákok nem akartak tőbbé órát hallgatni azoktól a tanároktól, akik nem álltak ki a változások mellett. <br /><strong>Irod.:</strong> Időtár 2; Szabó Miklós 2005; Szabó–Szögi; Tófalvi Zoltán: 1848 márciusa a Székelyföldön, Mv.-en (Nú., 1998. márc. 12–13.)</br></p>

<p>Segesvár, 1811., † ? : tanár, gyógyszerész. – Apja, B. Fridericus Segesváron volt biztos (commisarius). – Pesten gyógyszerészhallgató (1834–35). Tanulányai befejezése után két gyakorlati vizsgát tett, szigorlatozott, letette az esküt, és gyógyszerész – okl.-t kapott (1835. aug. 3.). Előzetesen inaskodott. Tanult Halle-ban teológiát (1841). Nyelvtanár volt a mv.-i Ref. Koll.-ban (1848), de összetűzött a diákokkal [&hellip;]</p>
