{"id":4760,"date":"2025-06-28T16:52:25","date_gmt":"2025-06-28T14:52:25","guid":{"rendered":"https:\/\/uj.adatbank.ro\/lexikon\/termek\/birau-mircea-%c2%a7\/"},"modified":"2025-06-28T16:52:25","modified_gmt":"2025-06-28T14:52:25","slug":"birau-mircea-%c2%a7","status":"publish","type":"product","link":"https:\/\/uj.adatbank.ro\/lexikon\/termek\/birau-mircea-%c2%a7\/","title":{"rendered":"BIR\u0102U Mircea, \u00a7"},"content":{"rendered":"<p>Aranyosb\u00e1nya, 1934. j\u00fal. 30., \u2020 Mv., 2003. nov. 7.: \u00e9p\u00edt\u00e9szm\u00e9rn\u00f6k, v\u00e1llalati igazgat\u00f3. \u2013 Elemi \u00e9s k\u00f6z\u00e9piskol\u00e1it Tord\u00e1n (1952), az egyetemet a buk.-i Politechnikai Egy. Vas\u00fati -\u00c9p\u00edt\u00e9szet m\u00e9rn\u00f6ki kar\u00e1n v\u00e9gezte (1957). A barss\u00f3i Vas\u00fati \u00c9p\u00edt\u00e9szeti V\u00e1llalat mv. \u2013i kirendelts\u00e9g\u00e9n\u00e9l m\u00e9rn\u00f6k (1957\u201366), a Maros Megyei \u00c9p\u00edt\u00e9szeti Tr\u00f6szt f\u0151m\u00e9rn\u00f6ke, majd igazgat\u00f3ja (1967\u201397). Az Ideiglenes Megyei N\u00e9ptan\u00e1cs VB-tagja (1968. febr. 17. \u2013). A Maros Megyei Tan\u00e1cs aleln\u00f6ke (1973. m\u00e1j. 3. \u201382), a Megyei N\u00e9ptan\u00e1cs VB aleln\u00f6keinek egyike (1975. m\u00e1rc. 24. \u2013). Mv.-i Tan\u00e1cs tan\u00e1csosa (1996\u20132000). Az \u0151 idej\u00e9ben \u00e9p\u00fclt Mv.-en a tr\u00f6szt eg\u00e9szs\u00e9g\u00fcgyi kezel\u0151 k\u00f6zpontja (1981), a Nemzeti Sz\u00ednh\u00e1z, a sportcsarnok, t\u00f6bb lak\u00f3negyed (a K\u00f6vesdombi, Tudor, Egyes\u00fcl\u00e9s), a fedett uszoda, amelynek fal\u00e1n eml\u00e9kt\u00e1bla \u00f6r\u00f6k\u00edti meg eml\u00e9k\u00e9t (2004). <strong>Kit\u00fcntet\u00e9sei:<\/strong> a R. Sz. K. Csillaga (1969), Munka\u00e9rdemrend III. \u00e9s I. fokozata (1974). Post morten Mv. d\u00edszpolg\u00e1ra (2004). <br \/><strong>Irod.:<\/strong> Id\u0151t\u00e1r 4.; MMK<\/br><\/p>\n","protected":false},"excerpt":{"rendered":"<p>Aranyosb\u00e1nya, 1934. j\u00fal. 30., \u2020 Mv., 2003. nov. 7.: \u00e9p\u00edt\u00e9szm\u00e9rn\u00f6k, v\u00e1llalati igazgat\u00f3. \u2013 Elemi \u00e9s k\u00f6z\u00e9piskol\u00e1it Tord\u00e1n (1952), az egyetemet a buk.-i Politechnikai Egy. Vas\u00fati -\u00c9p\u00edt\u00e9szet m\u00e9rn\u00f6ki kar\u00e1n v\u00e9gezte (1957). A barss\u00f3i Vas\u00fati \u00c9p\u00edt\u00e9szeti V\u00e1llalat mv. \u2013i kirendelts\u00e9g\u00e9n\u00e9l m\u00e9rn\u00f6k (1957\u201366), a Maros Megyei \u00c9p\u00edt\u00e9szeti Tr\u00f6szt f\u0151m\u00e9rn\u00f6ke, majd igazgat\u00f3ja (1967\u201397). Az Ideiglenes Megyei N\u00e9ptan\u00e1cs VB-tagja (1968. [&hellip;]<\/p>\n","protected":false},"featured_media":0,"comment_status":"open","ping_status":"closed","template":"","meta":[],"product_brand":[],"product_cat":[137],"product_tag":[],"class_list":{"0":"post-4760","1":"product","2":"type-product","3":"status-publish","5":"product_cat-maros-megyei-eletrajzi-lexikon","7":"first","8":"instock","9":"shipping-taxable","10":"product-type-simple"},"_links":{"self":[{"href":"https:\/\/uj.adatbank.ro\/lexikon\/wp-json\/wp\/v2\/product\/4760","targetHints":{"allow":["GET"]}}],"collection":[{"href":"https:\/\/uj.adatbank.ro\/lexikon\/wp-json\/wp\/v2\/product"}],"about":[{"href":"https:\/\/uj.adatbank.ro\/lexikon\/wp-json\/wp\/v2\/types\/product"}],"replies":[{"embeddable":true,"href":"https:\/\/uj.adatbank.ro\/lexikon\/wp-json\/wp\/v2\/comments?post=4760"}],"wp:attachment":[{"href":"https:\/\/uj.adatbank.ro\/lexikon\/wp-json\/wp\/v2\/media?parent=4760"}],"wp:term":[{"taxonomy":"product_brand","embeddable":true,"href":"https:\/\/uj.adatbank.ro\/lexikon\/wp-json\/wp\/v2\/product_brand?post=4760"},{"taxonomy":"product_cat","embeddable":true,"href":"https:\/\/uj.adatbank.ro\/lexikon\/wp-json\/wp\/v2\/product_cat?post=4760"},{"taxonomy":"product_tag","embeddable":true,"href":"https:\/\/uj.adatbank.ro\/lexikon\/wp-json\/wp\/v2\/product_tag?post=4760"}],"curies":[{"name":"wp","href":"https:\/\/api.w.org\/{rel}","templated":true}]}}