{"id":4762,"date":"2025-06-28T16:52:30","date_gmt":"2025-06-28T14:52:30","guid":{"rendered":"https:\/\/uj.adatbank.ro\/lexikon\/termek\/birek-laszlo-%c2%a7\/"},"modified":"2025-06-28T16:52:30","modified_gmt":"2025-06-28T14:52:30","slug":"birek-laszlo-%c2%a7","status":"publish","type":"product","link":"https:\/\/uj.adatbank.ro\/lexikon\/termek\/birek-laszlo-%c2%a7\/","title":{"rendered":"BIREK L\u00e1szl\u00f3, \u00a7"},"content":{"rendered":"<p>Bel\u00e9nyes, 1918. febr. 25., \u2020 Toronto, 1994. jan. 1.: orvos, egyetemi tan\u00e1r, zenekritikus \u2013 Sz\u00fcleit, mivel zsid\u00f3k voltak, Gyant\u00e1ra deport\u00e1lt\u00e1k. Apja \u00fatk\u00f6zben meghalt, anyja nemsok\u00e1ra k\u00f6vette. Feles\u00e9ge: Bihari Anna heged\u0171m\u0171v\u00e9szn\u0151, az \u00c1llami Filharm\u00f3nia alap\u00edt\u00f3 \u00f6nk\u00e9ntes tagja (1950). \u2013 \u00d6ner\u0151b\u0151l tanult. Orvosi tanulm\u00e1nyait Kv.-on v\u00e9gezte (1942). A Mv-i \u00c1llami Filharm\u00f3nia igazgat\u00f3ja (1950\u2013) \u00e9s \u00f6nk\u00e9ntes br\u00e1cs\u00e1sa. A mv.-i OGYI balneol\u00f3giai tansz\u00e9k\u00e9nek vezet\u0151je (1953\u201381), a Koreai NDK-ban \u00f6nk\u00e9ntes frontorvos (1957-ig). A mv-i Balneol\u00f3giai Klinika f\u0151n\u00f6ke, egyetemi el\u0151ad\u00f3tan\u00e1r, az orvostudom\u00e1nyok doktora (1966). A Nemzetk\u00f6zi Orvosi Rehabilit\u00e1ci\u00f3s T\u00e1rsas\u00e1g tan\u00e1csosa. Szak\u00edr\u00e1sai, f\u0151leg az Orvosi Szeml\u00e9ben, a fizioter\u00e1pia k\u00e9rd\u00e9seivel foglalkoztak. Tagja volt a mv.-i Filharm\u00f3nia von\u00f3sn\u00e9gyes\u00e9nek (1959). A mv.-i Filharm\u00f3nia igazgat\u00f3ja is volt (?). Zenepublicisztikai ir\u00e1sai jelentek meg a Tett, \u00daj \u00c9let, Utunk, V. Z.-ban. Kanad\u00e1ba emigr\u00e1lt. \u2013 <strong>F. m.:<\/strong> <strong>t\u00e1rssz.:<\/strong> Belgy\u00f3gy\u00e1szati el\u0151ad\u00e1sok (Mv., 1951); Belgy\u00f3gy\u00e1szati jegyzetek (Mv., 1951); Belgy\u00f3gy\u00e1szat (Mv., 1951- 59); Az anaemi\u00e1k (Buk., 1953); Szov\u00e1ta (Deleanu, I.-vel; Buk., 1972); Sovata (Deleanu, I.-vel; Buc., 1972); Elemente balneofizioterapie \u015fi recuperare func\u0163ionale (R\u00e1kosfalvy Z.-nal; Tg. M., 1978); A balneo-fizi\u00f3ter\u00e1pia \u00e9s az orvosi rehabilit\u00e1ci\u00f3 elemei (R\u00e1kosfalvy Z.-nal; Mv., 1979); Balneofizioter\u00e1pia \u00e9s orvosi rehabilit\u00e1ci\u00f3s jegyzet orvostanhallgat\u00f3k r\u00e9sz\u00e9re (Mv., 1986). \u2013<strong>ford.:<\/strong> Eskenasy, Alexandru. Az anaemi\u00e1k (D\u00f3czy P\u00e1llal; Buk., 1953). <br \/><strong>Irod.:<\/strong> Barab\u00e1s-P\u00e9ter M.-P\u00e9ter H. M.; Dezs\u0151 Istv\u00e1n; Filarmonica 50; Genersich; Internet-Palatul Culturii Tg. Mures-Kult\u00farpalota; Kiss Cs. M 3; [R\u00e9szv\u00e9tnyilv\u00e1n\u00edt\u00e1s] (N\u00fa., 1994. jan. 29); RMIL; Szigethy\u2013\u00dajv\u00e1ri; Todea\u2013F\u00fcl\u00f6p\u2013Avram<\/br><\/p>\n","protected":false},"excerpt":{"rendered":"<p>Bel\u00e9nyes, 1918. febr. 25., \u2020 Toronto, 1994. jan. 1.: orvos, egyetemi tan\u00e1r, zenekritikus \u2013 Sz\u00fcleit, mivel zsid\u00f3k voltak, Gyant\u00e1ra deport\u00e1lt\u00e1k. Apja \u00fatk\u00f6zben meghalt, anyja nemsok\u00e1ra k\u00f6vette. Feles\u00e9ge: Bihari Anna heged\u0171m\u0171v\u00e9szn\u0151, az \u00c1llami Filharm\u00f3nia alap\u00edt\u00f3 \u00f6nk\u00e9ntes tagja (1950). \u2013 \u00d6ner\u0151b\u0151l tanult. Orvosi tanulm\u00e1nyait Kv.-on v\u00e9gezte (1942). A Mv-i \u00c1llami Filharm\u00f3nia igazgat\u00f3ja (1950\u2013) \u00e9s \u00f6nk\u00e9ntes br\u00e1cs\u00e1sa. A [&hellip;]<\/p>\n","protected":false},"featured_media":0,"comment_status":"open","ping_status":"closed","template":"","meta":[],"product_brand":[],"product_cat":[137],"product_tag":[],"class_list":{"0":"post-4762","1":"product","2":"type-product","3":"status-publish","5":"product_cat-maros-megyei-eletrajzi-lexikon","7":"first","8":"instock","9":"shipping-taxable","10":"product-type-simple"},"_links":{"self":[{"href":"https:\/\/uj.adatbank.ro\/lexikon\/wp-json\/wp\/v2\/product\/4762","targetHints":{"allow":["GET"]}}],"collection":[{"href":"https:\/\/uj.adatbank.ro\/lexikon\/wp-json\/wp\/v2\/product"}],"about":[{"href":"https:\/\/uj.adatbank.ro\/lexikon\/wp-json\/wp\/v2\/types\/product"}],"replies":[{"embeddable":true,"href":"https:\/\/uj.adatbank.ro\/lexikon\/wp-json\/wp\/v2\/comments?post=4762"}],"wp:attachment":[{"href":"https:\/\/uj.adatbank.ro\/lexikon\/wp-json\/wp\/v2\/media?parent=4762"}],"wp:term":[{"taxonomy":"product_brand","embeddable":true,"href":"https:\/\/uj.adatbank.ro\/lexikon\/wp-json\/wp\/v2\/product_brand?post=4762"},{"taxonomy":"product_cat","embeddable":true,"href":"https:\/\/uj.adatbank.ro\/lexikon\/wp-json\/wp\/v2\/product_cat?post=4762"},{"taxonomy":"product_tag","embeddable":true,"href":"https:\/\/uj.adatbank.ro\/lexikon\/wp-json\/wp\/v2\/product_tag?post=4762"}],"curies":[{"name":"wp","href":"https:\/\/api.w.org\/{rel}","templated":true}]}}

BIREK László, §

<p>Belényes, 1918. febr. 25., † Toronto, 1994. jan. 1.: orvos, egyetemi tanár, zenekritikus – Szüleit, mivel zsidók voltak, Gyantára deportálták. Apja útközben meghalt, anyja nemsokára követte. Felesége: Bihari Anna hegedűművésznő, az Állami Filharmónia alapító önkéntes tagja (1950). – Önerőből tanult. Orvosi tanulmányait Kv.-on végezte (1942). A Mv-i Állami Filharmónia igazgatója (1950–) és önkéntes brácsása. A mv.-i OGYI balneológiai tanszékének vezetője (1953–81), a Koreai NDK-ban önkéntes frontorvos (1957-ig). A mv-i Balneológiai Klinika főnöke, egyetemi előadótanár, az orvostudományok doktora (1966). A Nemzetközi Orvosi Rehabilitációs Társaság tanácsosa. Szakírásai, főleg az Orvosi Szemlében, a fizioterápia kérdéseivel foglalkoztak. Tagja volt a mv.-i Filharmónia vonósnégyesének (1959). A mv.-i Filharmónia igazgatója is volt (?). Zenepublicisztikai irásai jelentek meg a Tett, Új Élet, Utunk, V. Z.-ban. Kanadába emigrált. – <strong>F. m.:</strong> <strong>társsz.:</strong> Belgyógyászati előadások (Mv., 1951); Belgyógyászati jegyzetek (Mv., 1951); Belgyógyászat (Mv., 1951- 59); Az anaemiák (Buk., 1953); Szováta (Deleanu, I.-vel; Buk., 1972); Sovata (Deleanu, I.-vel; Buc., 1972); Elemente balneofizioterapie şi recuperare funcţionale (Rákosfalvy Z.-nal; Tg. M., 1978); A balneo-fizióterápia és az orvosi rehabilitáció elemei (Rákosfalvy Z.-nal; Mv., 1979); Balneofizioterápia és orvosi rehabilitációs jegyzet orvostanhallgatók részére (Mv., 1986). –<strong>ford.:</strong> Eskenasy, Alexandru. Az anaemiák (Dóczy Pállal; Buk., 1953). <br /><strong>Irod.:</strong> Barabás-Péter M.-Péter H. M.; Dezső István; Filarmonica 50; Genersich; Internet-Palatul Culturii Tg. Mures-Kultúrpalota; Kiss Cs. M 3; [Részvétnyilvánítás] (Nú., 1994. jan. 29); RMIL; Szigethy–Újvári; Todea–Fülöp–Avram</br></p>

<p>Belényes, 1918. febr. 25., † Toronto, 1994. jan. 1.: orvos, egyetemi tanár, zenekritikus – Szüleit, mivel zsidók voltak, Gyantára deportálták. Apja útközben meghalt, anyja nemsokára követte. Felesége: Bihari Anna hegedűművésznő, az Állami Filharmónia alapító önkéntes tagja (1950). – Önerőből tanult. Orvosi tanulmányait Kv.-on végezte (1942). A Mv-i Állami Filharmónia igazgatója (1950–) és önkéntes brácsása. A [&hellip;]</p>
