{"id":4764,"date":"2025-06-28T16:52:32","date_gmt":"2025-06-28T14:52:32","guid":{"rendered":"https:\/\/uj.adatbank.ro\/lexikon\/termek\/biro-andras-%c2%a7-kusmodi-biro-andreas\/"},"modified":"2025-06-28T16:52:32","modified_gmt":"2025-06-28T14:52:32","slug":"biro-andras-%c2%a7-kusmodi-biro-andreas","status":"publish","type":"product","link":"https:\/\/uj.adatbank.ro\/lexikon\/termek\/biro-andras-%c2%a7-kusmodi-biro-andreas\/","title":{"rendered":"BIR\u00d3 Andr\u00e1s, \u00a7 k\u00fcsm\u00f6di, B\u00edr\u00f3 Andreas"},"content":{"rendered":"<p>Rugonfalva, 1867. v. 1869. j\u00fan. 27., \u2020 Mv., 1936. jan. 13.: ref. lelk\u00e9sz. \u2013 Apja birtokos. Feles\u00e9ge: 1. mez\u0151paniti Bod\u00f3 Gizella. gyermekeik: Erzs\u00e9bet dr. Davila Leonn\u00e9; Anna Medvei Lajosn\u00e9; S\u00e1ndor; M\u00e1rta Vet\u00e9si Ferencn\u00e9; Juli\u00e1nna Sz\u0151ke J\u00f3zsefn\u00e9. \u2013 Kor\u00e1n \u00e1rvas\u00e1gra jutott a k\u00f6z\u00e9piskol\u00e1t Sz\u00e9kelyudvarhelyen (1887. j\u00fan. 25.), a teol\u00f3gi\u00e1t Nagyenyeden v\u00e9gezte (1892), Kv.-on is tanult, majd Marburgban az Egy. Hittud. Kar\u00e1n volt hallgat\u00f3 (1892. okt. 24. \u201393. j\u00fal. 4.). A nagyenyedi koll. tan\u00edt\u00f3k\u00e9pz\u0151j\u00e9ben tan\u00edtott (1893\u201394). Peteken (Harg.) lelk\u00e9szkedett (1893\u201399), majd Mez\u0151b\u00e1ndon volt pap (1899\u20131901). A Kolozs-Kalotai Egyh\u00e1zmegye jegyz\u0151je \u00e9s Bog\u00e1rtelke papja. Onnan j\u00f6tt Mv.-re a Kistemplomba, ahol hal\u00e1l\u00e1ig 35 \u00e9ven kereszt\u00fcl szolg\u00e1lta az egyh\u00e1zk\u00f6z\u00f6ss\u00e9get neh\u00e9z viszonyok k\u00f6z\u00f6tt (1901\u201336). Az \u0151 idej\u00e9ben restaur\u00e1lt\u00e1k a templomot (1929). Gyakornok tan\u00e1r a mv.-i Ref. Koll.-ban (1902-03), az el\u00f6lj\u00e1r\u00f3s\u00e1g tagja (1905\u201310), gondnoka, az iskolasz\u00e9k eln\u00f6ke; a fels\u0151bb le\u00e1nyiskola egyik hitoktat\u00f3ja (1910\u201316). A Mv.-i Kaszin\u00f3 v\u00e1lasztm\u00e1nyi tagja (1919), a helybeli MP aleln\u00f6ke, int\u00e9z\u0151 bizotts\u00e1gi tag (1927), a ref. egyh\u00e1zi dalk\u00f6r eln\u00f6ke \u00e9s szign\u00e1lta a Dalk\u00f6r alapszab\u00e1lyzat\u00e1t (1907. m\u00e1rc. 27.), amely enged\u00e9lyezte, a n\u0151k k\u00f3rus- tags\u00e1g\u00e1t, ami azel\u0151tt tiltva volt. A kv.-i hadb\u00edr\u00f3s\u00e1g t\u00e1rgyalta \u00fcgy\u00e9t, u. i. t\u00f6bbedmag\u00e1val letart\u00f3ztatt\u00e1k \u00e9s Kv.-ra sz\u00e1ll\u00edtott\u00e1k \u00e9s pert ind\u00edtottak ellene (1919\u201322). Adorj\u00e1n G\u00e1bor k\u00f6vette \u0151t a kistemplomban. Egyh\u00e1zi lapokban cikkeket \u00edrt. <br \/><strong>Irod.:<\/strong> Adatok n\u00e9hai B. A. \u00e9let\u00e9b\u0151l (\u00daj Kezdet, 7. sz., 2010.); \u00c1goston Albert: Alkot\u00e1sainkra, \u00e9rt\u00e9keinkre eml\u00e9kezve (N\u00fa., 1993. dec. 14.); Barab\u00e1s: Iskola a magasban; Bi\u00e1s Istv\u00e1n; Farcz\u00e1dy; F\u00fcl\u00f6p G. D\u00e9nes: Asztali besz\u00e9lget\u00e9sek \u2013 n\u00e9hai Mester Istv\u00e1n v\u00e1rtemplomi lelkip\u00e1sztorral (\u00daj Kezdet, 5. sz., 2001. m\u00e1j.); Gy\u00e1szjelent\u0151; Id\u0151t\u00e1r 2; Id\u0151t\u00e1r 3; Ki kicsoda ?; Recueil des griefs de la minorit\u00e9 hongroise de Roumanie (Bp., 1922); Mv. \u00e9s a h\u00e1bor\u00fa 1\u20132.; Mv. t\u00f6rt. 2.; Szab\u00f3\u2013Simon\u2013Sz\u00f6gi; Szentgy\u00f6rgyi; V\u00e1s\u00e1rhelyi J\u00e1nos: Erd\u00e9lyi eml\u00e9kk\u00f6nyv (Kv., 1943)<\/br><\/p>\n","protected":false},"excerpt":{"rendered":"<p>Rugonfalva, 1867. v. 1869. j\u00fan. 27., \u2020 Mv., 1936. jan. 13.: ref. lelk\u00e9sz. \u2013 Apja birtokos. Feles\u00e9ge: 1. mez\u0151paniti Bod\u00f3 Gizella. gyermekeik: Erzs\u00e9bet dr. Davila Leonn\u00e9; Anna Medvei Lajosn\u00e9; S\u00e1ndor; M\u00e1rta Vet\u00e9si Ferencn\u00e9; Juli\u00e1nna Sz\u0151ke J\u00f3zsefn\u00e9. \u2013 Kor\u00e1n \u00e1rvas\u00e1gra jutott a k\u00f6z\u00e9piskol\u00e1t Sz\u00e9kelyudvarhelyen (1887. j\u00fan. 25.), a teol\u00f3gi\u00e1t Nagyenyeden v\u00e9gezte (1892), Kv.-on is tanult, majd [&hellip;]<\/p>\n","protected":false},"featured_media":0,"comment_status":"open","ping_status":"closed","template":"","meta":[],"product_brand":[],"product_cat":[137],"product_tag":[],"class_list":{"0":"post-4764","1":"product","2":"type-product","3":"status-publish","5":"product_cat-maros-megyei-eletrajzi-lexikon","7":"first","8":"instock","9":"shipping-taxable","10":"product-type-simple"},"_links":{"self":[{"href":"https:\/\/uj.adatbank.ro\/lexikon\/wp-json\/wp\/v2\/product\/4764","targetHints":{"allow":["GET"]}}],"collection":[{"href":"https:\/\/uj.adatbank.ro\/lexikon\/wp-json\/wp\/v2\/product"}],"about":[{"href":"https:\/\/uj.adatbank.ro\/lexikon\/wp-json\/wp\/v2\/types\/product"}],"replies":[{"embeddable":true,"href":"https:\/\/uj.adatbank.ro\/lexikon\/wp-json\/wp\/v2\/comments?post=4764"}],"wp:attachment":[{"href":"https:\/\/uj.adatbank.ro\/lexikon\/wp-json\/wp\/v2\/media?parent=4764"}],"wp:term":[{"taxonomy":"product_brand","embeddable":true,"href":"https:\/\/uj.adatbank.ro\/lexikon\/wp-json\/wp\/v2\/product_brand?post=4764"},{"taxonomy":"product_cat","embeddable":true,"href":"https:\/\/uj.adatbank.ro\/lexikon\/wp-json\/wp\/v2\/product_cat?post=4764"},{"taxonomy":"product_tag","embeddable":true,"href":"https:\/\/uj.adatbank.ro\/lexikon\/wp-json\/wp\/v2\/product_tag?post=4764"}],"curies":[{"name":"wp","href":"https:\/\/api.w.org\/{rel}","templated":true}]}}

BIRÓ András, § küsmödi, Bíró Andreas

<p>Rugonfalva, 1867. v. 1869. jún. 27., † Mv., 1936. jan. 13.: ref. lelkész. – Apja birtokos. Felesége: 1. mezőpaniti Bodó Gizella. gyermekeik: Erzsébet dr. Davila Leonné; Anna Medvei Lajosné; Sándor; Márta Vetési Ferencné; Juliánna Szőke Józsefné. – Korán árvaságra jutott a középiskolát Székelyudvarhelyen (1887. jún. 25.), a teológiát Nagyenyeden végezte (1892), Kv.-on is tanult, majd Marburgban az Egy. Hittud. Karán volt hallgató (1892. okt. 24. –93. júl. 4.). A nagyenyedi koll. tanítóképzőjében tanított (1893–94). Peteken (Harg.) lelkészkedett (1893–99), majd Mezőbándon volt pap (1899–1901). A Kolozs-Kalotai Egyházmegye jegyzője és Bogártelke papja. Onnan jött Mv.-re a Kistemplomba, ahol haláláig 35 éven keresztül szolgálta az egyházközösséget nehéz viszonyok között (1901–36). Az ő idejében restaurálták a templomot (1929). Gyakornok tanár a mv.-i Ref. Koll.-ban (1902-03), az elöljáróság tagja (1905–10), gondnoka, az iskolaszék elnöke; a felsőbb leányiskola egyik hitoktatója (1910–16). A Mv.-i Kaszinó választmányi tagja (1919), a helybeli MP alelnöke, intéző bizottsági tag (1927), a ref. egyházi dalkör elnöke és szignálta a Dalkör alapszabályzatát (1907. márc. 27.), amely engedélyezte, a nők kórus- tagságát, ami azelőtt tiltva volt. A kv.-i hadbíróság tárgyalta ügyét, u. i. többedmagával letartóztatták és Kv.-ra szállították és pert indítottak ellene (1919–22). Adorján Gábor követte őt a kistemplomban. Egyházi lapokban cikkeket írt. <br /><strong>Irod.:</strong> Adatok néhai B. A. életéből (Új Kezdet, 7. sz., 2010.); Ágoston Albert: Alkotásainkra, értékeinkre emlékezve (Nú., 1993. dec. 14.); Barabás: Iskola a magasban; Biás István; Farczády; Fülöp G. Dénes: Asztali beszélgetések – néhai Mester István vártemplomi lelkipásztorral (Új Kezdet, 5. sz., 2001. máj.); Gyászjelentő; Időtár 2; Időtár 3; Ki kicsoda ?; Recueil des griefs de la minorité hongroise de Roumanie (Bp., 1922); Mv. és a háború 1–2.; Mv. tört. 2.; Szabó–Simon–Szögi; Szentgyörgyi; Vásárhelyi János: Erdélyi emlékkönyv (Kv., 1943)</br></p>

<p>Rugonfalva, 1867. v. 1869. jún. 27., † Mv., 1936. jan. 13.: ref. lelkész. – Apja birtokos. Felesége: 1. mezőpaniti Bodó Gizella. gyermekeik: Erzsébet dr. Davila Leonné; Anna Medvei Lajosné; Sándor; Márta Vetési Ferencné; Juliánna Szőke Józsefné. – Korán árvaságra jutott a középiskolát Székelyudvarhelyen (1887. jún. 25.), a teológiát Nagyenyeden végezte (1892), Kv.-on is tanult, majd [&hellip;]</p>
