{"id":4766,"date":"2025-06-28T16:52:35","date_gmt":"2025-06-28T14:52:35","guid":{"rendered":"https:\/\/uj.adatbank.ro\/lexikon\/termek\/biro-donat-%c2%a7\/"},"modified":"2025-06-28T16:52:35","modified_gmt":"2025-06-28T14:52:35","slug":"biro-donat-%c2%a7","status":"publish","type":"product","link":"https:\/\/uj.adatbank.ro\/lexikon\/termek\/biro-donat-%c2%a7\/","title":{"rendered":"B\u00cdR\u00d3 Don\u00e1t, \u00a7"},"content":{"rendered":"<p>Cs\u00edkmadaras, 1930. m\u00e1j. 9. \u2020 Sz\u00e1szr\u00e9gen, 2010. m\u00e1j. 25.: tan\u00e1r, helyt\u00f6rt\u00e9n\u00e9sz. \u2013 Elemit a sz\u00fcl\u0151faluj\u00e1ban, m\u00edg k\u00f6z\u00e9piskol\u00e1t Cs\u00edkszered\u00e1ban a Seg\u00edt\u0151 M\u00e1ria f\u0151gimn.-ban v\u00e9gzett. A kv.-i BTE t\u00f6rt\u00e9nelem szak\u00e1n szerzett diplom\u00e1t (1954). Sz\u00e1szr\u00e9genben a M. Tannyelv\u0171 Pedag\u00f3giai Iskola (1848), a 2. sz. L\u00edc.-ban (1954\u201359), majd az 5. sz. \u00c1ltal\u00e1nos Iskol\u00e1ban \u00e9s a Petru Maior L\u00edc.-ban tan\u00edtott (1959\u201390), ahol nyugd\u00edjaz\u00e1sa ut\u00e1n is tov\u00e1bb tan\u00edtott (1990\u201398). Tan\u00e1ri p\u00e1ly\u00e1ja kezdet\u00e9t\u0151l gy\u0171jt\u00f6tte a helyt\u00f6rt\u00e9neti adatokat. T\u00f6bb Sz\u00e1szr\u00e9gen v\u00e1rost\u00f6rt\u00e9neti \u00e9s k\u00f6rny\u00e9k\u00e9r\u0151l sz\u00f3l\u00f3 monogr\u00e1fia, tanulm\u00e1ny, cikk szerz\u0151je. A Sz\u00e1szr\u00e9gen \u00e9s Vid\u00e9ke lap szerkeszt\u0151je (10 \u00e9ven \u00e1t), majd munkat\u00e1rsa. K\u00f6z\u00f6lt m\u00e9g a M\u0171vel\u0151d\u00e9s, N\u00fa., Reghinul cultural, Hargita N\u00e9pe, Magazinul istoric, Honismeret, Erd\u00e9lyi T\u00fck\u00f6r has\u00e1bjain. Az EMKE, az EME \u00e9s a z\u00fcrichi Ungarische Historischer Verein tagja. D\u00edjat kapott a Kriza J\u00e1nos N\u00e9prajzi T\u00e1rsas\u00e1gt\u00f3l, a bp.-i N\u00e9prajzi M\u00fazeumt\u00f3l (1992 \u00e9s 1997); Ez\u00fcst Gyop\u00e1r D\u00edjjal jutalmazta a Rom\u00e1niai M. Pedag\u00f3gusok Sz\u00f6vet\u00e9ge (2005). Sz\u00e1szr\u00e9gen v\u00e1ros \u00f6nkorm\u00e1nyzata d\u00edszpolg\u00e1ri oklev\u00e9llel t\u00fcntette ki (2005). \u2013 <strong>F. m.:<\/strong> Adal\u00e9kok R\u00e9gen monogr\u00e1fi\u00e1j\u00e1hoz (Mv., 1993; b\u0151v\u00edtett kiad., Mv., 2009); A r\u00e9geni magyars\u00e1g m\u0171vel\u0151d\u00e9st\u00f6rt\u00e9nete (Nagyk\u0151r\u00f6s, 1996); 1848\u20131849 R\u00e9genben \u00e9s vid\u00e9nk\u00e9n = Maros megyei m. 2.; Sz\u00e1szr\u00e9geni k\u00e9zm\u0171ves mesters\u00e9gek (Mv., 2000); Sz\u00e1szr\u00e9gen \u00e9s vid\u00e9ke (Mv., 2006); <strong>t\u00e1rssz.:<\/strong> N\u00e9pismereti dolgozatok (Buc., 1994.); Maros megyei magyars\u00e1g t\u00f6rt\u00e9net\u00e9b\u0151l (Mv., 2001.); Maros megye (Cs\u00edkszereda, 1999). <br \/><strong>Irod.:<\/strong> B. D.: Adal\u00e9kok R\u00e9gen monogr\u00e1fi\u00e1j\u00e1hoz ( 2. kiad., Mv., 2009); EMKK2010; Nagy Andr\u00e1s: B. D. eml\u00e9kre (N\u00fa., 2010. m\u00e1j. 27.); F\u00e1bi\u00e1n Andr\u00e1s: Elb\u00facs\u00faztak B. D.-t\u00f3l, Sz\u00e1szr\u00e9gen Ez\u00fcst Gyop\u00e1r-d\u00edjas helyt\u00f6rt\u00e9n\u00e9szt\u0151l (V\u00e1s\u00e1rhelyi H\u00edrlap, 2010. m\u00e1j. 29.); Profiluri reghinene; RMKK; Szab\u00f3 K. Attila; Todea 2013<\/br><\/p>\n","protected":false},"excerpt":{"rendered":"<p>Cs\u00edkmadaras, 1930. m\u00e1j. 9. \u2020 Sz\u00e1szr\u00e9gen, 2010. m\u00e1j. 25.: tan\u00e1r, helyt\u00f6rt\u00e9n\u00e9sz. \u2013 Elemit a sz\u00fcl\u0151faluj\u00e1ban, m\u00edg k\u00f6z\u00e9piskol\u00e1t Cs\u00edkszered\u00e1ban a Seg\u00edt\u0151 M\u00e1ria f\u0151gimn.-ban v\u00e9gzett. A kv.-i BTE t\u00f6rt\u00e9nelem szak\u00e1n szerzett diplom\u00e1t (1954). Sz\u00e1szr\u00e9genben a M. Tannyelv\u0171 Pedag\u00f3giai Iskola (1848), a 2. sz. L\u00edc.-ban (1954\u201359), majd az 5. sz. \u00c1ltal\u00e1nos Iskol\u00e1ban \u00e9s a Petru Maior L\u00edc.-ban tan\u00edtott [&hellip;]<\/p>\n","protected":false},"featured_media":0,"comment_status":"open","ping_status":"closed","template":"","meta":[],"product_brand":[],"product_cat":[137],"product_tag":[],"class_list":{"0":"post-4766","1":"product","2":"type-product","3":"status-publish","5":"product_cat-maros-megyei-eletrajzi-lexikon","7":"first","8":"instock","9":"shipping-taxable","10":"product-type-simple"},"_links":{"self":[{"href":"https:\/\/uj.adatbank.ro\/lexikon\/wp-json\/wp\/v2\/product\/4766","targetHints":{"allow":["GET"]}}],"collection":[{"href":"https:\/\/uj.adatbank.ro\/lexikon\/wp-json\/wp\/v2\/product"}],"about":[{"href":"https:\/\/uj.adatbank.ro\/lexikon\/wp-json\/wp\/v2\/types\/product"}],"replies":[{"embeddable":true,"href":"https:\/\/uj.adatbank.ro\/lexikon\/wp-json\/wp\/v2\/comments?post=4766"}],"wp:attachment":[{"href":"https:\/\/uj.adatbank.ro\/lexikon\/wp-json\/wp\/v2\/media?parent=4766"}],"wp:term":[{"taxonomy":"product_brand","embeddable":true,"href":"https:\/\/uj.adatbank.ro\/lexikon\/wp-json\/wp\/v2\/product_brand?post=4766"},{"taxonomy":"product_cat","embeddable":true,"href":"https:\/\/uj.adatbank.ro\/lexikon\/wp-json\/wp\/v2\/product_cat?post=4766"},{"taxonomy":"product_tag","embeddable":true,"href":"https:\/\/uj.adatbank.ro\/lexikon\/wp-json\/wp\/v2\/product_tag?post=4766"}],"curies":[{"name":"wp","href":"https:\/\/api.w.org\/{rel}","templated":true}]}}

BÍRÓ Donát, §

<p>Csíkmadaras, 1930. máj. 9. † Szászrégen, 2010. máj. 25.: tanár, helytörténész. – Elemit a szülőfalujában, míg középiskolát Csíkszeredában a Segítő Mária főgimn.-ban végzett. A kv.-i BTE történelem szakán szerzett diplomát (1954). Szászrégenben a M. Tannyelvű Pedagógiai Iskola (1848), a 2. sz. Líc.-ban (1954–59), majd az 5. sz. Általános Iskolában és a Petru Maior Líc.-ban tanított (1959–90), ahol nyugdíjazása után is tovább tanított (1990–98). Tanári pályája kezdetétől gyűjtötte a helytörténeti adatokat. Több Szászrégen várostörténeti és környékéről szóló monográfia, tanulmány, cikk szerzője. A Szászrégen és Vidéke lap szerkesztője (10 éven át), majd munkatársa. Közölt még a Művelődés, Nú., Reghinul cultural, Hargita Népe, Magazinul istoric, Honismeret, Erdélyi Tükör hasábjain. Az EMKE, az EME és a zürichi Ungarische Historischer Verein tagja. Díjat kapott a Kriza János Néprajzi Társaságtól, a bp.-i Néprajzi Múzeumtól (1992 és 1997); Ezüst Gyopár Díjjal jutalmazta a Romániai M. Pedagógusok Szövetége (2005). Szászrégen város önkormányzata díszpolgári oklevéllel tüntette ki (2005). – <strong>F. m.:</strong> Adalékok Régen monográfiájához (Mv., 1993; bővített kiad., Mv., 2009); A régeni magyarság művelődéstörténete (Nagykőrös, 1996); 1848–1849 Régenben és vidénkén = Maros megyei m. 2.; Szászrégeni kézműves mesterségek (Mv., 2000); Szászrégen és vidéke (Mv., 2006); <strong>társsz.:</strong> Népismereti dolgozatok (Buc., 1994.); Maros megyei magyarság történetéből (Mv., 2001.); Maros megye (Csíkszereda, 1999). <br /><strong>Irod.:</strong> B. D.: Adalékok Régen monográfiájához ( 2. kiad., Mv., 2009); EMKK2010; Nagy András: B. D. emlékre (Nú., 2010. máj. 27.); Fábián András: Elbúcsúztak B. D.-tól, Szászrégen Ezüst Gyopár-díjas helytörténésztől (Vásárhelyi Hírlap, 2010. máj. 29.); Profiluri reghinene; RMKK; Szabó K. Attila; Todea 2013</br></p>

<p>Csíkmadaras, 1930. máj. 9. † Szászrégen, 2010. máj. 25.: tanár, helytörténész. – Elemit a szülőfalujában, míg középiskolát Csíkszeredában a Segítő Mária főgimn.-ban végzett. A kv.-i BTE történelem szakán szerzett diplomát (1954). Szászrégenben a M. Tannyelvű Pedagógiai Iskola (1848), a 2. sz. Líc.-ban (1954–59), majd az 5. sz. Általános Iskolában és a Petru Maior Líc.-ban tanított [&hellip;]</p>
