{"id":4769,"date":"2025-06-28T16:52:44","date_gmt":"2025-06-28T14:52:44","guid":{"rendered":"https:\/\/uj.adatbank.ro\/lexikon\/termek\/biro-endre\/"},"modified":"2025-06-28T16:52:44","modified_gmt":"2025-06-28T14:52:44","slug":"biro-endre","status":"publish","type":"product","link":"https:\/\/uj.adatbank.ro\/lexikon\/termek\/biro-endre\/","title":{"rendered":"BIR\u00d3 Endre"},"content":{"rendered":"<p>1898., \u2020\u00a0Mv., 1918. nov. 27.: z\u00e1szl\u00f3s. \u2013 B. Andr\u00e1s \u00e9s Bod\u00f3 Gizella fia. Az 5\/38. honv. t\u00e1bori \u00e1gyus ezred tartal\u00e9kos z\u00e1szl\u00f3sa, a harct\u00e9ren szerzett betegs\u00e9g\u00e9ben halt meg. <br \/><strong>Irod.:<\/strong> Gy\u00e1szjelent\u0151<\/br><\/p>\n","protected":false},"excerpt":{"rendered":"<p>1898., \u2020\u00a0Mv., 1918. nov. 27.: z\u00e1szl\u00f3s. \u2013 B. Andr\u00e1s \u00e9s Bod\u00f3 Gizella fia. Az 5\/38. honv. t\u00e1bori \u00e1gyus ezred tartal\u00e9kos z\u00e1szl\u00f3sa, a harct\u00e9ren szerzett betegs\u00e9g\u00e9ben halt meg. Irod.: Gy\u00e1szjelent\u0151<\/p>\n","protected":false},"featured_media":0,"comment_status":"open","ping_status":"closed","template":"","meta":[],"product_brand":[],"product_cat":[137],"product_tag":[],"class_list":{"0":"post-4769","1":"product","2":"type-product","3":"status-publish","5":"product_cat-maros-megyei-eletrajzi-lexikon","7":"first","8":"instock","9":"shipping-taxable","10":"product-type-simple"},"_links":{"self":[{"href":"https:\/\/uj.adatbank.ro\/lexikon\/wp-json\/wp\/v2\/product\/4769","targetHints":{"allow":["GET"]}}],"collection":[{"href":"https:\/\/uj.adatbank.ro\/lexikon\/wp-json\/wp\/v2\/product"}],"about":[{"href":"https:\/\/uj.adatbank.ro\/lexikon\/wp-json\/wp\/v2\/types\/product"}],"replies":[{"embeddable":true,"href":"https:\/\/uj.adatbank.ro\/lexikon\/wp-json\/wp\/v2\/comments?post=4769"}],"wp:attachment":[{"href":"https:\/\/uj.adatbank.ro\/lexikon\/wp-json\/wp\/v2\/media?parent=4769"}],"wp:term":[{"taxonomy":"product_brand","embeddable":true,"href":"https:\/\/uj.adatbank.ro\/lexikon\/wp-json\/wp\/v2\/product_brand?post=4769"},{"taxonomy":"product_cat","embeddable":true,"href":"https:\/\/uj.adatbank.ro\/lexikon\/wp-json\/wp\/v2\/product_cat?post=4769"},{"taxonomy":"product_tag","embeddable":true,"href":"https:\/\/uj.adatbank.ro\/lexikon\/wp-json\/wp\/v2\/product_tag?post=4769"}],"curies":[{"name":"wp","href":"https:\/\/api.w.org\/{rel}","templated":true}]}}