{"id":4771,"date":"2025-06-28T16:52:47","date_gmt":"2025-06-28T14:52:47","guid":{"rendered":"https:\/\/uj.adatbank.ro\/lexikon\/termek\/biro-endre-sovaradi\/"},"modified":"2025-06-28T16:52:47","modified_gmt":"2025-06-28T14:52:47","slug":"biro-endre-sovaradi","status":"publish","type":"product","link":"https:\/\/uj.adatbank.ro\/lexikon\/termek\/biro-endre-sovaradi\/","title":{"rendered":"BIR\u00d3 Endre, s\u00f3v\u00e1radi"},"content":{"rendered":"<p>Ny\u00e1r\u00e1dselye, 1891., \u2020\u00a0? : g\u00e9p\u00e9szm\u00e9rn\u00f6k, erd\u0151m\u00e9rn\u00f6k. \u2013 Csal\u00e1dja m\u00e1r az 1614-es nemesi lustr\u00e1ban is szerepelt. \u2013 K\u00f6z\u00e9piskol\u00e1t Sz\u00e9kelyudvarhelyen, erd\u0151m\u00e9rn\u00f6ki f\u0151iskol\u00e1t Selmecb\u00e1ny\u00e1n, m\u0171egyetemet Bp.-en v\u00e9gzett. R\u00e9szt vett az I. vh.-ban (1914. j\u00fal. \u2013 1918) a 62. gy. ezred k\u00f6tel\u00e9k\u00e9ben az orosz fronton harcolt, megsebes\u00fclt, mint f\u0151hadnagy szerelt le. A bronz vit. \u00e9rem \u00e9s a K\u00e1roly Csapatkereszttel t\u00fcntett\u00e9k ki. Mv.-en harmadmag\u00e1val megalap\u00edtotta az Agrofera m\u0171szaki v\u00e1llalatot (1919); f\u0171r\u00e9sz \u00e9s malom\u00e9p\u00edt\u0151 (1924\u201340), valamint g\u00e9pjav\u00edt\u00f3 m\u0171hely tulajdonosa, a mv.-i Gazdak\u00f6r alap\u00edt\u00f3 tagja volt. <br \/><strong>Irod.:<\/strong> Er\u00add\u00e9lyi ezredek; Sz\u00e9kelyf\u00f6ld \u00ed. k<\/br><\/p>\n","protected":false},"excerpt":{"rendered":"<p>Ny\u00e1r\u00e1dselye, 1891., \u2020\u00a0? : g\u00e9p\u00e9szm\u00e9rn\u00f6k, erd\u0151m\u00e9rn\u00f6k. \u2013 Csal\u00e1dja m\u00e1r az 1614-es nemesi lustr\u00e1ban is szerepelt. \u2013 K\u00f6z\u00e9piskol\u00e1t Sz\u00e9kelyudvarhelyen, erd\u0151m\u00e9rn\u00f6ki f\u0151iskol\u00e1t Selmecb\u00e1ny\u00e1n, m\u0171egyetemet Bp.-en v\u00e9gzett. R\u00e9szt vett az I. vh.-ban (1914. j\u00fal. \u2013 1918) a 62. gy. ezred k\u00f6tel\u00e9k\u00e9ben az orosz fronton harcolt, megsebes\u00fclt, mint f\u0151hadnagy szerelt le. A bronz vit. \u00e9rem \u00e9s a K\u00e1roly Csapatkereszttel [&hellip;]<\/p>\n","protected":false},"featured_media":0,"comment_status":"open","ping_status":"closed","template":"","meta":[],"product_brand":[],"product_cat":[137],"product_tag":[],"class_list":{"0":"post-4771","1":"product","2":"type-product","3":"status-publish","5":"product_cat-maros-megyei-eletrajzi-lexikon","7":"first","8":"instock","9":"shipping-taxable","10":"product-type-simple"},"_links":{"self":[{"href":"https:\/\/uj.adatbank.ro\/lexikon\/wp-json\/wp\/v2\/product\/4771","targetHints":{"allow":["GET"]}}],"collection":[{"href":"https:\/\/uj.adatbank.ro\/lexikon\/wp-json\/wp\/v2\/product"}],"about":[{"href":"https:\/\/uj.adatbank.ro\/lexikon\/wp-json\/wp\/v2\/types\/product"}],"replies":[{"embeddable":true,"href":"https:\/\/uj.adatbank.ro\/lexikon\/wp-json\/wp\/v2\/comments?post=4771"}],"wp:attachment":[{"href":"https:\/\/uj.adatbank.ro\/lexikon\/wp-json\/wp\/v2\/media?parent=4771"}],"wp:term":[{"taxonomy":"product_brand","embeddable":true,"href":"https:\/\/uj.adatbank.ro\/lexikon\/wp-json\/wp\/v2\/product_brand?post=4771"},{"taxonomy":"product_cat","embeddable":true,"href":"https:\/\/uj.adatbank.ro\/lexikon\/wp-json\/wp\/v2\/product_cat?post=4771"},{"taxonomy":"product_tag","embeddable":true,"href":"https:\/\/uj.adatbank.ro\/lexikon\/wp-json\/wp\/v2\/product_tag?post=4771"}],"curies":[{"name":"wp","href":"https:\/\/api.w.org\/{rel}","templated":true}]}}

BIRÓ Endre, sóváradi

<p>Nyárádselye, 1891., † ? : gépészmérnök, erdőmérnök. – Családja már az 1614-es nemesi lustrában is szerepelt. – Középiskolát Székelyudvarhelyen, erdőmérnöki főiskolát Selmecbányán, műegyetemet Bp.-en végzett. Részt vett az I. vh.-ban (1914. júl. – 1918) a 62. gy. ezred kötelékében az orosz fronton harcolt, megsebesült, mint főhadnagy szerelt le. A bronz vit. érem és a Károly Csapatkereszttel tüntették ki. Mv.-en harmadmagával megalapította az Agrofera műszaki vállalatot (1919); fűrész és malomépítő (1924–40), valamint gépjavító műhely tulajdonosa, a mv.-i Gazdakör alapító tagja volt. <br /><strong>Irod.:</strong> Er­délyi ezredek; Székelyföld í. k</br></p>

<p>Nyárádselye, 1891., † ? : gépészmérnök, erdőmérnök. – Családja már az 1614-es nemesi lustrában is szerepelt. – Középiskolát Székelyudvarhelyen, erdőmérnöki főiskolát Selmecbányán, műegyetemet Bp.-en végzett. Részt vett az I. vh.-ban (1914. júl. – 1918) a 62. gy. ezred kötelékében az orosz fronton harcolt, megsebesült, mint főhadnagy szerelt le. A bronz vit. érem és a Károly Csapatkereszttel [&hellip;]</p>
