{"id":4775,"date":"2025-06-28T16:52:55","date_gmt":"2025-06-28T14:52:55","guid":{"rendered":"https:\/\/uj.adatbank.ro\/lexikon\/termek\/biro-ferenc-4\/"},"modified":"2025-06-28T16:52:55","modified_gmt":"2025-06-28T14:52:55","slug":"biro-ferenc-4","status":"publish","type":"product","link":"https:\/\/uj.adatbank.ro\/lexikon\/termek\/biro-ferenc-4\/","title":{"rendered":"BIR\u00d3 Ferenc"},"content":{"rendered":"<p>? \u2020 Mv., 1999. jan. 24. Marosh\u00e9v\u00edzen temett\u00e9k : seb\u00e9szf\u0151orvos. \u2013 A MOGYI Anat\u00f3mia Katedr\u00e1j\u00e1n volt tan\u00e1rseg\u00e9d (1952\u201363). \u2013 <strong>F. m.:<\/strong> <strong>t\u00e1rssz.:<\/strong> Seb\u00e9szeti m\u0171t\u00e9ttan (Mv., 1958). <br \/><strong>Irod.:<\/strong> [Nekrol\u00f3g] (N\u00fa., 1999. jan. 26.); Barab\u00e1s-P\u00e9ter M.-P\u00e9ter H. M.; Todea\u2013F\u00fcl\u00f6p\u2013Avram<\/br><\/p>\n","protected":false},"excerpt":{"rendered":"<p>? \u2020 Mv., 1999. jan. 24. Marosh\u00e9v\u00edzen temett\u00e9k : seb\u00e9szf\u0151orvos. \u2013 A MOGYI Anat\u00f3mia Katedr\u00e1j\u00e1n volt tan\u00e1rseg\u00e9d (1952\u201363). \u2013 F. m.: t\u00e1rssz.: Seb\u00e9szeti m\u0171t\u00e9ttan (Mv., 1958). Irod.: [Nekrol\u00f3g] (N\u00fa., 1999. jan. 26.); Barab\u00e1s-P\u00e9ter M.-P\u00e9ter H. M.; Todea\u2013F\u00fcl\u00f6p\u2013Avram<\/p>\n","protected":false},"featured_media":0,"comment_status":"open","ping_status":"closed","template":"","meta":[],"product_brand":[],"product_cat":[137],"product_tag":[],"class_list":{"0":"post-4775","1":"product","2":"type-product","3":"status-publish","5":"product_cat-maros-megyei-eletrajzi-lexikon","7":"first","8":"instock","9":"shipping-taxable","10":"product-type-simple"},"_links":{"self":[{"href":"https:\/\/uj.adatbank.ro\/lexikon\/wp-json\/wp\/v2\/product\/4775","targetHints":{"allow":["GET"]}}],"collection":[{"href":"https:\/\/uj.adatbank.ro\/lexikon\/wp-json\/wp\/v2\/product"}],"about":[{"href":"https:\/\/uj.adatbank.ro\/lexikon\/wp-json\/wp\/v2\/types\/product"}],"replies":[{"embeddable":true,"href":"https:\/\/uj.adatbank.ro\/lexikon\/wp-json\/wp\/v2\/comments?post=4775"}],"wp:attachment":[{"href":"https:\/\/uj.adatbank.ro\/lexikon\/wp-json\/wp\/v2\/media?parent=4775"}],"wp:term":[{"taxonomy":"product_brand","embeddable":true,"href":"https:\/\/uj.adatbank.ro\/lexikon\/wp-json\/wp\/v2\/product_brand?post=4775"},{"taxonomy":"product_cat","embeddable":true,"href":"https:\/\/uj.adatbank.ro\/lexikon\/wp-json\/wp\/v2\/product_cat?post=4775"},{"taxonomy":"product_tag","embeddable":true,"href":"https:\/\/uj.adatbank.ro\/lexikon\/wp-json\/wp\/v2\/product_tag?post=4775"}],"curies":[{"name":"wp","href":"https:\/\/api.w.org\/{rel}","templated":true}]}}