{"id":4777,"date":"2025-06-28T16:52:58","date_gmt":"2025-06-28T14:52:58","guid":{"rendered":"https:\/\/uj.adatbank.ro\/lexikon\/termek\/biro-gabor\/"},"modified":"2025-06-28T16:52:58","modified_gmt":"2025-06-28T14:52:58","slug":"biro-gabor","status":"publish","type":"product","link":"https:\/\/uj.adatbank.ro\/lexikon\/termek\/biro-gabor\/","title":{"rendered":"B\u00cdR\u00d3 G\u00e1bor"},"content":{"rendered":"<p>Kv., 1919. szept. 2., \u2020\u00a0Sepsiszentgy, 2008. j\u00fal. 4, : Mv-en temett\u00e9k: m\u0171\u00e9p\u00edt\u00e9sz. \u2013 Kv.-on a Ref. Koll.-ban \u00e9retts\u00e9gizett (1937), Bp.-en \u00e9p\u00edt\u00e9szdiplom\u00e1t szerzett (1943), aranydiplom\u00e1t kapott (1993). R\u00e9szt vett a II. vh.-ban, n\u00e9meto.-i \u00e9s franciao.-i t\u00e1borokban volt hadifogoly (1945\u201347). R\u00f6vid ideig Bp.-en dolgozott, majd hazatelep\u00fclt Kv.-ra. Mv.-en elkezd\u0151d\u00f6tt orvosi egyetem \u00e9p\u00edtkez\u00e9s\u00e9n\u00e9l kezdett dolgozni mint \u00e9p\u00edt\u00e9szm\u00e9rn\u00f6k, a N\u00e9ptan\u00e1cs \u00e9p\u00edt\u00e9szeti oszt\u00e1ly\u00e1n volt alkalmazott (1948\u201353), majd a Tervez\u0151 Int\u00e9zet tervez\u0151je, igazgat\u00f3ja nyugd\u00edjaz\u00e1s\u00e1ig (1979). A mv.-i f\u0151t\u00e9ri Divath\u00e1z tervez\u0151je (1969. aug. \u201371). Az \u00c9p\u00edt\u00e9szeti L\u00edc. tan\u00e1ra is volt. Tanulm\u00e1nyai, cikkei az Erd\u00e9lyi Figyel\u0151, M. \u00c9p\u00edt\u0151ipar, M\u0171vel\u0151d\u00e9s, V. Z., N\u00fa. has\u00e1bjain jelentek meg. A Rom\u00e1niai M. Sz\u00f3 k\u00f6z\u00f6lte folytat\u00e1sokban a K\u00f6z\u00e9pkori templomok c. sorozat\u00e1t. Templomokat tervezett (1990\u2013). A bp.-i N\u00e9prajzi M\u00fazeum p\u00e1ly\u00e1zat\u00e1n nyert els\u0151 d\u00edjat a A S\u00f3vid\u00e9k n\u00e9pi \u00e9p\u00edt\u00e9szete c. dolgozat\u00e1val (1992). Tervei alapj\u00e1n \u00e9p\u00fclt fel Marosszetgy\u00f6rgy\u00f6n az unit. templom. (1995. okt. 15-\u00e9n szentelt\u00e9k fel). \u2013 <strong>F. m.:<\/strong> A S\u00f3vid\u00e9k n\u00e9pi \u00e9p\u00edt\u00e9szete (Szentendre, 1992); K\u00f6z\u00e9pkori templomok: Maros megy\u00e9ben: \u00c1d\u00e1mos, Alvinc, Apold, Atosfalva ma H\u00e1rmasfalu, Bal\u00e1zstelke, Bordos, B\u00f6z\u00f6d, Dics\u0151szentm\u00e1rton, Egrest\u0151, Erd\u0151szentgy\u00f6rgy, Feh\u00e9regyh\u00e1za, Galambod, Gernyeszeg, Gog\u00e1nv\u00e1ralja, Gyulakuta, Harc\u00f3, Hodos, Kerel\u0151szentp\u00e1l, Kozmatelke, K\u00f6rtv\u00e9lyf\u00e1ja, Magyarf\u00fclp\u00f6s, Magyar\u00f3, Magyars\u00e1rd, Magyars\u00e1ros, Magyarzs\u00e1kod, Maroscsap\u00f3, Marosfelfalu, Marosszentanna, Marosszentgy\u00f6rgy, Mv., Magyar-P\u00e9terlaka, Mez\u0151cs\u00e1v\u00e1s, Mez\u0151gerebenes, Mez\u0151k\u00f6lp\u00e9ny, Mez\u0151\u00f6lyves, Ny\u00e1r\u00e1dremete, Ny\u00e1r\u00e1dt\u0151, Ny\u00e1r\u00e1dszentanna, Ny\u00e1r\u00e1dszentimre, Ny\u00e1r\u00e1dszentl\u00e1szl\u00f3, Ny\u00e1r\u00e1dszentm\u00e1rton, Nyom\u00e1t, P\u00f3kakereszt\u00far, Radn\u00f3t, Rava, S\u00e1rpatak, S\u00f3v\u00e1rad, S\u00f6v\u00e9nyfalva, Sz\u00e1szk\u00e9zd, Sz\u00e1sz\u00f6rm\u00e9nyes, Szentdemeter, Szentgerice, Szentp\u00e9ter, Tancs, Toldalag, Tompah\u00e1za, Vaja, Vajdaszentiv\u00e1ny (Mv., 1998); Erd\u00e9lyi magyar n\u00e9pi \u00e9p\u00edt\u00e9szet \u00e9s hagyom\u00e1nyainak tov\u00e1bb\u00e9ltet\u00e9se (Mv., 1999); <strong>F. ki\u00e1ll.:<\/strong> Mv. (1983, 88, 89), Sz\u00e9kelyukereszt\u00far (1984), Sz\u00e9kelyudvarhely (1985), Korond (1985), Sepsiszentgy\u00f6rgy (1986). <br \/><strong>Irod.:<\/strong> B\u00f6l\u00f6ni Domokos. Nem vagyunk m\u00e9g indi\u00e1nok (N\u00fa., 1996. aug. 7.); F\u00fcl\u00f6p; Id\u0151t\u00e1r 4.; Nagy P\u00e1l: Besz\u00e9ljenek a k\u00f6vek (N\u00fa., M\u00fazsa, 170. sz., 1994. okt. 20.); Todea\u2013F\u00fcl\u00f6p\u2013Avram<\/br><\/p>\n","protected":false},"excerpt":{"rendered":"<p>Kv., 1919. szept. 2., \u2020\u00a0Sepsiszentgy, 2008. j\u00fal. 4, : Mv-en temett\u00e9k: m\u0171\u00e9p\u00edt\u00e9sz. \u2013 Kv.-on a Ref. Koll.-ban \u00e9retts\u00e9gizett (1937), Bp.-en \u00e9p\u00edt\u00e9szdiplom\u00e1t szerzett (1943), aranydiplom\u00e1t kapott (1993). R\u00e9szt vett a II. vh.-ban, n\u00e9meto.-i \u00e9s franciao.-i t\u00e1borokban volt hadifogoly (1945\u201347). R\u00f6vid ideig Bp.-en dolgozott, majd hazatelep\u00fclt Kv.-ra. Mv.-en elkezd\u0151d\u00f6tt orvosi egyetem \u00e9p\u00edtkez\u00e9s\u00e9n\u00e9l kezdett dolgozni mint \u00e9p\u00edt\u00e9szm\u00e9rn\u00f6k, a [&hellip;]<\/p>\n","protected":false},"featured_media":0,"comment_status":"open","ping_status":"closed","template":"","meta":[],"product_brand":[],"product_cat":[137],"product_tag":[],"class_list":{"0":"post-4777","1":"product","2":"type-product","3":"status-publish","5":"product_cat-maros-megyei-eletrajzi-lexikon","7":"first","8":"instock","9":"shipping-taxable","10":"product-type-simple"},"_links":{"self":[{"href":"https:\/\/uj.adatbank.ro\/lexikon\/wp-json\/wp\/v2\/product\/4777","targetHints":{"allow":["GET"]}}],"collection":[{"href":"https:\/\/uj.adatbank.ro\/lexikon\/wp-json\/wp\/v2\/product"}],"about":[{"href":"https:\/\/uj.adatbank.ro\/lexikon\/wp-json\/wp\/v2\/types\/product"}],"replies":[{"embeddable":true,"href":"https:\/\/uj.adatbank.ro\/lexikon\/wp-json\/wp\/v2\/comments?post=4777"}],"wp:attachment":[{"href":"https:\/\/uj.adatbank.ro\/lexikon\/wp-json\/wp\/v2\/media?parent=4777"}],"wp:term":[{"taxonomy":"product_brand","embeddable":true,"href":"https:\/\/uj.adatbank.ro\/lexikon\/wp-json\/wp\/v2\/product_brand?post=4777"},{"taxonomy":"product_cat","embeddable":true,"href":"https:\/\/uj.adatbank.ro\/lexikon\/wp-json\/wp\/v2\/product_cat?post=4777"},{"taxonomy":"product_tag","embeddable":true,"href":"https:\/\/uj.adatbank.ro\/lexikon\/wp-json\/wp\/v2\/product_tag?post=4777"}],"curies":[{"name":"wp","href":"https:\/\/api.w.org\/{rel}","templated":true}]}}

BÍRÓ Gábor

<p>Kv., 1919. szept. 2., † Sepsiszentgy, 2008. júl. 4, : Mv-en temették: műépítész. – Kv.-on a Ref. Koll.-ban érettségizett (1937), Bp.-en építészdiplomát szerzett (1943), aranydiplomát kapott (1993). Részt vett a II. vh.-ban, németo.-i és franciao.-i táborokban volt hadifogoly (1945–47). Rövid ideig Bp.-en dolgozott, majd hazatelepült Kv.-ra. Mv.-en elkezdődött orvosi egyetem építkezésénél kezdett dolgozni mint építészmérnök, a Néptanács építészeti osztályán volt alkalmazott (1948–53), majd a Tervező Intézet tervezője, igazgatója nyugdíjazásáig (1979). A mv.-i főtéri Divatház tervezője (1969. aug. –71). Az Építészeti Líc. tanára is volt. Tanulmányai, cikkei az Erdélyi Figyelő, M. Építőipar, Művelődés, V. Z., Nú. hasábjain jelentek meg. A Romániai M. Szó közölte folytatásokban a Középkori templomok c. sorozatát. Templomokat tervezett (1990–). A bp.-i Néprajzi Múzeum pályázatán nyert első díjat a A Sóvidék népi építészete c. dolgozatával (1992). Tervei alapján épült fel Marosszetgyörgyön az unit. templom. (1995. okt. 15-én szentelték fel). – <strong>F. m.:</strong> A Sóvidék népi építészete (Szentendre, 1992); Középkori templomok: Maros megyében: Ádámos, Alvinc, Apold, Atosfalva ma Hármasfalu, Balázstelke, Bordos, Bözöd, Dicsőszentmárton, Egrestő, Erdőszentgyörgy, Fehéregyháza, Galambod, Gernyeszeg, Gogánváralja, Gyulakuta, Harcó, Hodos, Kerelőszentpál, Kozmatelke, Körtvélyfája, Magyarfülpös, Magyaró, Magyarsárd, Magyarsáros, Magyarzsákod, Maroscsapó, Marosfelfalu, Marosszentanna, Marosszentgyörgy, Mv., Magyar-Péterlaka, Mezőcsávás, Mezőgerebenes, Mezőkölpény, Mezőölyves, Nyárádremete, Nyárádtő, Nyárádszentanna, Nyárádszentimre, Nyárádszentlászló, Nyárádszentmárton, Nyomát, Pókakeresztúr, Radnót, Rava, Sárpatak, Sóvárad, Sövényfalva, Szászkézd, Szászörményes, Szentdemeter, Szentgerice, Szentpéter, Tancs, Toldalag, Tompaháza, Vaja, Vajdaszentivány (Mv., 1998); Erdélyi magyar népi építészet és hagyományainak továbbéltetése (Mv., 1999); <strong>F. kiáll.:</strong> Mv. (1983, 88, 89), Székelyukeresztúr (1984), Székelyudvarhely (1985), Korond (1985), Sepsiszentgyörgy (1986). <br /><strong>Irod.:</strong> Bölöni Domokos. Nem vagyunk még indiánok (Nú., 1996. aug. 7.); Fülöp; Időtár 4.; Nagy Pál: Beszéljenek a kövek (Nú., Múzsa, 170. sz., 1994. okt. 20.); Todea–Fülöp–Avram</br></p>

<p>Kv., 1919. szept. 2., † Sepsiszentgy, 2008. júl. 4, : Mv-en temették: műépítész. – Kv.-on a Ref. Koll.-ban érettségizett (1937), Bp.-en építészdiplomát szerzett (1943), aranydiplomát kapott (1993). Részt vett a II. vh.-ban, németo.-i és franciao.-i táborokban volt hadifogoly (1945–47). Rövid ideig Bp.-en dolgozott, majd hazatelepült Kv.-ra. Mv.-en elkezdődött orvosi egyetem építkezésénél kezdett dolgozni mint építészmérnök, a [&hellip;]</p>
