{"id":4784,"date":"2025-06-28T16:53:12","date_gmt":"2025-06-28T14:53:12","guid":{"rendered":"https:\/\/uj.adatbank.ro\/lexikon\/termek\/biro-istvan-%c2%a7\/"},"modified":"2025-06-28T16:53:12","modified_gmt":"2025-06-28T14:53:12","slug":"biro-istvan-%c2%a7","status":"publish","type":"product","link":"https:\/\/uj.adatbank.ro\/lexikon\/termek\/biro-istvan-%c2%a7\/","title":{"rendered":"BIR\u00d3 Istv\u00e1n, \u00a7"},"content":{"rendered":"<p>Mv., 1950. febr. 2., \u2020 Szov\u00e1ta, 1999. febr. 5.: matematikus, villamosm\u00e9rn\u00f6k, oktat\u00e1sszervez\u0151. \u2013 Alap \u00e9s k\u00f6z\u00e9pfok\u00fa tanulm\u00e1nyait Szov\u00e1t\u00e1n v\u00e9gezte; a kv-i M\u0171egyetem Elektrotechnika tagozat\u00e1n szerzett \u00fczemm\u00e9rn\u00f6ki diplom\u00e1t (1972), majd a buk.-i Egy. matematika szak\u00e1t v\u00e9gezte el (1980). \u00dczemm\u00e9rn\u00f6k, matematikus, tudom\u00e1nyos kutatt\u00f3 Buk.-ben (1972\u201390); az elektronika h\u00e1rom k\u00fcl\u00f6nb\u00f6z\u0151 ter\u00fclet\u00e9n dolgozott 6\u20136 \u00e9vet. A ferrit kutat\u00e1s \u00e9s termel\u00e9ssel kezdte, a kvarc-krist\u00e1ly elektronikai alkalmaz\u00e1sa ter\u00fclet\u00e9n folytatta, majd kutat\u00f3int\u00e9zetbeni p\u00e1ly\u00e1j\u00e1t a m\u0171holdtechnika alkalmaz\u00e1s\u00e1val a geod\u00e9zi\u00e1ban fejezte be. T\u00f6bb \u00faj\u00edt\u00e1s\u00e1t \u00e9s egy tal\u00e1lm\u00e1ny\u00e1t szabadalmazt\u00e1k. Dolgozatait rom\u00e1niai szakfoly\u00f3iratokban k\u00f6z\u00f6lt\u00e9k. A Rom\u00e1n Tan\u00fcgyminiszt\u00e9riumban l\u00e9trehozott M. Tannyelv\u0171 Oktat\u00e1si F\u0151oszt\u00e1lyon dolgozott (1990); Az RMDSZ eln\u00f6ks\u00e9g\u00e9nek oktat\u00e1si tan\u00e1csosa (1991). Haza k\u00f6lt\u00f6z\u00f6tt Szov\u00e1t\u00e1ra, akkor bontakozott ki igaz\u00e1n k\u00f6z\u00e9leti tev\u00e9kenys\u00e9ge. \u0150 volt a R. M. Ped. Sz\u00f6v. f\u0151titk\u00e1ra (1992. dec. \u2013) a szov\u00e1tai RMDSZ mozgat\u00f3rug\u00f3ja. Kezdem\u00e9nyez\u00e9s\u00e9re \u00e9s ir\u00e1ny\u00edt\u00e1sa alatt korszer\u0171 oktat\u00e1si k\u00f6zpontt\u00e1 alak\u00edtott\u00e1k a Szov\u00e1t\u00e1n megv\u00e1s\u00e1rolt (1994) ingatlant, ott m\u0171k\u00f6dtette a k\u00e1rp\u00e1tmedencei pedag\u00f3gusok legnagyobb tov\u00e1bbk\u00e9pz\u0151 tanfolyam-sorozat\u00e1t, a Bolyai Ny\u00e1ri Akad.-t \u00e9s l\u00e9tre hozta a szov\u00e1tai Teleki Oktat\u00e1si K\u00f6zpontot (TOK), melynek igazgat\u00f3ja lett. Beind\u00edtotta a szov\u00e1tai tan\u00edt\u00f3k\u00e9pz\u00e9st, megszerveztve a b\u00e9k\u00e9scsabai f\u0151iskola kihelyezett tan\u00edt\u00f3k\u00e9pz\u0151 tagozat\u00e1t (1996\u2013). sz\u00e1mos orsz\u00e1gos \u00e9s nemzetk\u00f6zi jelleg\u0171 konferencia kezdem\u00e9nyez\u0151je, meghonos\u00edtotta a T\u00e9li J\u00e1t\u00e9kokat, kultur\u00e1lis tal\u00e1lkoz\u00f3kat, gyermekt\u00e1borokat, ki\u00e1ll\u00edt\u00e1sokat szervezett. K\u00f6rnyezetv\u00e9delemmel is foglalkozzon, a Cserepesk\u00f4n\u00e9l tan\u00f6sv\u00e9ny \u00e9p\u00edt\u00e9s\u00e9be kezdett a Medve-t\u00f3n\u00e1l, s az erd\u00f4ben pihen\u00f4padokat \u00e9p\u00edttetett. A TOK el\u0151tt \u00e1ll\u00edtottak kopjaf\u00e1t eml\u00e9k\u00e9re. Szov\u00e1ta d\u00edszpolg\u00e1ra post mortem (2000). <br \/><strong>Irod.:<\/strong> Elhunyt B. I (N\u00fa., 1999. febr. 8.); Ki kicsoda\u00a0?; Lehullt egy csillag (N\u00fa., 1999. febr. 9.); Mezey Sarolta: D\u00edszpolg\u00e1rokat avattak, testv\u00e9rtelep\u00fcl\u00e9si szerz\u0151d\u00e9st \u00edrtak al\u00e1 (N\u00fa, 2000. febr. 1); [Nekrol\u00f3g] (N\u00fa., 1999. febr. 8.); Sepsisz\u00e9ki<\/br><\/p>\n","protected":false},"excerpt":{"rendered":"<p>Mv., 1950. febr. 2., \u2020 Szov\u00e1ta, 1999. febr. 5.: matematikus, villamosm\u00e9rn\u00f6k, oktat\u00e1sszervez\u0151. \u2013 Alap \u00e9s k\u00f6z\u00e9pfok\u00fa tanulm\u00e1nyait Szov\u00e1t\u00e1n v\u00e9gezte; a kv-i M\u0171egyetem Elektrotechnika tagozat\u00e1n szerzett \u00fczemm\u00e9rn\u00f6ki diplom\u00e1t (1972), majd a buk.-i Egy. matematika szak\u00e1t v\u00e9gezte el (1980). \u00dczemm\u00e9rn\u00f6k, matematikus, tudom\u00e1nyos kutatt\u00f3 Buk.-ben (1972\u201390); az elektronika h\u00e1rom k\u00fcl\u00f6nb\u00f6z\u0151 ter\u00fclet\u00e9n dolgozott 6\u20136 \u00e9vet. A ferrit kutat\u00e1s \u00e9s [&hellip;]<\/p>\n","protected":false},"featured_media":0,"comment_status":"open","ping_status":"closed","template":"","meta":[],"product_brand":[],"product_cat":[137],"product_tag":[],"class_list":{"0":"post-4784","1":"product","2":"type-product","3":"status-publish","5":"product_cat-maros-megyei-eletrajzi-lexikon","7":"first","8":"instock","9":"shipping-taxable","10":"product-type-simple"},"_links":{"self":[{"href":"https:\/\/uj.adatbank.ro\/lexikon\/wp-json\/wp\/v2\/product\/4784","targetHints":{"allow":["GET"]}}],"collection":[{"href":"https:\/\/uj.adatbank.ro\/lexikon\/wp-json\/wp\/v2\/product"}],"about":[{"href":"https:\/\/uj.adatbank.ro\/lexikon\/wp-json\/wp\/v2\/types\/product"}],"replies":[{"embeddable":true,"href":"https:\/\/uj.adatbank.ro\/lexikon\/wp-json\/wp\/v2\/comments?post=4784"}],"wp:attachment":[{"href":"https:\/\/uj.adatbank.ro\/lexikon\/wp-json\/wp\/v2\/media?parent=4784"}],"wp:term":[{"taxonomy":"product_brand","embeddable":true,"href":"https:\/\/uj.adatbank.ro\/lexikon\/wp-json\/wp\/v2\/product_brand?post=4784"},{"taxonomy":"product_cat","embeddable":true,"href":"https:\/\/uj.adatbank.ro\/lexikon\/wp-json\/wp\/v2\/product_cat?post=4784"},{"taxonomy":"product_tag","embeddable":true,"href":"https:\/\/uj.adatbank.ro\/lexikon\/wp-json\/wp\/v2\/product_tag?post=4784"}],"curies":[{"name":"wp","href":"https:\/\/api.w.org\/{rel}","templated":true}]}}

BIRÓ István, §

<p>Mv., 1950. febr. 2., † Szováta, 1999. febr. 5.: matematikus, villamosmérnök, oktatásszervező. – Alap és középfokú tanulmányait Szovátán végezte; a kv-i Műegyetem Elektrotechnika tagozatán szerzett üzemmérnöki diplomát (1972), majd a buk.-i Egy. matematika szakát végezte el (1980). Üzemmérnök, matematikus, tudományos kutattó Buk.-ben (1972–90); az elektronika három különböző területén dolgozott 6–6 évet. A ferrit kutatás és termeléssel kezdte, a kvarc-kristály elektronikai alkalmazása területén folytatta, majd kutatóintézetbeni pályáját a műholdtechnika alkalmazásával a geodéziában fejezte be. Több újítását és egy találmányát szabadalmazták. Dolgozatait romániai szakfolyóiratokban közölték. A Román Tanügyminisztériumban létrehozott M. Tannyelvű Oktatási Főosztályon dolgozott (1990); Az RMDSZ elnökségének oktatási tanácsosa (1991). Haza költözött Szovátára, akkor bontakozott ki igazán közéleti tevékenysége. Ő volt a R. M. Ped. Szöv. főtitkára (1992. dec. –) a szovátai RMDSZ mozgatórugója. Kezdeményezésére és irányítása alatt korszerű oktatási központtá alakították a Szovátán megvásárolt (1994) ingatlant, ott működtette a kárpátmedencei pedagógusok legnagyobb továbbképző tanfolyam-sorozatát, a Bolyai Nyári Akad.-t és létre hozta a szovátai Teleki Oktatási Központot (TOK), melynek igazgatója lett. Beindította a szovátai tanítóképzést, megszerveztve a békéscsabai főiskola kihelyezett tanítóképző tagozatát (1996–). számos országos és nemzetközi jellegű konferencia kezdeményezője, meghonosította a Téli Játékokat, kulturális találkozókat, gyermektáborokat, kiállításokat szervezett. Környezetvédelemmel is foglalkozzon, a Cserepeskônél tanösvény építésébe kezdett a Medve-tónál, s az erdôben pihenôpadokat építtetett. A TOK előtt állítottak kopjafát emlékére. Szováta díszpolgára post mortem (2000). <br /><strong>Irod.:</strong> Elhunyt B. I (Nú., 1999. febr. 8.); Ki kicsoda ?; Lehullt egy csillag (Nú., 1999. febr. 9.); Mezey Sarolta: Díszpolgárokat avattak, testvértelepülési szerződést írtak alá (Nú, 2000. febr. 1); [Nekrológ] (Nú., 1999. febr. 8.); Sepsiszéki</br></p>

<p>Mv., 1950. febr. 2., † Szováta, 1999. febr. 5.: matematikus, villamosmérnök, oktatásszervező. – Alap és középfokú tanulmányait Szovátán végezte; a kv-i Műegyetem Elektrotechnika tagozatán szerzett üzemmérnöki diplomát (1972), majd a buk.-i Egy. matematika szakát végezte el (1980). Üzemmérnök, matematikus, tudományos kutattó Buk.-ben (1972–90); az elektronika három különböző területén dolgozott 6–6 évet. A ferrit kutatás és [&hellip;]</p>
