{"id":4795,"date":"2025-06-28T16:53:29","date_gmt":"2025-06-28T14:53:29","guid":{"rendered":"https:\/\/uj.adatbank.ro\/lexikon\/termek\/biro-jozsef-6\/"},"modified":"2025-06-28T16:53:29","modified_gmt":"2025-06-28T14:53:29","slug":"biro-jozsef-6","status":"publish","type":"product","link":"https:\/\/uj.adatbank.ro\/lexikon\/termek\/biro-jozsef-6\/","title":{"rendered":"BIR\u00d3 J\u00f3zsef"},"content":{"rendered":"<p>Bal\u00e1zsfalva, 1887. szept. 20. \u2020 Mv., 1975., \u00fcgyv\u00e9d, jog\u00e1sz. \u2013 Apja postaf\u0151n\u00f6k volt. \u2013 K\u00f6z\u00e9piskol\u00e1it Mv.-en a Ref. Koll.-ban \u00e9s Nagyenyeden, a jogi egyetemet Kv.-on kezdte Szegeden v\u00e9gezte (1910). El\u0151bb \u00fcgyv\u00e9djel\u00f6lt, majd t\u00f6rv. joggyakornok Brass\u00f3ban, \u00fcgyv\u00e9d Mv.-en. R\u00e9szt vett az els\u0151 vh.-ban (1915\u201318), a 62. gy. e.-el az orosz, rom\u00e1n \u00e9s olasz fronton harcolt. Hadnagyk\u00e9nt szerelt le, t\u00f6bb kit\u00fcntet\u00e9s tulajdonosa. Visszat\u00e9rve \u00fajra \u00fcgyv\u00e9d Mv.-en a mv.-i t\u00f6rv\u00e9nysz\u00e9ken, majd t\u00e1blai tan\u00e1csjegyz\u0151, v\u00e9g\u00fcl a Kereskedelmi \u00e9s Iparkamara f\u0151titk\u00e1ra lett (1920. okt. 9.- ). M\u0171k\u00f6d\u00e9s\u00e9nek vez\u00e9relve a rom\u00e1n-m. gazdas\u00e1gi k\u00f6zeled\u00e9s, igy a bp.-i jubil\u00e1ris nemzetk\u00f6zi v\u00e1s\u00e1r alkalm\u00e1val (1930) l\u00e9trej\u00f6tt els\u0151 rom\u00e1n-m. t\u00e1rgyal\u00e1sok el\u0151k\u00e9sz\u00edt\u00e9se az \u0151 \u00e9rdeme volt, ami\u00e9rt a buk.-i \u00e9s a bp.-i Ker. Kamara is elismer\u00e9ssel ad\u00f3ztak. Az OMP szen\u00e1tor jel\u00f6ltje (1937). Tov\u00e1bbi tev\u00e9kenys\u00e9g\u00e9ben a sz\u00e9kely vm.-ket mag\u00e1ba foglal\u00f3 kamarai ker\u00fclet \u00e9rdekeinek t\u00e1mogat\u00f3ja volt. A MP \u00e9s k\u00e9s\u0151bb a N\u00e9pk\u00f6z\u00f6ss\u00e9g, a M. Kaszin\u00f3, az EKE, a ref. presbit\u00e9rium tagja volt \u00e9s az Erd\u00e9lyi Helikon mv.-i tagjai k\u00f6zt is szerepelt (1930). Sz\u00e1mos sajt\u00f3term\u00e9knek munkat\u00e1rsa, brosur\u00e1k \u00e9s gazdas\u00e1gi cikkek szerz\u0151je volt. \u00c9rdemei elismer\u00e9sek\u00e9nt a Rom\u00e1n Koronarend Lovagkeresztj\u00e9vel t\u00fcntett\u00e9k ki. <br \/><strong>Irod.:<\/strong> EBKL; Er\u00add\u00e9lyi ezredek; Id\u0151t\u00e1r 3; Ki kicsoda ? Lexiconul vie\u0163ii publice; Molter K\u00e1roly: Mv. (\u00daj Kezdet, 6. sz., 2010. j\u00fan.); Visnai<\/br><\/p>\n","protected":false},"excerpt":{"rendered":"<p>Bal\u00e1zsfalva, 1887. szept. 20. \u2020 Mv., 1975., \u00fcgyv\u00e9d, jog\u00e1sz. \u2013 Apja postaf\u0151n\u00f6k volt. \u2013 K\u00f6z\u00e9piskol\u00e1it Mv.-en a Ref. Koll.-ban \u00e9s Nagyenyeden, a jogi egyetemet Kv.-on kezdte Szegeden v\u00e9gezte (1910). El\u0151bb \u00fcgyv\u00e9djel\u00f6lt, majd t\u00f6rv. joggyakornok Brass\u00f3ban, \u00fcgyv\u00e9d Mv.-en. R\u00e9szt vett az els\u0151 vh.-ban (1915\u201318), a 62. gy. e.-el az orosz, rom\u00e1n \u00e9s olasz fronton harcolt. Hadnagyk\u00e9nt [&hellip;]<\/p>\n","protected":false},"featured_media":0,"comment_status":"open","ping_status":"closed","template":"","meta":[],"product_brand":[],"product_cat":[137],"product_tag":[],"class_list":{"0":"post-4795","1":"product","2":"type-product","3":"status-publish","5":"product_cat-maros-megyei-eletrajzi-lexikon","7":"first","8":"instock","9":"shipping-taxable","10":"product-type-simple"},"_links":{"self":[{"href":"https:\/\/uj.adatbank.ro\/lexikon\/wp-json\/wp\/v2\/product\/4795","targetHints":{"allow":["GET"]}}],"collection":[{"href":"https:\/\/uj.adatbank.ro\/lexikon\/wp-json\/wp\/v2\/product"}],"about":[{"href":"https:\/\/uj.adatbank.ro\/lexikon\/wp-json\/wp\/v2\/types\/product"}],"replies":[{"embeddable":true,"href":"https:\/\/uj.adatbank.ro\/lexikon\/wp-json\/wp\/v2\/comments?post=4795"}],"wp:attachment":[{"href":"https:\/\/uj.adatbank.ro\/lexikon\/wp-json\/wp\/v2\/media?parent=4795"}],"wp:term":[{"taxonomy":"product_brand","embeddable":true,"href":"https:\/\/uj.adatbank.ro\/lexikon\/wp-json\/wp\/v2\/product_brand?post=4795"},{"taxonomy":"product_cat","embeddable":true,"href":"https:\/\/uj.adatbank.ro\/lexikon\/wp-json\/wp\/v2\/product_cat?post=4795"},{"taxonomy":"product_tag","embeddable":true,"href":"https:\/\/uj.adatbank.ro\/lexikon\/wp-json\/wp\/v2\/product_tag?post=4795"}],"curies":[{"name":"wp","href":"https:\/\/api.w.org\/{rel}","templated":true}]}}

BIRÓ József

<p>Balázsfalva, 1887. szept. 20. † Mv., 1975., ügyvéd, jogász. – Apja postafőnök volt. – Középiskoláit Mv.-en a Ref. Koll.-ban és Nagyenyeden, a jogi egyetemet Kv.-on kezdte Szegeden végezte (1910). Előbb ügyvédjelölt, majd törv. joggyakornok Brassóban, ügyvéd Mv.-en. Részt vett az első vh.-ban (1915–18), a 62. gy. e.-el az orosz, román és olasz fronton harcolt. Hadnagyként szerelt le, több kitüntetés tulajdonosa. Visszatérve újra ügyvéd Mv.-en a mv.-i törvényszéken, majd táblai tanácsjegyző, végül a Kereskedelmi és Iparkamara főtitkára lett (1920. okt. 9.- ). Működésének vezérelve a román-m. gazdasági közeledés, igy a bp.-i jubiláris nemzetközi vásár alkalmával (1930) létrejött első román-m. tárgyalások előkészítése az ő érdeme volt, amiért a buk.-i és a bp.-i Ker. Kamara is elismeréssel adóztak. Az OMP szenátor jelöltje (1937). További tevékenységében a székely vm.-ket magába foglaló kamarai kerület érdekeinek támogatója volt. A MP és később a Népközösség, a M. Kaszinó, az EKE, a ref. presbitérium tagja volt és az Erdélyi Helikon mv.-i tagjai közt is szerepelt (1930). Számos sajtóterméknek munkatársa, brosurák és gazdasági cikkek szerzője volt. Érdemei elismeréseként a Román Koronarend Lovagkeresztjével tüntették ki. <br /><strong>Irod.:</strong> EBKL; Er­délyi ezredek; Időtár 3; Ki kicsoda ? Lexiconul vieţii publice; Molter Károly: Mv. (Új Kezdet, 6. sz., 2010. jún.); Visnai</br></p>

<p>Balázsfalva, 1887. szept. 20. † Mv., 1975., ügyvéd, jogász. – Apja postafőnök volt. – Középiskoláit Mv.-en a Ref. Koll.-ban és Nagyenyeden, a jogi egyetemet Kv.-on kezdte Szegeden végezte (1910). Előbb ügyvédjelölt, majd törv. joggyakornok Brassóban, ügyvéd Mv.-en. Részt vett az első vh.-ban (1915–18), a 62. gy. e.-el az orosz, román és olasz fronton harcolt. Hadnagyként [&hellip;]</p>
