{"id":4798,"date":"2025-06-28T16:53:34","date_gmt":"2025-06-28T14:53:34","guid":{"rendered":"https:\/\/uj.adatbank.ro\/lexikon\/termek\/biro-jozsef-9\/"},"modified":"2025-06-28T16:53:34","modified_gmt":"2025-06-28T14:53:34","slug":"biro-jozsef-9","status":"publish","type":"product","link":"https:\/\/uj.adatbank.ro\/lexikon\/termek\/biro-jozsef-9\/","title":{"rendered":"B\u00cdR\u00d3 J\u00f3zsef"},"content":{"rendered":"<p>P\u00f3kakereszt\u00far, 1887. m\u00e1rc. 16., \u2020 Castagnole (Sv\u00e1jc), 1975. jan. 13.: fest\u0151m\u0171v\u00e9sz, grafikus. \u2013 K\u00f6z\u00e9piskol\u00e1it M\u00e1ramarosszigeten, fest\u00e9szeti tanulm\u00e1nyait Bp.-en, P\u00e1rizsban v\u00e9gezte. Olaszo.-i, sv\u00e1jci \u00e9s ausztriai tanulm\u00e1ny\u00fatja ut\u00e1n visszat\u00e9rt P\u00e1rizsba, ott \u00e9lt (\u20131914), amikor intern\u00e1lt\u00e1k, k\u00e9t \u00e9s f\u00e9l \u00e9vi v\u00e1rfogs\u00e1g ut\u00e1n, Genfbe F. Hodlern\u00e9l befejezte m\u0171v\u00e9szeti tanulm\u00e1nyait. Visszat\u00e9rt Mo.-ra (1920\u2013), Bp.-en rajztan\u00e1r volt (1923-ig). Z\u00fcrichben rendezte els\u0151 \u00f6n\u00e1ll\u00f3 ki\u00e1ll\u00edt\u00e1s\u00e1t, Bp.-en a Pa\u00e1l L\u00e1szl\u00f3 T\u00e1rs. ki\u00e1ll\u00edt\u00e1s\u00e1n mutatkozott be (1923); e m\u0171v\u00e9szeti csoportosul\u00e1snak alap\u00edt\u00f3ja \u00e9s titk\u00e1ra volt (1923\u201344). A Borsszem Jank\u00f3, a Kakas M\u00e1rton, az \u00dcst\u00f6k\u00f6s munkat\u00e1rsa. Sv\u00e1jcban, Br\u00e9ben \u00e9lt (1946\u2013). Portr\u00e9kat \u00e9s m. vonatkoz\u00e1s\u00fa t\u00e1jk\u00e9peket festett, amelyeken er\u0151\u00adsen \u00e9rz\u0151dik genfi mester\u00e9nek, Holdernek a ha\u00adt\u00e1sa. A barcelomai Vil\u00e1gki\u00e1ll\u00edt\u00e1son ez\u00fcst \u00e9rmet, a bp. i egyh\u00e1zm\u0171v\u00e9szeti ki\u00e1ll\u00edt\u00e1son fest\u00e9szeti els\u0151 d\u00edjat nyert. N\u00e9h\u00e1ny m\u0171v\u00e9t Magyaro.-n, k\u00e9peinek z\u00f6m\u00e9t azonban k\u00fclf\u00f6ldi (spa\u00adnyol, sv\u00e9d, sv\u00e1jci, amerikai) gy\u0171jtem\u00e9nyek\u00adben \u0151rzik. Tanulm\u00e1nyait bel- \u00e9s k\u00fclf\u00f6ldi foly\u00f3iratokban k\u00f6z\u00f6lte. \u2013 <strong>F. m.:<\/strong> <strong>antol\u00f3g.:<\/strong> A mv.-i k\u00e9pt\u00e1r = Mv. \u00e9s V\u00e1rtemploma (Mv., 1990); <strong>Eml\u00e9kki\u00e1ll.:<\/strong> Lugano (1988). <br \/><strong>Irod.:<\/strong> \u00c9ber; Guly\u00e1s; MNL; Moln\u00e1r; R\u00daL; Szab\u00f3\u2013K\u00e1llai; Sz\u00edj Rezs\u0151: B. J. (M. m\u0171v\u00e9szek a nagyvil\u00e1gban. Bp., 1975), \u00daM\u00c9L<\/br><\/p>\n","protected":false},"excerpt":{"rendered":"<p>P\u00f3kakereszt\u00far, 1887. m\u00e1rc. 16., \u2020 Castagnole (Sv\u00e1jc), 1975. jan. 13.: fest\u0151m\u0171v\u00e9sz, grafikus. \u2013 K\u00f6z\u00e9piskol\u00e1it M\u00e1ramarosszigeten, fest\u00e9szeti tanulm\u00e1nyait Bp.-en, P\u00e1rizsban v\u00e9gezte. Olaszo.-i, sv\u00e1jci \u00e9s ausztriai tanulm\u00e1ny\u00fatja ut\u00e1n visszat\u00e9rt P\u00e1rizsba, ott \u00e9lt (\u20131914), amikor intern\u00e1lt\u00e1k, k\u00e9t \u00e9s f\u00e9l \u00e9vi v\u00e1rfogs\u00e1g ut\u00e1n, Genfbe F. Hodlern\u00e9l befejezte m\u0171v\u00e9szeti tanulm\u00e1nyait. Visszat\u00e9rt Mo.-ra (1920\u2013), Bp.-en rajztan\u00e1r volt (1923-ig). Z\u00fcrichben rendezte els\u0151 [&hellip;]<\/p>\n","protected":false},"featured_media":0,"comment_status":"open","ping_status":"closed","template":"","meta":[],"product_brand":[],"product_cat":[137],"product_tag":[],"class_list":{"0":"post-4798","1":"product","2":"type-product","3":"status-publish","5":"product_cat-maros-megyei-eletrajzi-lexikon","7":"first","8":"instock","9":"shipping-taxable","10":"product-type-simple"},"_links":{"self":[{"href":"https:\/\/uj.adatbank.ro\/lexikon\/wp-json\/wp\/v2\/product\/4798","targetHints":{"allow":["GET"]}}],"collection":[{"href":"https:\/\/uj.adatbank.ro\/lexikon\/wp-json\/wp\/v2\/product"}],"about":[{"href":"https:\/\/uj.adatbank.ro\/lexikon\/wp-json\/wp\/v2\/types\/product"}],"replies":[{"embeddable":true,"href":"https:\/\/uj.adatbank.ro\/lexikon\/wp-json\/wp\/v2\/comments?post=4798"}],"wp:attachment":[{"href":"https:\/\/uj.adatbank.ro\/lexikon\/wp-json\/wp\/v2\/media?parent=4798"}],"wp:term":[{"taxonomy":"product_brand","embeddable":true,"href":"https:\/\/uj.adatbank.ro\/lexikon\/wp-json\/wp\/v2\/product_brand?post=4798"},{"taxonomy":"product_cat","embeddable":true,"href":"https:\/\/uj.adatbank.ro\/lexikon\/wp-json\/wp\/v2\/product_cat?post=4798"},{"taxonomy":"product_tag","embeddable":true,"href":"https:\/\/uj.adatbank.ro\/lexikon\/wp-json\/wp\/v2\/product_tag?post=4798"}],"curies":[{"name":"wp","href":"https:\/\/api.w.org\/{rel}","templated":true}]}}

BÍRÓ József

<p>Pókakeresztúr, 1887. márc. 16., † Castagnole (Svájc), 1975. jan. 13.: festőművész, grafikus. – Középiskoláit Máramarosszigeten, festészeti tanulmányait Bp.-en, Párizsban végezte. Olaszo.-i, svájci és ausztriai tanulmányútja után visszatért Párizsba, ott élt (–1914), amikor internálták, két és fél évi várfogság után, Genfbe F. Hodlernél befejezte művészeti tanulmányait. Visszatért Mo.-ra (1920–), Bp.-en rajztanár volt (1923-ig). Zürichben rendezte első önálló kiállítását, Bp.-en a Paál László Társ. kiállításán mutatkozott be (1923); e művészeti csoportosulásnak alapítója és titkára volt (1923–44). A Borsszem Jankó, a Kakas Márton, az Üstökös munkatársa. Svájcban, Brében élt (1946–). Portrékat és m. vonatkozású tájképeket festett, amelyeken erő­sen érződik genfi mesterének, Holdernek a ha­tása. A barcelomai Világkiállításon ezüst érmet, a bp. i egyházművészeti kiállításon festészeti első díjat nyert. Néhány művét Magyaro.-n, képeinek zömét azonban külföldi (spa­nyol, svéd, svájci, amerikai) gyűjtemények­ben őrzik. Tanulmányait bel- és külföldi folyóiratokban közölte. – <strong>F. m.:</strong> <strong>antológ.:</strong> A mv.-i képtár = Mv. és Vártemploma (Mv., 1990); <strong>Emlékkiáll.:</strong> Lugano (1988). <br /><strong>Irod.:</strong> Éber; Gulyás; MNL; Molnár; RÚL; Szabó–Kállai; Szíj Rezső: B. J. (M. művészek a nagyvilágban. Bp., 1975), ÚMÉL</br></p>

<p>Pókakeresztúr, 1887. márc. 16., † Castagnole (Svájc), 1975. jan. 13.: festőművész, grafikus. – Középiskoláit Máramarosszigeten, festészeti tanulmányait Bp.-en, Párizsban végezte. Olaszo.-i, svájci és ausztriai tanulmányútja után visszatért Párizsba, ott élt (–1914), amikor internálták, két és fél évi várfogság után, Genfbe F. Hodlernél befejezte művészeti tanulmányait. Visszatért Mo.-ra (1920–), Bp.-en rajztanár volt (1923-ig). Zürichben rendezte első [&hellip;]</p>
