{"id":4800,"date":"2025-06-28T16:53:38","date_gmt":"2025-06-28T14:53:38","guid":{"rendered":"https:\/\/uj.adatbank.ro\/lexikon\/termek\/biro-jozsef-braun-jozsef\/"},"modified":"2025-06-28T16:53:38","modified_gmt":"2025-06-28T14:53:38","slug":"biro-jozsef-braun-jozsef","status":"publish","type":"product","link":"https:\/\/uj.adatbank.ro\/lexikon\/termek\/biro-jozsef-braun-jozsef\/","title":{"rendered":"B\u00cdR\u00d3 J\u00f3zsef; Braun J\u00f3zsef"},"content":{"rendered":"<p>Nagyv\u00e1rad, 1907. j\u00fal. 8., \u2020 Bp., 1945. jan. 6.: m\u0171v\u00e9szett\u00f6rt\u00e9n\u00e9sz, fest\u0151, grafol\u00f3gus. \u2013 R\u00e9ti Istv\u00e1n tan\u00edtv\u00e1nyak\u00e9nt v\u00e9gezte el a bp.-i k\u00e9pz\u0151m\u0171v. f\u0151isk.-t (1929), b\u00f6lcs\u00e9szdoktori okleve\u00adlet szerzett (1932). Nagyv\u00e1radon a Bi\u00adhar megyei \u00e9s Nagyv\u00e1radi R\u00e9g\u00e9szeti \u00e9s T\u00f6rt. Egy\u00adlet m\u00faz.-\u00e1nak k\u00f6nyvt\u00e1rosa (1932\u2013), Bp.-en mag\u00e1ntisztvisel\u0151 (1940\u2013). Az erd\u00e9lyi barokk m\u0171v\u00e9szet kiv\u00e1l\u00f3 ismer\u0151je, sokat foglalkozott m\u0171eml\u00e9k\u00adv\u00e9delmi k\u00e9rd\u00e9sekkel. Kelemen Lajos seg\u00edts\u00e9\u00adg\u00e9vel alapos lev\u00e9lt\u00e1ri kutat\u00e1sokat v\u00e9gzett \u00e9s helysz\u00edni tanulm\u00e1nyokat folytatott. Guly\u00e1s K\u00e1rollyal elv\u00e9gezt\u00e9k a Teleki T\u00e9ka k\u00f6nyv \u00e1llom\u00e1ny\u00e1nak \u00e1ltal\u00e1nos nagy ellen\u0151rz\u00e9s\u00e9t, \u00f6ssze\u00e1ll\u00edtott\u00e1k a Teleki K\u00e1roly \u00fatj\u00e1n elveszett k\u00f6nyvek \u00e9s k\u00e9ziratok list\u00e1j\u00e1t (1937). K\u00e9peivel t\u00f6bb bp.-i ki\u00e1ll\u00edt\u00e1\u00adson szerepelt, festm\u00e9nyei a II. vh. v\u00e9g\u00e9n meg\u00adsemmis\u00fcltek. A nyilas uralom idej\u00e9n apj\u00e1val egy\u00fctt a Dun\u00e1ba l\u0151tt\u00e9k. \u2013 <strong>F. m.:<\/strong> Nagyv\u00e1rad barokk \u00e9s neoklasszikus m\u0171v\u00e9szeti eml\u00e9kei (1932); A bonczhidai B\u00e1nffy-kast\u00e9ly (Cluj, 1935); M. m\u0171v\u00e9szet \u00e9s erd\u00e9lyi m\u0171v\u00e9szet (Cluj, 1935); A gernyeszegi Teleki kast\u00e9ly (Bp., 1938.); Erd\u00e9ly m\u0171v\u00e9szete (Bp., 1941); Erd\u00e9lyi kast\u00e9lyok (Bp., 1943). <br \/><strong>Irod.:<\/strong> B\u00e1nyai R\u00e9ka: Guly\u00e1s K\u00e1roly [k\u00e9zirat]; Fund\u00e1lok, pall\u00e9ro; Id\u0151t\u00e1r 3; MNL; Szab\u00f3\u2013K\u00e1llai; \u00daM\u00c9L; Valentiny 1936<\/br><\/p>\n","protected":false},"excerpt":{"rendered":"<p>Nagyv\u00e1rad, 1907. j\u00fal. 8., \u2020 Bp., 1945. jan. 6.: m\u0171v\u00e9szett\u00f6rt\u00e9n\u00e9sz, fest\u0151, grafol\u00f3gus. \u2013 R\u00e9ti Istv\u00e1n tan\u00edtv\u00e1nyak\u00e9nt v\u00e9gezte el a bp.-i k\u00e9pz\u0151m\u0171v. f\u0151isk.-t (1929), b\u00f6lcs\u00e9szdoktori okleve\u00adlet szerzett (1932). Nagyv\u00e1radon a Bi\u00adhar megyei \u00e9s Nagyv\u00e1radi R\u00e9g\u00e9szeti \u00e9s T\u00f6rt. Egy\u00adlet m\u00faz.-\u00e1nak k\u00f6nyvt\u00e1rosa (1932\u2013), Bp.-en mag\u00e1ntisztvisel\u0151 (1940\u2013). Az erd\u00e9lyi barokk m\u0171v\u00e9szet kiv\u00e1l\u00f3 ismer\u0151je, sokat foglalkozott m\u0171eml\u00e9k\u00adv\u00e9delmi k\u00e9rd\u00e9sekkel. Kelemen Lajos [&hellip;]<\/p>\n","protected":false},"featured_media":0,"comment_status":"open","ping_status":"closed","template":"","meta":[],"product_brand":[],"product_cat":[137],"product_tag":[],"class_list":{"0":"post-4800","1":"product","2":"type-product","3":"status-publish","5":"product_cat-maros-megyei-eletrajzi-lexikon","7":"first","8":"instock","9":"shipping-taxable","10":"product-type-simple"},"_links":{"self":[{"href":"https:\/\/uj.adatbank.ro\/lexikon\/wp-json\/wp\/v2\/product\/4800","targetHints":{"allow":["GET"]}}],"collection":[{"href":"https:\/\/uj.adatbank.ro\/lexikon\/wp-json\/wp\/v2\/product"}],"about":[{"href":"https:\/\/uj.adatbank.ro\/lexikon\/wp-json\/wp\/v2\/types\/product"}],"replies":[{"embeddable":true,"href":"https:\/\/uj.adatbank.ro\/lexikon\/wp-json\/wp\/v2\/comments?post=4800"}],"wp:attachment":[{"href":"https:\/\/uj.adatbank.ro\/lexikon\/wp-json\/wp\/v2\/media?parent=4800"}],"wp:term":[{"taxonomy":"product_brand","embeddable":true,"href":"https:\/\/uj.adatbank.ro\/lexikon\/wp-json\/wp\/v2\/product_brand?post=4800"},{"taxonomy":"product_cat","embeddable":true,"href":"https:\/\/uj.adatbank.ro\/lexikon\/wp-json\/wp\/v2\/product_cat?post=4800"},{"taxonomy":"product_tag","embeddable":true,"href":"https:\/\/uj.adatbank.ro\/lexikon\/wp-json\/wp\/v2\/product_tag?post=4800"}],"curies":[{"name":"wp","href":"https:\/\/api.w.org\/{rel}","templated":true}]}}

BÍRÓ József; Braun József

<p>Nagyvárad, 1907. júl. 8., † Bp., 1945. jan. 6.: művészettörténész, festő, grafológus. – Réti István tanítványaként végezte el a bp.-i képzőműv. főisk.-t (1929), bölcsészdoktori okleve­let szerzett (1932). Nagyváradon a Bi­har megyei és Nagyváradi Régészeti és Tört. Egy­let múz.-ának könyvtárosa (1932–), Bp.-en magántisztviselő (1940–). Az erdélyi barokk művészet kiváló ismerője, sokat foglalkozott műemlék­védelmi kérdésekkel. Kelemen Lajos segítsé­gével alapos levéltári kutatásokat végzett és helyszíni tanulmányokat folytatott. Gulyás Károllyal elvégezték a Teleki Téka könyv állományának általános nagy ellenőrzését, összeállították a Teleki Károly útján elveszett könyvek és kéziratok listáját (1937). Képeivel több bp.-i kiállítá­son szerepelt, festményei a II. vh. végén meg­semmisültek. A nyilas uralom idején apjával együtt a Dunába lőtték. – <strong>F. m.:</strong> Nagyvárad barokk és neoklasszikus művészeti emlékei (1932); A bonczhidai Bánffy-kastély (Cluj, 1935); M. művészet és erdélyi művészet (Cluj, 1935); A gernyeszegi Teleki kastély (Bp., 1938.); Erdély művészete (Bp., 1941); Erdélyi kastélyok (Bp., 1943). <br /><strong>Irod.:</strong> Bányai Réka: Gulyás Károly [kézirat]; Fundálok, palléro; Időtár 3; MNL; Szabó–Kállai; ÚMÉL; Valentiny 1936</br></p>

<p>Nagyvárad, 1907. júl. 8., † Bp., 1945. jan. 6.: művészettörténész, festő, grafológus. – Réti István tanítványaként végezte el a bp.-i képzőműv. főisk.-t (1929), bölcsészdoktori okleve­let szerzett (1932). Nagyváradon a Bi­har megyei és Nagyváradi Régészeti és Tört. Egy­let múz.-ának könyvtárosa (1932–), Bp.-en magántisztviselő (1940–). Az erdélyi barokk művészet kiváló ismerője, sokat foglalkozott műemlék­védelmi kérdésekkel. Kelemen Lajos [&hellip;]</p>
