{"id":4806,"date":"2025-06-28T16:53:50","date_gmt":"2025-06-28T14:53:50","guid":{"rendered":"https:\/\/uj.adatbank.ro\/lexikon\/termek\/biro-laszlo-3\/"},"modified":"2025-06-28T16:53:50","modified_gmt":"2025-06-28T14:53:50","slug":"biro-laszlo-3","status":"publish","type":"product","link":"https:\/\/uj.adatbank.ro\/lexikon\/termek\/biro-laszlo-3\/","title":{"rendered":"B\u00cdR\u00d3 L\u00e1szl\u00f3"},"content":{"rendered":"<p>Cs\u00edksomly\u00f3, 1940. m\u00e1rc. 8., \u2020 ? : r. k. pap. \u2013 Abosfalva pl\u00e9b\u00e1nosa (1968\u201370). M\u00e9g sok m\u00e1shelyen volt lelkip\u00e1sztor. <br \/><strong>Irod.:<\/strong> Ferenczi S\u00e1ndor 2009; Maros-k\u00fck\u00fcll\u0151i f\u0151esp.<\/br><\/p>\n","protected":false},"excerpt":{"rendered":"<p>Cs\u00edksomly\u00f3, 1940. m\u00e1rc. 8., \u2020 ? : r. k. pap. \u2013 Abosfalva pl\u00e9b\u00e1nosa (1968\u201370). M\u00e9g sok m\u00e1shelyen volt lelkip\u00e1sztor. Irod.: Ferenczi S\u00e1ndor 2009; Maros-k\u00fck\u00fcll\u0151i f\u0151esp.<\/p>\n","protected":false},"featured_media":0,"comment_status":"open","ping_status":"closed","template":"","meta":[],"product_brand":[],"product_cat":[137],"product_tag":[],"class_list":{"0":"post-4806","1":"product","2":"type-product","3":"status-publish","5":"product_cat-maros-megyei-eletrajzi-lexikon","7":"first","8":"instock","9":"shipping-taxable","10":"product-type-simple"},"_links":{"self":[{"href":"https:\/\/uj.adatbank.ro\/lexikon\/wp-json\/wp\/v2\/product\/4806","targetHints":{"allow":["GET"]}}],"collection":[{"href":"https:\/\/uj.adatbank.ro\/lexikon\/wp-json\/wp\/v2\/product"}],"about":[{"href":"https:\/\/uj.adatbank.ro\/lexikon\/wp-json\/wp\/v2\/types\/product"}],"replies":[{"embeddable":true,"href":"https:\/\/uj.adatbank.ro\/lexikon\/wp-json\/wp\/v2\/comments?post=4806"}],"wp:attachment":[{"href":"https:\/\/uj.adatbank.ro\/lexikon\/wp-json\/wp\/v2\/media?parent=4806"}],"wp:term":[{"taxonomy":"product_brand","embeddable":true,"href":"https:\/\/uj.adatbank.ro\/lexikon\/wp-json\/wp\/v2\/product_brand?post=4806"},{"taxonomy":"product_cat","embeddable":true,"href":"https:\/\/uj.adatbank.ro\/lexikon\/wp-json\/wp\/v2\/product_cat?post=4806"},{"taxonomy":"product_tag","embeddable":true,"href":"https:\/\/uj.adatbank.ro\/lexikon\/wp-json\/wp\/v2\/product_tag?post=4806"}],"curies":[{"name":"wp","href":"https:\/\/api.w.org\/{rel}","templated":true}]}}