{"id":4812,"date":"2025-06-28T16:54:01","date_gmt":"2025-06-28T14:54:01","guid":{"rendered":"https:\/\/uj.adatbank.ro\/lexikon\/termek\/biro-nandor\/"},"modified":"2025-06-28T16:54:01","modified_gmt":"2025-06-28T14:54:01","slug":"biro-nandor","status":"publish","type":"product","link":"https:\/\/uj.adatbank.ro\/lexikon\/termek\/biro-nandor\/","title":{"rendered":"BIR\u00d3 N\u00e1ndor"},"content":{"rendered":"<p>? \u2020 Sz\u00e1szr\u00e9gen, 2009. \u00e1pr. 21.: tan\u00e1r.- A sz\u00e1szr\u00e9geni M. Tannyelv\u0171 Pedag\u00f3giai Iskola tan\u00e1ra volt (1948- ) <br \/><strong>Irod.:<\/strong> [Nekrol\u00f3g], (N\u00fa., 2009. \u00e1pr. 22.); Szab\u00f3 K. Attila<\/br><\/p>\n","protected":false},"excerpt":{"rendered":"<p>? \u2020 Sz\u00e1szr\u00e9gen, 2009. \u00e1pr. 21.: tan\u00e1r.- A sz\u00e1szr\u00e9geni M. Tannyelv\u0171 Pedag\u00f3giai Iskola tan\u00e1ra volt (1948- ) Irod.: [Nekrol\u00f3g], (N\u00fa., 2009. \u00e1pr. 22.); Szab\u00f3 K. Attila<\/p>\n","protected":false},"featured_media":0,"comment_status":"open","ping_status":"closed","template":"","meta":[],"product_brand":[],"product_cat":[137],"product_tag":[],"class_list":{"0":"post-4812","1":"product","2":"type-product","3":"status-publish","5":"product_cat-maros-megyei-eletrajzi-lexikon","7":"first","8":"instock","9":"shipping-taxable","10":"product-type-simple"},"_links":{"self":[{"href":"https:\/\/uj.adatbank.ro\/lexikon\/wp-json\/wp\/v2\/product\/4812","targetHints":{"allow":["GET"]}}],"collection":[{"href":"https:\/\/uj.adatbank.ro\/lexikon\/wp-json\/wp\/v2\/product"}],"about":[{"href":"https:\/\/uj.adatbank.ro\/lexikon\/wp-json\/wp\/v2\/types\/product"}],"replies":[{"embeddable":true,"href":"https:\/\/uj.adatbank.ro\/lexikon\/wp-json\/wp\/v2\/comments?post=4812"}],"wp:attachment":[{"href":"https:\/\/uj.adatbank.ro\/lexikon\/wp-json\/wp\/v2\/media?parent=4812"}],"wp:term":[{"taxonomy":"product_brand","embeddable":true,"href":"https:\/\/uj.adatbank.ro\/lexikon\/wp-json\/wp\/v2\/product_brand?post=4812"},{"taxonomy":"product_cat","embeddable":true,"href":"https:\/\/uj.adatbank.ro\/lexikon\/wp-json\/wp\/v2\/product_cat?post=4812"},{"taxonomy":"product_tag","embeddable":true,"href":"https:\/\/uj.adatbank.ro\/lexikon\/wp-json\/wp\/v2\/product_tag?post=4812"}],"curies":[{"name":"wp","href":"https:\/\/api.w.org\/{rel}","templated":true}]}}