{"id":4816,"date":"2025-06-28T16:54:07","date_gmt":"2025-06-28T14:54:07","guid":{"rendered":"https:\/\/uj.adatbank.ro\/lexikon\/termek\/biro-samuel-homorodszentmartoni\/"},"modified":"2025-06-28T16:54:07","modified_gmt":"2025-06-28T14:54:07","slug":"biro-samuel-homorodszentmartoni","status":"publish","type":"product","link":"https:\/\/uj.adatbank.ro\/lexikon\/termek\/biro-samuel-homorodszentmartoni\/","title":{"rendered":"BIR\u00d3 S\u00e1muel, homor\u00f3dszentm\u00e1rtoni"},"content":{"rendered":"<p>? \u2020 Nagykend, 1721. febr. 23. (a temet\u00e9se napja): guberniumi tan\u00e1csos. \u2013 B. Istv\u00e1n \u00e9s Kib\u00e9di D\u00f3zsa Zs\u00f3fia fia. Feles\u00e9ge: vargyasi br. Daniel Kl\u00e1ra (1678. k. \u2013 1721), Daniel Istv\u00e1n (1639\u20131688) f\u0151kir\u00e1lyb\u00edr\u00f3 \u00e9s Kem\u00e9ny Zs\u00f3fia le\u00e1nya. Fi\u00fak: S\u00e1muel. \u2013 B\u00e1nffy gubern\u00e1tor \u00e9s feles\u00e9ge kopors\u00f3j\u00e1ba helyezt\u00e9k latin nyelven \u00edrt b\u00facs\u00faverseit. <br \/><strong>Irod.:<\/strong> \u00c1rva Bethlen K.; Erd\u00e9ly \u00f6r\u00f6ks\u00e9ge 3.; Lomb\u00e1rd Mih\u00e1ly: Besz\u00e9d Homor\u00f3dszentm\u00e1rtoni Bir\u00f3 S\u00e1muel felett 1721. febr. 23.-\u00e1n Nagykenden (Kv., 1903); P\u00e1lmay; Szinnyei; Wessel\u00e9nyi Istv\u00e1n<\/br><\/p>\n","protected":false},"excerpt":{"rendered":"<p>? \u2020 Nagykend, 1721. febr. 23. (a temet\u00e9se napja): guberniumi tan\u00e1csos. \u2013 B. Istv\u00e1n \u00e9s Kib\u00e9di D\u00f3zsa Zs\u00f3fia fia. Feles\u00e9ge: vargyasi br. Daniel Kl\u00e1ra (1678. k. \u2013 1721), Daniel Istv\u00e1n (1639\u20131688) f\u0151kir\u00e1lyb\u00edr\u00f3 \u00e9s Kem\u00e9ny Zs\u00f3fia le\u00e1nya. Fi\u00fak: S\u00e1muel. \u2013 B\u00e1nffy gubern\u00e1tor \u00e9s feles\u00e9ge kopors\u00f3j\u00e1ba helyezt\u00e9k latin nyelven \u00edrt b\u00facs\u00faverseit. Irod.: \u00c1rva Bethlen K.; Erd\u00e9ly \u00f6r\u00f6ks\u00e9ge [&hellip;]<\/p>\n","protected":false},"featured_media":0,"comment_status":"open","ping_status":"closed","template":"","meta":[],"product_brand":[],"product_cat":[137],"product_tag":[],"class_list":{"0":"post-4816","1":"product","2":"type-product","3":"status-publish","5":"product_cat-maros-megyei-eletrajzi-lexikon","7":"first","8":"instock","9":"shipping-taxable","10":"product-type-simple"},"_links":{"self":[{"href":"https:\/\/uj.adatbank.ro\/lexikon\/wp-json\/wp\/v2\/product\/4816","targetHints":{"allow":["GET"]}}],"collection":[{"href":"https:\/\/uj.adatbank.ro\/lexikon\/wp-json\/wp\/v2\/product"}],"about":[{"href":"https:\/\/uj.adatbank.ro\/lexikon\/wp-json\/wp\/v2\/types\/product"}],"replies":[{"embeddable":true,"href":"https:\/\/uj.adatbank.ro\/lexikon\/wp-json\/wp\/v2\/comments?post=4816"}],"wp:attachment":[{"href":"https:\/\/uj.adatbank.ro\/lexikon\/wp-json\/wp\/v2\/media?parent=4816"}],"wp:term":[{"taxonomy":"product_brand","embeddable":true,"href":"https:\/\/uj.adatbank.ro\/lexikon\/wp-json\/wp\/v2\/product_brand?post=4816"},{"taxonomy":"product_cat","embeddable":true,"href":"https:\/\/uj.adatbank.ro\/lexikon\/wp-json\/wp\/v2\/product_cat?post=4816"},{"taxonomy":"product_tag","embeddable":true,"href":"https:\/\/uj.adatbank.ro\/lexikon\/wp-json\/wp\/v2\/product_tag?post=4816"}],"curies":[{"name":"wp","href":"https:\/\/api.w.org\/{rel}","templated":true}]}}

BIRÓ Sámuel, homoródszentmártoni

<p>? † Nagykend, 1721. febr. 23. (a temetése napja): guberniumi tanácsos. – B. István és Kibédi Dózsa Zsófia fia. Felesége: vargyasi br. Daniel Klára (1678. k. – 1721), Daniel István (1639–1688) főkirálybíró és Kemény Zsófia leánya. Fiúk: Sámuel. – Bánffy gubernátor és felesége koporsójába helyezték latin nyelven írt búcsúverseit. <br /><strong>Irod.:</strong> Árva Bethlen K.; Erdély öröksége 3.; Lombárd Mihály: Beszéd Homoródszentmártoni Biró Sámuel felett 1721. febr. 23.-án Nagykenden (Kv., 1903); Pálmay; Szinnyei; Wesselényi István</br></p>

<p>? † Nagykend, 1721. febr. 23. (a temetése napja): guberniumi tanácsos. – B. István és Kibédi Dózsa Zsófia fia. Felesége: vargyasi br. Daniel Klára (1678. k. – 1721), Daniel István (1639–1688) főkirálybíró és Kemény Zsófia leánya. Fiúk: Sámuel. – Bánffy gubernátor és felesége koporsójába helyezték latin nyelven írt búcsúverseit. Irod.: Árva Bethlen K.; Erdély öröksége [&hellip;]</p>
