{"id":4819,"date":"2025-06-28T16:54:14","date_gmt":"2025-06-28T14:54:14","guid":{"rendered":"https:\/\/uj.adatbank.ro\/lexikon\/termek\/biro-sandor-2\/"},"modified":"2025-06-28T16:54:14","modified_gmt":"2025-06-28T14:54:14","slug":"biro-sandor-2","status":"publish","type":"product","link":"https:\/\/uj.adatbank.ro\/lexikon\/termek\/biro-sandor-2\/","title":{"rendered":"BIR\u00d3 S\u00e1ndor"},"content":{"rendered":"<p>Nagyadorj\u00e1n, 1897. m\u00e1rc. 17., \u2020\u00a0? : gazd\u00e1lkod\u00f3, f\u00f6ldm\u0171ves. \u2013 R\u00e9gi l\u00f3f\u0151 nemesi sz\u00e9kely csal\u00e1d sarja. \u2013 \u00d6n\u00e1ll\u00f3 gazd\u00e1lkod\u00f3 lett sz\u00fcl\u0151faluj\u00e1ban 30 holdon (1917\u2013). Az els\u0151 vh.-ban az alb\u00e1n fronton teljes\u00edtett szolg\u00e1latot. K\u00f6zs\u00e9gi k\u00e9pvisel\u0151, a Gazdak\u00f6r eln\u00f6ke. A m. politikai \u00e9s kultur\u00e1lis mozgalmak h\u00edve \u00e9s t\u00e1mogat\u00f3ja volt. Terrorcselekm\u00e9ny k\u00eds\u00e9rlete miatt 18 havi jav\u00edt\u00f3b\u00f6rt\u00f6nre \u00edt\u00e9lt\u00e9k (1947). \u00dajb\u00f3l letart\u00f3ztatt\u00e1k, mint a forradalom szimpatiz\u00e1ns\u00e1t \u00e9s az eszm\u00e9k terjeszt\u0151j\u00e9t (1962. m\u00e1rc. 12.), a t\u00e1rsadfalmi rend elleni t\u00e9nyked\u00e9s v\u00e1dj\u00e1val Balogh \u00c1bellel egy\u00fctt \u00e1ll\u00edtott\u00e1k b\u00edr\u00f3s\u00e1g el\u00e9, 5 \u00e9vre it\u00e9lt\u00e9k \u00e9s teljes vagyonelkobz\u00e1sra. Nagyadorj\u00e1ni \u00e1ldozata az 1956-os esem\u00e9nyeknek. <br \/><strong>Irod.:<\/strong> Balogh K\u00e1roly: A harangok vigasztal\u00f3 szava (N\u00fa., 2010. nov. 3.); 1956 Erd\u00e9lyben, Sz\u00e9kelyf\u00f6ld \u00ed. k.<\/br><\/p>\n","protected":false},"excerpt":{"rendered":"<p>Nagyadorj\u00e1n, 1897. m\u00e1rc. 17., \u2020\u00a0? : gazd\u00e1lkod\u00f3, f\u00f6ldm\u0171ves. \u2013 R\u00e9gi l\u00f3f\u0151 nemesi sz\u00e9kely csal\u00e1d sarja. \u2013 \u00d6n\u00e1ll\u00f3 gazd\u00e1lkod\u00f3 lett sz\u00fcl\u0151faluj\u00e1ban 30 holdon (1917\u2013). Az els\u0151 vh.-ban az alb\u00e1n fronton teljes\u00edtett szolg\u00e1latot. K\u00f6zs\u00e9gi k\u00e9pvisel\u0151, a Gazdak\u00f6r eln\u00f6ke. A m. politikai \u00e9s kultur\u00e1lis mozgalmak h\u00edve \u00e9s t\u00e1mogat\u00f3ja volt. Terrorcselekm\u00e9ny k\u00eds\u00e9rlete miatt 18 havi jav\u00edt\u00f3b\u00f6rt\u00f6nre \u00edt\u00e9lt\u00e9k (1947). \u00dajb\u00f3l [&hellip;]<\/p>\n","protected":false},"featured_media":0,"comment_status":"open","ping_status":"closed","template":"","meta":[],"product_brand":[],"product_cat":[137],"product_tag":[],"class_list":{"0":"post-4819","1":"product","2":"type-product","3":"status-publish","5":"product_cat-maros-megyei-eletrajzi-lexikon","7":"first","8":"instock","9":"shipping-taxable","10":"product-type-simple"},"_links":{"self":[{"href":"https:\/\/uj.adatbank.ro\/lexikon\/wp-json\/wp\/v2\/product\/4819","targetHints":{"allow":["GET"]}}],"collection":[{"href":"https:\/\/uj.adatbank.ro\/lexikon\/wp-json\/wp\/v2\/product"}],"about":[{"href":"https:\/\/uj.adatbank.ro\/lexikon\/wp-json\/wp\/v2\/types\/product"}],"replies":[{"embeddable":true,"href":"https:\/\/uj.adatbank.ro\/lexikon\/wp-json\/wp\/v2\/comments?post=4819"}],"wp:attachment":[{"href":"https:\/\/uj.adatbank.ro\/lexikon\/wp-json\/wp\/v2\/media?parent=4819"}],"wp:term":[{"taxonomy":"product_brand","embeddable":true,"href":"https:\/\/uj.adatbank.ro\/lexikon\/wp-json\/wp\/v2\/product_brand?post=4819"},{"taxonomy":"product_cat","embeddable":true,"href":"https:\/\/uj.adatbank.ro\/lexikon\/wp-json\/wp\/v2\/product_cat?post=4819"},{"taxonomy":"product_tag","embeddable":true,"href":"https:\/\/uj.adatbank.ro\/lexikon\/wp-json\/wp\/v2\/product_tag?post=4819"}],"curies":[{"name":"wp","href":"https:\/\/api.w.org\/{rel}","templated":true}]}}

BIRÓ Sándor

<p>Nagyadorján, 1897. márc. 17., † ? : gazdálkodó, földműves. – Régi lófő nemesi székely család sarja. – Önálló gazdálkodó lett szülőfalujában 30 holdon (1917–). Az első vh.-ban az albán fronton teljesített szolgálatot. Községi képviselő, a Gazdakör elnöke. A m. politikai és kulturális mozgalmak híve és támogatója volt. Terrorcselekmény kísérlete miatt 18 havi javítóbörtönre ítélték (1947). Újból letartóztatták, mint a forradalom szimpatizánsát és az eszmék terjesztőjét (1962. márc. 12.), a társadfalmi rend elleni ténykedés vádjával Balogh Ábellel együtt állították bíróság elé, 5 évre itélték és teljes vagyonelkobzásra. Nagyadorjáni áldozata az 1956-os eseményeknek. <br /><strong>Irod.:</strong> Balogh Károly: A harangok vigasztaló szava (Nú., 2010. nov. 3.); 1956 Erdélyben, Székelyföld í. k.</br></p>

<p>Nagyadorján, 1897. márc. 17., † ? : gazdálkodó, földműves. – Régi lófő nemesi székely család sarja. – Önálló gazdálkodó lett szülőfalujában 30 holdon (1917–). Az első vh.-ban az albán fronton teljesített szolgálatot. Községi képviselő, a Gazdakör elnöke. A m. politikai és kulturális mozgalmak híve és támogatója volt. Terrorcselekmény kísérlete miatt 18 havi javítóbörtönre ítélték (1947). Újból [&hellip;]</p>
