{"id":4822,"date":"2025-06-28T16:54:19","date_gmt":"2025-06-28T14:54:19","guid":{"rendered":"https:\/\/uj.adatbank.ro\/lexikon\/termek\/biro-sandor-kisgorgenyi\/"},"modified":"2025-06-28T16:54:19","modified_gmt":"2025-06-28T14:54:19","slug":"biro-sandor-kisgorgenyi","status":"publish","type":"product","link":"https:\/\/uj.adatbank.ro\/lexikon\/termek\/biro-sandor-kisgorgenyi\/","title":{"rendered":"BIR\u00d3 S\u00e1ndor, kisg\u00f6rg\u00e9nyi"},"content":{"rendered":"<p>? \u2020\u00a0? : alkir\u00e1lyb\u00edr\u00f3. \u2013 Feles\u00e9ge: Bajnai Kl\u00e1ra, a gy\u00fclekezetnek sz\u00f3sz\u00e9kkoron\u00e1t \u00e9s \u00farasztalt aj\u00e1nd\u00e9kozott. A csittszentiv\u00e1ni k\u0151templom \u00e9p\u00edt\u00e9se \u00e9s felszentel\u00e9se befejez\u0151d\u00f6tt (1790). A zsindelytet\u0151s tornyot \u00e9p\u00edtett\u00e9k (1793\u201395), torony\u00f3r\u00e1t 600 arany forint\u00e9rt v\u00e1s\u00e1rolt\u00e1k (1832), ma m\u00e1r nem m\u0171k\u00f6dik. A templom f\u00f6ldreng\u00e9sben (1847) megrong\u00e1l\u00f3dott, ez\u00e9rt vasp\u00e1nttal k\u00f6t\u00f6tt\u00e9k k\u00f6rbe (1847). A mv.-i orgona\u00e9p\u00edt\u0151 Tak\u00e1csi Ign\u00e1c k\u00e9sz\u00edtette a hat v\u00e1ltozat\u00fa orgon\u00e1t, de ma m\u00e1r a n\u00e9metorsz\u00e1gb\u00f3l aj\u00e1nd\u00e9kba kapott orgona m\u0171k\u00f6dik. A templom zsindelyfed\u00e9l tornya megrong\u00e1l\u00f3dott \u00e9s ez\u00e9rt b\u00e1doggal fedt\u00e9k be a tornyot \u00e9s korszer\u0171 templomker\u00edt\u00e9st is k\u00e9sz\u00edtettek (1979). A mv.-i Ref. Koll. algondnoka (1803-05. j\u00fan. 5.). <br \/><strong>Irod.:<\/strong> Koncz; Maros \u2013 m\u0171eml\u00e9kek; P\u00e1lmay<\/br><\/p>\n","protected":false},"excerpt":{"rendered":"<p>? \u2020\u00a0? : alkir\u00e1lyb\u00edr\u00f3. \u2013 Feles\u00e9ge: Bajnai Kl\u00e1ra, a gy\u00fclekezetnek sz\u00f3sz\u00e9kkoron\u00e1t \u00e9s \u00farasztalt aj\u00e1nd\u00e9kozott. A csittszentiv\u00e1ni k\u0151templom \u00e9p\u00edt\u00e9se \u00e9s felszentel\u00e9se befejez\u0151d\u00f6tt (1790). A zsindelytet\u0151s tornyot \u00e9p\u00edtett\u00e9k (1793\u201395), torony\u00f3r\u00e1t 600 arany forint\u00e9rt v\u00e1s\u00e1rolt\u00e1k (1832), ma m\u00e1r nem m\u0171k\u00f6dik. A templom f\u00f6ldreng\u00e9sben (1847) megrong\u00e1l\u00f3dott, ez\u00e9rt vasp\u00e1nttal k\u00f6t\u00f6tt\u00e9k k\u00f6rbe (1847). A mv.-i orgona\u00e9p\u00edt\u0151 Tak\u00e1csi Ign\u00e1c k\u00e9sz\u00edtette a hat [&hellip;]<\/p>\n","protected":false},"featured_media":0,"comment_status":"open","ping_status":"closed","template":"","meta":[],"product_brand":[],"product_cat":[137],"product_tag":[],"class_list":{"0":"post-4822","1":"product","2":"type-product","3":"status-publish","5":"product_cat-maros-megyei-eletrajzi-lexikon","7":"first","8":"instock","9":"shipping-taxable","10":"product-type-simple"},"_links":{"self":[{"href":"https:\/\/uj.adatbank.ro\/lexikon\/wp-json\/wp\/v2\/product\/4822","targetHints":{"allow":["GET"]}}],"collection":[{"href":"https:\/\/uj.adatbank.ro\/lexikon\/wp-json\/wp\/v2\/product"}],"about":[{"href":"https:\/\/uj.adatbank.ro\/lexikon\/wp-json\/wp\/v2\/types\/product"}],"replies":[{"embeddable":true,"href":"https:\/\/uj.adatbank.ro\/lexikon\/wp-json\/wp\/v2\/comments?post=4822"}],"wp:attachment":[{"href":"https:\/\/uj.adatbank.ro\/lexikon\/wp-json\/wp\/v2\/media?parent=4822"}],"wp:term":[{"taxonomy":"product_brand","embeddable":true,"href":"https:\/\/uj.adatbank.ro\/lexikon\/wp-json\/wp\/v2\/product_brand?post=4822"},{"taxonomy":"product_cat","embeddable":true,"href":"https:\/\/uj.adatbank.ro\/lexikon\/wp-json\/wp\/v2\/product_cat?post=4822"},{"taxonomy":"product_tag","embeddable":true,"href":"https:\/\/uj.adatbank.ro\/lexikon\/wp-json\/wp\/v2\/product_tag?post=4822"}],"curies":[{"name":"wp","href":"https:\/\/api.w.org\/{rel}","templated":true}]}}

BIRÓ Sándor, kisgörgényi

<p>? † ? : alkirálybíró. – Felesége: Bajnai Klára, a gyülekezetnek szószékkoronát és úrasztalt ajándékozott. A csittszentiváni kőtemplom építése és felszentelése befejeződött (1790). A zsindelytetős tornyot építették (1793–95), toronyórát 600 arany forintért vásárolták (1832), ma már nem működik. A templom földrengésben (1847) megrongálódott, ezért vaspánttal kötötték körbe (1847). A mv.-i orgonaépítő Takácsi Ignác készítette a hat változatú orgonát, de ma már a németországból ajándékba kapott orgona működik. A templom zsindelyfedél tornya megrongálódott és ezért bádoggal fedték be a tornyot és korszerű templomkerítést is készítettek (1979). A mv.-i Ref. Koll. algondnoka (1803-05. jún. 5.). <br /><strong>Irod.:</strong> Koncz; Maros – műemlékek; Pálmay</br></p>

<p>? † ? : alkirálybíró. – Felesége: Bajnai Klára, a gyülekezetnek szószékkoronát és úrasztalt ajándékozott. A csittszentiváni kőtemplom építése és felszentelése befejeződött (1790). A zsindelytetős tornyot építették (1793–95), toronyórát 600 arany forintért vásárolták (1832), ma már nem működik. A templom földrengésben (1847) megrongálódott, ezért vaspánttal kötötték körbe (1847). A mv.-i orgonaépítő Takácsi Ignác készítette a hat [&hellip;]</p>
