{"id":4823,"date":"2025-06-28T16:54:21","date_gmt":"2025-06-28T14:54:21","guid":{"rendered":"https:\/\/uj.adatbank.ro\/lexikon\/termek\/biro-simon\/"},"modified":"2025-06-28T16:54:21","modified_gmt":"2025-06-28T14:54:21","slug":"biro-simon","status":"publish","type":"product","link":"https:\/\/uj.adatbank.ro\/lexikon\/termek\/biro-simon\/","title":{"rendered":"BIR\u00d3 Simon"},"content":{"rendered":"<p>Magyarb\u00fckk\u00f6s, 1893., \u2020\u00a0?\u00a0: tisztvisel\u0151. \u2013 Feles\u00e9ge: Adorj\u00e1ni Ilona ref. tan\u00edt\u00f3n\u0151. \u2013 Nagyenyeden tanult, Magyar\u00f3zdon br. Rad\u00e1k uradalm\u00e1n, majd br. Bornemissza Andr\u00e1sn\u00e9 uradalm\u00e1n m\u0171k\u00f6d\u00f6tt. Maross\u00e1rpatakon k\u00f6zs\u00e9gi tisztvisel\u0151. <br \/><strong>Irod.:<\/strong> Erd\u00e9lyi v\u00e1rmegy\u00e9k<\/br><\/p>\n","protected":false},"excerpt":{"rendered":"<p>Magyarb\u00fckk\u00f6s, 1893., \u2020\u00a0?\u00a0: tisztvisel\u0151. \u2013 Feles\u00e9ge: Adorj\u00e1ni Ilona ref. tan\u00edt\u00f3n\u0151. \u2013 Nagyenyeden tanult, Magyar\u00f3zdon br. Rad\u00e1k uradalm\u00e1n, majd br. Bornemissza Andr\u00e1sn\u00e9 uradalm\u00e1n m\u0171k\u00f6d\u00f6tt. Maross\u00e1rpatakon k\u00f6zs\u00e9gi tisztvisel\u0151. Irod.: Erd\u00e9lyi v\u00e1rmegy\u00e9k<\/p>\n","protected":false},"featured_media":0,"comment_status":"open","ping_status":"closed","template":"","meta":[],"product_brand":[],"product_cat":[137],"product_tag":[],"class_list":{"0":"post-4823","1":"product","2":"type-product","3":"status-publish","5":"product_cat-maros-megyei-eletrajzi-lexikon","7":"first","8":"instock","9":"shipping-taxable","10":"product-type-simple"},"_links":{"self":[{"href":"https:\/\/uj.adatbank.ro\/lexikon\/wp-json\/wp\/v2\/product\/4823","targetHints":{"allow":["GET"]}}],"collection":[{"href":"https:\/\/uj.adatbank.ro\/lexikon\/wp-json\/wp\/v2\/product"}],"about":[{"href":"https:\/\/uj.adatbank.ro\/lexikon\/wp-json\/wp\/v2\/types\/product"}],"replies":[{"embeddable":true,"href":"https:\/\/uj.adatbank.ro\/lexikon\/wp-json\/wp\/v2\/comments?post=4823"}],"wp:attachment":[{"href":"https:\/\/uj.adatbank.ro\/lexikon\/wp-json\/wp\/v2\/media?parent=4823"}],"wp:term":[{"taxonomy":"product_brand","embeddable":true,"href":"https:\/\/uj.adatbank.ro\/lexikon\/wp-json\/wp\/v2\/product_brand?post=4823"},{"taxonomy":"product_cat","embeddable":true,"href":"https:\/\/uj.adatbank.ro\/lexikon\/wp-json\/wp\/v2\/product_cat?post=4823"},{"taxonomy":"product_tag","embeddable":true,"href":"https:\/\/uj.adatbank.ro\/lexikon\/wp-json\/wp\/v2\/product_tag?post=4823"}],"curies":[{"name":"wp","href":"https:\/\/api.w.org\/{rel}","templated":true}]}}