{"id":4828,"date":"2025-06-28T16:54:27","date_gmt":"2025-06-28T14:54:27","guid":{"rendered":"https:\/\/uj.adatbank.ro\/lexikon\/termek\/birtalan-jozsef\/"},"modified":"2025-06-28T16:54:27","modified_gmt":"2025-06-28T14:54:27","slug":"birtalan-jozsef","status":"publish","type":"product","link":"https:\/\/uj.adatbank.ro\/lexikon\/termek\/birtalan-jozsef\/","title":{"rendered":"BIRTALAN J\u00f3zsef"},"content":{"rendered":"<p>Szil\u00e1gybagos, 1927. nov. 10., \u2020 Tisza\u00fajv\u00e1ros, 2017. szept. 20. eltemett\u00e9k a tiszaszederk\u00e9nyi ref. temet\u0151ben: tan\u00e1r, docens, zeneszerz\u0151, karmester. \u2013 Birtalan Feles\u00e9ge: Judit (Temesv\u00e1r, 1929. okt. 3. \u2013), zenetan\u00e1r, karnagy, zongoratan\u00e1r. Gyermekeik: Enik\u0151 (1956), csellista, tan\u00e1r; Zsolt (1958) m\u00e9rn\u00f6k. \u2013 Kv.-on a Gh. Dima Zeneakad\u00e9mi\u00e1n v\u00e9gzett zenrpedag\u00f3gia-karvezet\u00e9s \u00e9s hangszer szakon (1956). A kv.-i Zenel\u00edc. tan\u00e1ra, a M. Opera zenekar (1954\u20131956) \u00e9s az \u00c1llami Filharm\u00f3nia tagja. Mv.-en az \u00c1llami Sz\u00e9kely N\u00e9pi Egy\u00fcttes karmestere (1957- 1962) \u00e9s a Gyermek N\u00e9pi Egy\u00fcttes megalap\u00edt\u00e1s\u00e1nak f\u0151r\u00e9szese. A Rom\u00e1niai Zeneszerz\u0151k Sz\u00f6vets\u00e9g\u00e9nek tagja I1961). A mv.-i Tan\u00e1rk\u00e9pz\u0151 F\u0151iskola docense nyugd\u00edjaz\u00e1s\u00e1ig (1962\u20131986) \u00e9s a Maros \u00c1llami N\u00e9pi Egy\u00fcttes karmestere (1986\u20131988). Majd folytatta tev\u00e9kenys\u00e9g\u00e9t mint \u00f3raad\u00f3 tan\u00e1r a mv.-i K\u00e1ntortan\u00edt\u00f3k\u00e9pz\u0151 F\u0151iskol\u00e1n. F\u00fcl\u00f6p G. D\u00e9nes felk\u00e9rte, hogy a V\u00e1rtemplom Cantemus le\u00e1nyk\u00f3rus\u00e1nak legyen karmestere (1990\u2013). A csal\u00e1d Tisza\u00fajv\u00e1rosba k\u00f6lt\u00f6z\u00f6tt (2000), ahol folytatta alkot\u00f3 tev\u00e9kenys\u00e9g\u00e9t, egyh\u00e1zi m\u0171vek feldolgoz\u00e1s\u00e1s\u00e1val a Tisza\u00fajv\u00e1rosi Ref. \u00c9nekkarnak \u00e9s a Mez\u0151keresztesi Kamarak\u00f3rusnak. Szerzem\u00e9nyei n\u00e9pdalfeldolgoz\u00e1sok, k\u00f3rus zenekari szvitek, t\u00e1ncj\u00e1t\u00e9kok. 200-n\u00e1l t\u00f6bb k\u00f3rusm\u0171 szerz\u0151je: 10 gyermekkar (Buk., 1970); 10 f\u00e9rfikar (Mv., 1973); Kit vir\u00e1got r\u00f3zs\u00e1m adott: vegyes karok (Mv., 1973); Lakadalmas \u00e9nekek (Buk., 1976); K\u00f3rusok-Gyermek-, n\u0151i \u00e9s vegyes karok (Buk., 1988); 29 n\u0151ikar (1993); tank\u00f6nyv folytat\u00e1sokban: A karvezet\u00e9s elm\u00e9le (M\u0171vel\u0151d\u00e9s). Nagy sikert aratott Magyari Lajos Nem a feny\u0151k c. vers\u00e9nek nagyzenekari k\u00eds\u00e9retes kant\u00e1t\u00e1j\u00e1val. Utols\u00f3 nagy m\u0171ve a Cs\u00e1ng\u00f3 himnusz n\u00e9gysz\u00f3lam\u00fa vegyes karra val\u00f3 feldolgoz\u00e1sa. A Rom\u00e1niai Zeneszerz\u0151 Sz\u00f6vets\u00e9g K\u00f3rusalkot\u00e1si D\u00edj\u00e1val jutalmazt\u00e1k (1976). A zeneszerz\u0151i, karvezet\u0151i, zenepedag\u00f3giai munk\u00e1ss\u00e1g\u00e1\u00e9rt az Erd\u00e9lyi M. K\u00f6zm\u0171vel\u0151d\u00e9si Egyes\u00fclet a R\u00f3nai Antal d\u00edjjal t\u00fcntette ki (1997). A legjobb m\u0171sor\u00e1b\u00f3l lemezfelv\u00e9telt k\u00e9sz\u00edtett az Electrorecord v\u00e1llalat. 4 lemez k\u00e9sz\u00fclt. Az I.: n\u00e9gy vegyeskari k\u00f3russzvitet tartalmaz, zenekari k\u00eds\u00e9rlettel. Pl.: Kozma M\u00e1ty\u00e1s: V\u00e1lasz\u00fati n\u00e9pdalok; M\u00e1rkos Albert: Bihari n\u00e9pdalok; Birtalan J\u00f3zsef: Szeress , r\u00f3zs\u00e1m; Sz\u00e1llj el, p\u00e1va; \u00dagy elmegyek; Cs\u00edky Boldizs\u00e1r. Hervadj, r\u00f3zs\u00e1m!; II.: hazai magyar zeneszerz\u0151k t\u00f6megdal-feldolgoz\u00e1sai: Szab\u00f3 Csaba, Cs\u00edki Boldizs\u00e1r, Zolt\u00e1n Alad\u00e1r, Birtalan J\u00f3zsef, Kozma M\u00e1ty\u00e1s, Kozma G\u00e9za szerzem\u00e9nyei. III.: n\u00e9pdalsz\u00f3list\u00e1k legsikeresebb sz\u00e1mai: T\u00f3th Erzs\u00e9bet, Balogh D\u00e9nes, Kerest\u00e9ly L\u00e1szl\u00f3, Sz\u00e9lyes S\u00e1ndor, Ol\u00e1h \u00c1gnes, Sz\u00f6ll\u0151si Erzs\u00e9bet, Szentm\u00e1rtoni Elvira, Bod\u00f3 J\u00f3zsef, Sz\u00e9lyes Erzs\u00e9bet. IV.: T\u00f3th Erzs\u00e9bet el\u0151ad\u00e1s\u00e1ban sz\u00e9p n\u00e9pdalok. \u2013 Tisza\u00fajv\u00e1ros k\u00e9pvisel\u0151-test\u00fclete Lor\u00e1ntffy Zsuzsanna eml\u00e9kplakettel t\u00fcntette ki a v\u00e1ros \u00e9rdek\u00e9ben kifejtett tev\u00e9kenys\u00e9g\u00e9\u00e9rt (2008), \u00e9letm\u0171v\u00e9\u00e9rt az Orsz\u00e1ggy\u0171l\u00e9s Kultur\u00e1lis \u00e9s Sajt\u00f3bizotts\u00e1ga a M. k\u00f6zt\u00e1rsas\u00e1gi Ez\u00fcst \u00c9rdemkereszt kit\u00fcntet\u00e9st adom\u00e1nyozta (2011). \u2013 <strong>F. m.:<\/strong> Karvezet\u0151k k\u00f6nyve (1975); Ha foly\u00f3v\u00edz voln\u00e9k: v\u00e1logat\u00e1s Birtalan J\u00f3zsef k\u00f3rusm\u0171veib\u0151l (Tisza\u00fajv\u00e1ros, 2018). <br \/><strong>Irod.:<\/strong> Birtalan\u00e9k; EMKK 2000; Ha foly\u00f3v\u00edz voln\u00e9k; RMIL1; Sz\u00e9kely Sz. Z.; Zenetud. \u00edr\u00e1sok 1998<\/br><\/p>\n","protected":false},"excerpt":{"rendered":"<p>Szil\u00e1gybagos, 1927. nov. 10., \u2020 Tisza\u00fajv\u00e1ros, 2017. szept. 20. eltemett\u00e9k a tiszaszederk\u00e9nyi ref. temet\u0151ben: tan\u00e1r, docens, zeneszerz\u0151, karmester. \u2013 Birtalan Feles\u00e9ge: Judit (Temesv\u00e1r, 1929. okt. 3. \u2013), zenetan\u00e1r, karnagy, zongoratan\u00e1r. Gyermekeik: Enik\u0151 (1956), csellista, tan\u00e1r; Zsolt (1958) m\u00e9rn\u00f6k. \u2013 Kv.-on a Gh. Dima Zeneakad\u00e9mi\u00e1n v\u00e9gzett zenrpedag\u00f3gia-karvezet\u00e9s \u00e9s hangszer szakon (1956). A kv.-i Zenel\u00edc. tan\u00e1ra, a [&hellip;]<\/p>\n","protected":false},"featured_media":0,"comment_status":"open","ping_status":"closed","template":"","meta":[],"product_brand":[],"product_cat":[137],"product_tag":[],"class_list":{"0":"post-4828","1":"product","2":"type-product","3":"status-publish","5":"product_cat-maros-megyei-eletrajzi-lexikon","7":"first","8":"instock","9":"shipping-taxable","10":"product-type-simple"},"_links":{"self":[{"href":"https:\/\/uj.adatbank.ro\/lexikon\/wp-json\/wp\/v2\/product\/4828","targetHints":{"allow":["GET"]}}],"collection":[{"href":"https:\/\/uj.adatbank.ro\/lexikon\/wp-json\/wp\/v2\/product"}],"about":[{"href":"https:\/\/uj.adatbank.ro\/lexikon\/wp-json\/wp\/v2\/types\/product"}],"replies":[{"embeddable":true,"href":"https:\/\/uj.adatbank.ro\/lexikon\/wp-json\/wp\/v2\/comments?post=4828"}],"wp:attachment":[{"href":"https:\/\/uj.adatbank.ro\/lexikon\/wp-json\/wp\/v2\/media?parent=4828"}],"wp:term":[{"taxonomy":"product_brand","embeddable":true,"href":"https:\/\/uj.adatbank.ro\/lexikon\/wp-json\/wp\/v2\/product_brand?post=4828"},{"taxonomy":"product_cat","embeddable":true,"href":"https:\/\/uj.adatbank.ro\/lexikon\/wp-json\/wp\/v2\/product_cat?post=4828"},{"taxonomy":"product_tag","embeddable":true,"href":"https:\/\/uj.adatbank.ro\/lexikon\/wp-json\/wp\/v2\/product_tag?post=4828"}],"curies":[{"name":"wp","href":"https:\/\/api.w.org\/{rel}","templated":true}]}}

BIRTALAN József

<p>Szilágybagos, 1927. nov. 10., † Tiszaújváros, 2017. szept. 20. eltemették a tiszaszederkényi ref. temetőben: tanár, docens, zeneszerző, karmester. – Birtalan Felesége: Judit (Temesvár, 1929. okt. 3. –), zenetanár, karnagy, zongoratanár. Gyermekeik: Enikő (1956), csellista, tanár; Zsolt (1958) mérnök. – Kv.-on a Gh. Dima Zeneakadémián végzett zenrpedagógia-karvezetés és hangszer szakon (1956). A kv.-i Zenelíc. tanára, a M. Opera zenekar (1954–1956) és az Állami Filharmónia tagja. Mv.-en az Állami Székely Népi Együttes karmestere (1957- 1962) és a Gyermek Népi Együttes megalapításának főrészese. A Romániai Zeneszerzők Szövetségének tagja I1961). A mv.-i Tanárképző Főiskola docense nyugdíjazásáig (1962–1986) és a Maros Állami Népi Együttes karmestere (1986–1988). Majd folytatta tevékenységét mint óraadó tanár a mv.-i Kántortanítóképző Főiskolán. Fülöp G. Dénes felkérte, hogy a Vártemplom Cantemus leánykórusának legyen karmestere (1990–). A család Tiszaújvárosba költözött (2000), ahol folytatta alkotó tevékenységét, egyházi művek feldolgozásásával a Tiszaújvárosi Ref. Énekkarnak és a Mezőkeresztesi Kamarakórusnak. Szerzeményei népdalfeldolgozások, kórus zenekari szvitek, táncjátékok. 200-nál több kórusmű szerzője: 10 gyermekkar (Buk., 1970); 10 férfikar (Mv., 1973); Kit virágot rózsám adott: vegyes karok (Mv., 1973); Lakadalmas énekek (Buk., 1976); Kórusok-Gyermek-, női és vegyes karok (Buk., 1988); 29 nőikar (1993); tankönyv folytatásokban: A karvezetés elméle (Művelődés). Nagy sikert aratott Magyari Lajos Nem a fenyők c. versének nagyzenekari kíséretes kantátájával. Utolsó nagy műve a Csángó himnusz négyszólamú vegyes karra való feldolgozása. A Romániai Zeneszerző Szövetség Kórusalkotási Díjával jutalmazták (1976). A zeneszerzői, karvezetői, zenepedagógiai munkásságáért az Erdélyi M. Közművelődési Egyesület a Rónai Antal díjjal tüntette ki (1997). A legjobb műsorából lemezfelvételt készített az Electrorecord vállalat. 4 lemez készült. Az I.: négy vegyeskari kórusszvitet tartalmaz, zenekari kísérlettel. Pl.: Kozma Mátyás: Válaszúti népdalok; Márkos Albert: Bihari népdalok; Birtalan József: Szeress , rózsám; Szállj el, páva; Úgy elmegyek; Csíky Boldizsár. Hervadj, rózsám!; II.: hazai magyar zeneszerzők tömegdal-feldolgozásai: Szabó Csaba, Csíki Boldizsár, Zoltán Aladár, Birtalan József, Kozma Mátyás, Kozma Géza szerzeményei. III.: népdalszólisták legsikeresebb számai: Tóth Erzsébet, Balogh Dénes, Kerestély László, Szélyes Sándor, Oláh Ágnes, Szöllősi Erzsébet, Szentmártoni Elvira, Bodó József, Szélyes Erzsébet. IV.: Tóth Erzsébet előadásában szép népdalok. – Tiszaújváros képviselő-testülete Lorántffy Zsuzsanna emlékplakettel tüntette ki a város érdekében kifejtett tevékenységéért (2008), életművéért az Országgyűlés Kulturális és Sajtóbizottsága a M. köztársasági Ezüst Érdemkereszt kitüntetést adományozta (2011). – <strong>F. m.:</strong> Karvezetők könyve (1975); Ha folyóvíz volnék: válogatás Birtalan József kórusműveiből (Tiszaújváros, 2018). <br /><strong>Irod.:</strong> Birtalanék; EMKK 2000; Ha folyóvíz volnék; RMIL1; Székely Sz. Z.; Zenetud. írások 1998</br></p>

<p>Szilágybagos, 1927. nov. 10., † Tiszaújváros, 2017. szept. 20. eltemették a tiszaszederkényi ref. temetőben: tanár, docens, zeneszerző, karmester. – Birtalan Felesége: Judit (Temesvár, 1929. okt. 3. –), zenetanár, karnagy, zongoratanár. Gyermekeik: Enikő (1956), csellista, tanár; Zsolt (1958) mérnök. – Kv.-on a Gh. Dima Zeneakadémián végzett zenrpedagógia-karvezetés és hangszer szakon (1956). A kv.-i Zenelíc. tanára, a [&hellip;]</p>
