{"id":4832,"date":"2025-06-28T16:54:44","date_gmt":"2025-06-28T14:54:44","guid":{"rendered":"https:\/\/uj.adatbank.ro\/lexikon\/termek\/birthler-friedrich-birthe-frigyes-birtler-friedrich\/"},"modified":"2025-06-28T16:54:44","modified_gmt":"2025-06-28T14:54:44","slug":"birthler-friedrich-birthe-frigyes-birtler-friedrich","status":"publish","type":"product","link":"https:\/\/uj.adatbank.ro\/lexikon\/termek\/birthler-friedrich-birthe-frigyes-birtler-friedrich\/","title":{"rendered":"BIRTHLER Friedrich, Birthe Frigyes, Birtler Friedrich"},"content":{"rendered":"<p>Sz\u00e1szr\u00e9gen, 1841. nov. 28., \u2020 Sz\u00e1szr\u00e9gen, 1922. j\u00fal. 22.: jog\u00e1sz, t\u00f6rv\u00e9nysz\u00e9ki b\u00edr\u00f3. \u2013 Az elemit Sz\u00e1szr\u00e9genben, a gimn.-ot Segesv\u00e1ron v\u00e9gezte (1860), majd a b\u00e9csi egyetemen \u00e9s a szebeni jogi akad.-\u00e1n tanult. Sz\u00e1szr\u00e9genben v\u00e1rosi tan\u00e1cs titk\u00e1ra, jegyz\u0151 (1864\u2013), alj\u00e1r\u00e1sb\u00edr\u00f3 uo. (1872\u2013), Nagysinken \u00e9s Buziason majd a temesv\u00e1ri \u00e9s mv-i b\u00edr\u00f3s\u00e1gon dolgozott b\u00edr\u00f3k\u00e9nt. Nyugd\u00edjba vonul\u00e1sa ut\u00e1n (1892) Sz\u00e1szr\u00e9genben \u00e9lt. Tagja volt a nagyszebeni ogy.-nek (1863\u201366), melyen t\u00f6bbsz\u00f6r felsz\u00f3lalt. Az Els\u0151 Sz\u00e1szr\u00e9grni Tutajkereskedelmi T\u00e1rsas\u00e1gn\u00e1l dolgozott \u00e9s az eln\u00f6ke volt (1900\u2013). Tanulm\u00e1nyok, cikkek ir\u00f3ja lapokban: pl. Siebenb\u00fcrgisches Wochenblatt -ban. \u2013 <strong>F. m.:<\/strong> Die Choleraepidemie zu S. Regen im Jahre 1873; \u00dcber die Variet\u00e4ten des Carabeus Rothi Dej; \u00dcber siebenb\u00fcrgische Caraben und deren n\u00e4chste Verwandte; Die zusammenlegung der Grundst\u00fccke Kommassation (Szeben, 1881, 1891); D. Verfahren bei d. Zusammenlegung d. Frunst\u00fccke auf Grund d. G.-A XLV : 1880 u. D. Einschlissl. Verordnungen (Nagyszeben, 1891); D. Gemeinde Baumschule (Nagyszeben, 1899). <br \/><strong>Irod.:<\/strong> Guly\u00e1s; Profiluri reghinene; Regh. cult. 2.; Szab\u00f3\u2013Simon\u2013Sz\u00f6gi; Todea 2013<\/br><\/p>\n","protected":false},"excerpt":{"rendered":"<p>Sz\u00e1szr\u00e9gen, 1841. nov. 28., \u2020 Sz\u00e1szr\u00e9gen, 1922. j\u00fal. 22.: jog\u00e1sz, t\u00f6rv\u00e9nysz\u00e9ki b\u00edr\u00f3. \u2013 Az elemit Sz\u00e1szr\u00e9genben, a gimn.-ot Segesv\u00e1ron v\u00e9gezte (1860), majd a b\u00e9csi egyetemen \u00e9s a szebeni jogi akad.-\u00e1n tanult. Sz\u00e1szr\u00e9genben v\u00e1rosi tan\u00e1cs titk\u00e1ra, jegyz\u0151 (1864\u2013), alj\u00e1r\u00e1sb\u00edr\u00f3 uo. (1872\u2013), Nagysinken \u00e9s Buziason majd a temesv\u00e1ri \u00e9s mv-i b\u00edr\u00f3s\u00e1gon dolgozott b\u00edr\u00f3k\u00e9nt. Nyugd\u00edjba vonul\u00e1sa ut\u00e1n (1892) [&hellip;]<\/p>\n","protected":false},"featured_media":0,"comment_status":"open","ping_status":"closed","template":"","meta":[],"product_brand":[],"product_cat":[137],"product_tag":[],"class_list":{"0":"post-4832","1":"product","2":"type-product","3":"status-publish","5":"product_cat-maros-megyei-eletrajzi-lexikon","7":"first","8":"instock","9":"shipping-taxable","10":"product-type-simple"},"_links":{"self":[{"href":"https:\/\/uj.adatbank.ro\/lexikon\/wp-json\/wp\/v2\/product\/4832","targetHints":{"allow":["GET"]}}],"collection":[{"href":"https:\/\/uj.adatbank.ro\/lexikon\/wp-json\/wp\/v2\/product"}],"about":[{"href":"https:\/\/uj.adatbank.ro\/lexikon\/wp-json\/wp\/v2\/types\/product"}],"replies":[{"embeddable":true,"href":"https:\/\/uj.adatbank.ro\/lexikon\/wp-json\/wp\/v2\/comments?post=4832"}],"wp:attachment":[{"href":"https:\/\/uj.adatbank.ro\/lexikon\/wp-json\/wp\/v2\/media?parent=4832"}],"wp:term":[{"taxonomy":"product_brand","embeddable":true,"href":"https:\/\/uj.adatbank.ro\/lexikon\/wp-json\/wp\/v2\/product_brand?post=4832"},{"taxonomy":"product_cat","embeddable":true,"href":"https:\/\/uj.adatbank.ro\/lexikon\/wp-json\/wp\/v2\/product_cat?post=4832"},{"taxonomy":"product_tag","embeddable":true,"href":"https:\/\/uj.adatbank.ro\/lexikon\/wp-json\/wp\/v2\/product_tag?post=4832"}],"curies":[{"name":"wp","href":"https:\/\/api.w.org\/{rel}","templated":true}]}}

<p>Szászrégen, 1841. nov. 28., † Szászrégen, 1922. júl. 22.: jogász, törvényszéki bíró. – Az elemit Szászrégenben, a gimn.-ot Segesváron végezte (1860), majd a bécsi egyetemen és a szebeni jogi akad.-án tanult. Szászrégenben városi tanács titkára, jegyző (1864–), aljárásbíró uo. (1872–), Nagysinken és Buziason majd a temesvári és mv-i bíróságon dolgozott bíróként. Nyugdíjba vonulása után (1892) Szászrégenben élt. Tagja volt a nagyszebeni ogy.-nek (1863–66), melyen többször felszólalt. Az Első Szászrégrni Tutajkereskedelmi Társaságnál dolgozott és az elnöke volt (1900–). Tanulmányok, cikkek irója lapokban: pl. Siebenbürgisches Wochenblatt -ban. – <strong>F. m.:</strong> Die Choleraepidemie zu S. Regen im Jahre 1873; Über die Varietäten des Carabeus Rothi Dej; Über siebenbürgische Caraben und deren nächste Verwandte; Die zusammenlegung der Grundstücke Kommassation (Szeben, 1881, 1891); D. Verfahren bei d. Zusammenlegung d. Frunstücke auf Grund d. G.-A XLV : 1880 u. D. Einschlissl. Verordnungen (Nagyszeben, 1891); D. Gemeinde Baumschule (Nagyszeben, 1899). <br /><strong>Irod.:</strong> Gulyás; Profiluri reghinene; Regh. cult. 2.; Szabó–Simon–Szögi; Todea 2013</br></p>

<p>Szászrégen, 1841. nov. 28., † Szászrégen, 1922. júl. 22.: jogász, törvényszéki bíró. – Az elemit Szászrégenben, a gimn.-ot Segesváron végezte (1860), majd a bécsi egyetemen és a szebeni jogi akad.-án tanult. Szászrégenben városi tanács titkára, jegyző (1864–), aljárásbíró uo. (1872–), Nagysinken és Buziason majd a temesvári és mv-i bíróságon dolgozott bíróként. Nyugdíjba vonulása után (1892) [&hellip;]</p>
