{"id":4833,"date":"2025-06-28T16:54:46","date_gmt":"2025-06-28T14:54:46","guid":{"rendered":"https:\/\/uj.adatbank.ro\/lexikon\/termek\/birthler-johann\/"},"modified":"2025-06-28T16:54:46","modified_gmt":"2025-06-28T14:54:46","slug":"birthler-johann","status":"publish","type":"product","link":"https:\/\/uj.adatbank.ro\/lexikon\/termek\/birthler-johann\/","title":{"rendered":"BIRTHLER Johann"},"content":{"rendered":"<p>Sz\u00e1szr\u00e9gen, 1781, \u2020 ? : kov\u00e1cs, eml\u00e9k\u00edr\u00f3. \u2013 Anyagiak hi\u00e1nya miatt csak az elemi oszt\u00e1lyokat v\u00e9gezte el, autodidakta volt. Kov\u00e1cs mester\u00e9sget tanult, szorgalma \u00e9s tehets\u00e9ge r\u00e9v\u00e9n Sz\u00e1szr\u00e9gen v\u00e1ros szen\u00e1tora lett. A vm.-i t\u00f6rv\u00e9nysz\u00e9ken is dolgozott. Meg\u00edrta eml\u00e9keit, amelyben Sz\u00e1szr\u00e9gen \u00e9let\u00e9t mes\u00e9lte el (1781\u20131848), a k\u00e9zirat minden m\u00e1s ing\u00f3s\u00e1g\u00e1val el\u00e9gett. Sz\u00e1szr\u00e9gen v\u00e1lasztott polg\u00e1rmestere (1857\u2013), aki rendszerezte a v\u00e1ros utc\u00e1it, patakjait, h\u00eddakat \u00e9p\u00edttetett, mert a patakv\u00edz \u00e9s a szennyv\u00edz is szabadon folyt le az utc\u00e1kon a Maros fel\u00e9. Eml\u00e9kirat\u00e1t \u00fajra\u00edrta, \u00e9rdekes \u00e9s hasznos helyt\u00f6rt\u00e9neti adatokat tartalmaz a v\u00e1ros \u00e9let\u00e9r\u0151l, int\u00e9zm\u00e9nyeir\u0151l \u00e9s a kor szellem\u00e9r\u0151l. K\u00f6zz\u00e9tette a Bistritzer Deutsche Zeitung c. besztercei lapban. \u2013 <strong>F. m.:<\/strong> S\u00e4chsicsch-Regen vor 100 Jahren: Aus dem Tagebuch Johann Birthlers des Alteren, 1781\u20131848. <br \/><strong>Irod.:<\/strong> Regh. cult. 8.; Reghin, destin \u015fi istorie<\/br><\/p>\n","protected":false},"excerpt":{"rendered":"<p>Sz\u00e1szr\u00e9gen, 1781, \u2020 ? : kov\u00e1cs, eml\u00e9k\u00edr\u00f3. \u2013 Anyagiak hi\u00e1nya miatt csak az elemi oszt\u00e1lyokat v\u00e9gezte el, autodidakta volt. Kov\u00e1cs mester\u00e9sget tanult, szorgalma \u00e9s tehets\u00e9ge r\u00e9v\u00e9n Sz\u00e1szr\u00e9gen v\u00e1ros szen\u00e1tora lett. A vm.-i t\u00f6rv\u00e9nysz\u00e9ken is dolgozott. Meg\u00edrta eml\u00e9keit, amelyben Sz\u00e1szr\u00e9gen \u00e9let\u00e9t mes\u00e9lte el (1781\u20131848), a k\u00e9zirat minden m\u00e1s ing\u00f3s\u00e1g\u00e1val el\u00e9gett. Sz\u00e1szr\u00e9gen v\u00e1lasztott polg\u00e1rmestere (1857\u2013), aki rendszerezte [&hellip;]<\/p>\n","protected":false},"featured_media":0,"comment_status":"open","ping_status":"closed","template":"","meta":[],"product_brand":[],"product_cat":[137],"product_tag":[],"class_list":{"0":"post-4833","1":"product","2":"type-product","3":"status-publish","5":"product_cat-maros-megyei-eletrajzi-lexikon","7":"first","8":"instock","9":"shipping-taxable","10":"product-type-simple"},"_links":{"self":[{"href":"https:\/\/uj.adatbank.ro\/lexikon\/wp-json\/wp\/v2\/product\/4833","targetHints":{"allow":["GET"]}}],"collection":[{"href":"https:\/\/uj.adatbank.ro\/lexikon\/wp-json\/wp\/v2\/product"}],"about":[{"href":"https:\/\/uj.adatbank.ro\/lexikon\/wp-json\/wp\/v2\/types\/product"}],"replies":[{"embeddable":true,"href":"https:\/\/uj.adatbank.ro\/lexikon\/wp-json\/wp\/v2\/comments?post=4833"}],"wp:attachment":[{"href":"https:\/\/uj.adatbank.ro\/lexikon\/wp-json\/wp\/v2\/media?parent=4833"}],"wp:term":[{"taxonomy":"product_brand","embeddable":true,"href":"https:\/\/uj.adatbank.ro\/lexikon\/wp-json\/wp\/v2\/product_brand?post=4833"},{"taxonomy":"product_cat","embeddable":true,"href":"https:\/\/uj.adatbank.ro\/lexikon\/wp-json\/wp\/v2\/product_cat?post=4833"},{"taxonomy":"product_tag","embeddable":true,"href":"https:\/\/uj.adatbank.ro\/lexikon\/wp-json\/wp\/v2\/product_tag?post=4833"}],"curies":[{"name":"wp","href":"https:\/\/api.w.org\/{rel}","templated":true}]}}

<p>Szászrégen, 1781, † ? : kovács, emlékíró. – Anyagiak hiánya miatt csak az elemi osztályokat végezte el, autodidakta volt. Kovács mesterésget tanult, szorgalma és tehetsége révén Szászrégen város szenátora lett. A vm.-i törvényszéken is dolgozott. Megírta emlékeit, amelyben Szászrégen életét mesélte el (1781–1848), a kézirat minden más ingóságával elégett. Szászrégen választott polgármestere (1857–), aki rendszerezte a város utcáit, patakjait, hídakat építtetett, mert a patakvíz és a szennyvíz is szabadon folyt le az utcákon a Maros felé. Emlékiratát újraírta, érdekes és hasznos helytörténeti adatokat tartalmaz a város életéről, intézményeiről és a kor szelleméről. Közzétette a Bistritzer Deutsche Zeitung c. besztercei lapban. – <strong>F. m.:</strong> Sächsicsch-Regen vor 100 Jahren: Aus dem Tagebuch Johann Birthlers des Alteren, 1781–1848. <br /><strong>Irod.:</strong> Regh. cult. 8.; Reghin, destin şi istorie</br></p>

<p>Szászrégen, 1781, † ? : kovács, emlékíró. – Anyagiak hiánya miatt csak az elemi osztályokat végezte el, autodidakta volt. Kovács mesterésget tanult, szorgalma és tehetsége révén Szászrégen város szenátora lett. A vm.-i törvényszéken is dolgozott. Megírta emlékeit, amelyben Szászrégen életét mesélte el (1781–1848), a kézirat minden más ingóságával elégett. Szászrégen választott polgármestere (1857–), aki rendszerezte [&hellip;]</p>
