{"id":4835,"date":"2025-06-28T16:54:49","date_gmt":"2025-06-28T14:54:49","guid":{"rendered":"https:\/\/uj.adatbank.ro\/lexikon\/termek\/birtok-ferenc\/"},"modified":"2025-06-28T16:54:49","modified_gmt":"2025-06-28T14:54:49","slug":"birtok-ferenc","status":"publish","type":"product","link":"https:\/\/uj.adatbank.ro\/lexikon\/termek\/birtok-ferenc\/","title":{"rendered":"BIRT\u00d3K Ferenc"},"content":{"rendered":"<p>? \u2020 ? : iszl\u00f3i nemes. \u2013 Az iszl\u00f3i r. k. nev\u00e9ben Gy\u00f6rfi Gy\u00f6rggyel k\u00f6z\u00f6sen ov\u00e1st emeltek, amiben k\u00e9rik, hogy a r. k. egyh\u00e1zi javakat, harangokat ne adj\u00e1k el az iszl\u00f3i unit.-oknak (1682. m\u00e1rc. 22.). <br \/><strong>Irod.:<\/strong> Bi\u00e1s<\/br><\/p>\n","protected":false},"excerpt":{"rendered":"<p>? \u2020 ? : iszl\u00f3i nemes. \u2013 Az iszl\u00f3i r. k. nev\u00e9ben Gy\u00f6rfi Gy\u00f6rggyel k\u00f6z\u00f6sen ov\u00e1st emeltek, amiben k\u00e9rik, hogy a r. k. egyh\u00e1zi javakat, harangokat ne adj\u00e1k el az iszl\u00f3i unit.-oknak (1682. m\u00e1rc. 22.). Irod.: Bi\u00e1s<\/p>\n","protected":false},"featured_media":0,"comment_status":"open","ping_status":"closed","template":"","meta":[],"product_brand":[],"product_cat":[137],"product_tag":[],"class_list":{"0":"post-4835","1":"product","2":"type-product","3":"status-publish","5":"product_cat-maros-megyei-eletrajzi-lexikon","7":"first","8":"instock","9":"shipping-taxable","10":"product-type-simple"},"_links":{"self":[{"href":"https:\/\/uj.adatbank.ro\/lexikon\/wp-json\/wp\/v2\/product\/4835","targetHints":{"allow":["GET"]}}],"collection":[{"href":"https:\/\/uj.adatbank.ro\/lexikon\/wp-json\/wp\/v2\/product"}],"about":[{"href":"https:\/\/uj.adatbank.ro\/lexikon\/wp-json\/wp\/v2\/types\/product"}],"replies":[{"embeddable":true,"href":"https:\/\/uj.adatbank.ro\/lexikon\/wp-json\/wp\/v2\/comments?post=4835"}],"wp:attachment":[{"href":"https:\/\/uj.adatbank.ro\/lexikon\/wp-json\/wp\/v2\/media?parent=4835"}],"wp:term":[{"taxonomy":"product_brand","embeddable":true,"href":"https:\/\/uj.adatbank.ro\/lexikon\/wp-json\/wp\/v2\/product_brand?post=4835"},{"taxonomy":"product_cat","embeddable":true,"href":"https:\/\/uj.adatbank.ro\/lexikon\/wp-json\/wp\/v2\/product_cat?post=4835"},{"taxonomy":"product_tag","embeddable":true,"href":"https:\/\/uj.adatbank.ro\/lexikon\/wp-json\/wp\/v2\/product_tag?post=4835"}],"curies":[{"name":"wp","href":"https:\/\/api.w.org\/{rel}","templated":true}]}}