{"id":4841,"date":"2025-06-28T16:55:03","date_gmt":"2025-06-28T14:55:03","guid":{"rendered":"https:\/\/uj.adatbank.ro\/lexikon\/termek\/bisztray-sandor-%c2%a7\/"},"modified":"2026-02-17T08:48:08","modified_gmt":"2026-02-17T07:48:08","slug":"bisztray-sandor-%c2%a7","status":"publish","type":"product","link":"https:\/\/uj.adatbank.ro\/lexikon\/termek\/bisztray-sandor-%c2%a7\/","title":{"rendered":"BISZTRAY S\u00e1ndor, \u00a7"},"content":{"rendered":"<p>Mv., 1907. febr. 12, \u2020\u00a0Mv., 1984. jan. 21.: ref. lelk\u00e9sz. \u2013 Feles\u00e9ge: Trucza Margit (\u2020\u00a0Mv. 1998). Gyermekeik: Enik\u0151-Judit, gy\u00f3gyszer\u00e9sz Mv.-en; Zolt\u00e1n-Szabolcs, k\u00f6nyvel\u0151; S\u00e1ndor-Zsombor, agr\u00e1rm\u00e9rn\u00f6k. \u2013 A k\u00f6z\u00e9piskol\u00e1t a mv.-i Ref. Koll.-ban (1918\u201326), a teol\u00f3gi\u00e1t Kv.-on v\u00e9gezte (1926\u201330). Mint seg\u00e9dlelk\u00e9sz Mv.-en kezdte meg m\u0171k\u00f6d\u00e9s\u00e9t a V\u00e1rtemplomban (1930. j\u00fal. \u201335. okt.) \u00e9s az \u00e1llami iskol\u00e1k hitoktat\u00f3 lelk\u00e9sze volt. A magyar dal fejl\u0151d\u00e9se c. dolgozata k\u00e9t el\u0151ad\u00e1s sz\u00f6vege lett (1932). A marosi egyh\u00e1zmegye belmisszi\u00f3i el\u0151ad\u00f3ja, az egyh\u00e1zmegyei Ref. N\u0151sz\u00f6vets\u00e9g titk\u00e1ra. A somosdi ekl\u00e9zsia v\u00e1lasztotta meg lelkip\u00e1sztor\u00e1nak (1935- \u00e1pr. \u2013 1977. j\u00fan. 30.). \u00daj iskolasz\u00e1rnyat, kicsi kult\u00farh\u00e1zat \u00e9p\u00edtettek, majd templomjav\u00edt\u00e1s k\u00f6vetkezett (1938, 1950). Lelkip\u00e1sztori munkanapl\u00f3 \u00f6ssze\u00e1ll\u00edt\u00e1s\u00e1t \u00e9s nyomtat\u00e1s\u00e1t javaslata a lelk\u00e9szeknek, hasznos t\u00f6rt\u00e9neti forr\u00e1s az ut\u00f3kornak (1937). Megalap\u00edtotta a Hangya sz\u00f6vetkezetet a faluban. A Ref. Ifj\u00fas\u00e1g c. vall\u00e1sos foly\u00f3irat t\u00e1rsszerk.-je (1934\u201340). Sz\u00e1mos cikke jelent meg a mv.-i Reggeli \u00dajs\u00e1gban, a kv.-i Ellenz\u00e9kben, \u00c9breszt\u0151, Ref. Szemle lapokban. A MP helyi tagozat\u00e1nak eln\u00f6ke \u00e9s bizalmija volt. A kommunizmus kezdet\u00e9n, hamis v\u00e1dak alapj\u00e1n, l\u00e1z\u00edt\u00e1s c\u00edm\u00e9n, 3 \u00e9vi b\u00f6rt\u00f6nb\u00fcntet\u00e9sre \u00edt\u00e9lt\u00e9k, Szamos\u00fajv\u00e1ron \u00e9s a Duna-delt\u00e1ban raboskodott (1952. jan. 14. \u2013 1955. jan. 13.). Kezdem\u00e9nyezte a faluban a g\u00e1z bevezet\u00e9s\u00e9t, j\u00e1rda \u00e9p\u00edt\u00e9s\u00e9t (1960). F\u00f6ldcs\u00faszaml\u00e1s miatt megrong\u00e1l\u00f3dott templomot jav\u00edtott\u00e1k (1970, 1975), par\u00f3ki\u00e1t \u00e9p\u00edtettek (1970\u201374). Pr\u00e9dik\u00e1ci\u00f3s k\u00f6tetei g\u00e9piratban az egyh\u00e1z megyei k\u00f6nyvt\u00e1r\u00e1ban tal\u00e1lhat\u00f3k.<br \/>\n<strong>Irod.:<\/strong> csal\u00e1di Inf.; [Nekrol\u00f3g] (V. Z., 1984. jan. 22.); Somosd; Sz\u00e9kelyf\u00f6ld \u00ed. k<\/p>\n","protected":false},"excerpt":{"rendered":"<p>Mv., 1907. febr. 12, \u2020\u00a0Mv., 1984. jan. 21.: ref. lelk\u00e9sz. \u2013 Feles\u00e9ge: Trucza Margit (\u2020\u00a0Mv. 1998). Gyermekeik: Enik\u0151-Judit, gy\u00f3gyszer\u00e9sz Mv.-en; Zolt\u00e1n-Szabolcs, k\u00f6nyvel\u0151; S\u00e1ndor-Zsombor, agr\u00e1rm\u00e9rn\u00f6k. \u2013 A k\u00f6z\u00e9piskol\u00e1t a mv.-i Ref. Koll.-ban (1918\u201326), a teol\u00f3gi\u00e1t Kv.-on v\u00e9gezte (1926\u201330). Mint seg\u00e9dlelk\u00e9sz Mv.-en kezdte meg m\u0171k\u00f6d\u00e9s\u00e9t a V\u00e1rtemplomban (1930. j\u00fal. \u201335. okt.) \u00e9s az \u00e1llami iskol\u00e1k hitoktat\u00f3 lelk\u00e9sze [&hellip;]<\/p>\n","protected":false},"featured_media":0,"comment_status":"open","ping_status":"closed","template":"","meta":[],"product_brand":[],"product_cat":[137],"product_tag":[],"class_list":{"0":"post-4841","1":"product","2":"type-product","3":"status-publish","5":"product_cat-maros-megyei-eletrajzi-lexikon","7":"first","8":"instock","9":"shipping-taxable","10":"product-type-simple"},"_links":{"self":[{"href":"https:\/\/uj.adatbank.ro\/lexikon\/wp-json\/wp\/v2\/product\/4841","targetHints":{"allow":["GET"]}}],"collection":[{"href":"https:\/\/uj.adatbank.ro\/lexikon\/wp-json\/wp\/v2\/product"}],"about":[{"href":"https:\/\/uj.adatbank.ro\/lexikon\/wp-json\/wp\/v2\/types\/product"}],"replies":[{"embeddable":true,"href":"https:\/\/uj.adatbank.ro\/lexikon\/wp-json\/wp\/v2\/comments?post=4841"}],"wp:attachment":[{"href":"https:\/\/uj.adatbank.ro\/lexikon\/wp-json\/wp\/v2\/media?parent=4841"}],"wp:term":[{"taxonomy":"product_brand","embeddable":true,"href":"https:\/\/uj.adatbank.ro\/lexikon\/wp-json\/wp\/v2\/product_brand?post=4841"},{"taxonomy":"product_cat","embeddable":true,"href":"https:\/\/uj.adatbank.ro\/lexikon\/wp-json\/wp\/v2\/product_cat?post=4841"},{"taxonomy":"product_tag","embeddable":true,"href":"https:\/\/uj.adatbank.ro\/lexikon\/wp-json\/wp\/v2\/product_tag?post=4841"}],"curies":[{"name":"wp","href":"https:\/\/api.w.org\/{rel}","templated":true}]}}

BISZTRAY Sándor, §

<p>Mv., 1907. febr. 12, † Mv., 1984. jan. 21.: ref. lelkész. – Felesége: Trucza Margit († Mv. 1998). Gyermekeik: Enikő-Judit, gyógyszerész Mv.-en; Zoltán-Szabolcs, könyvelő; Sándor-Zsombor, agrármérnök. – A középiskolát a mv.-i Ref. Koll.-ban (1918–26), a teológiát Kv.-on végezte (1926–30). Mint segédlelkész Mv.-en kezdte meg működését a Vártemplomban (1930. júl. –35. okt.) és az állami iskolák hitoktató lelkésze volt. A magyar dal fejlődése c. dolgozata két előadás szövege lett (1932). A marosi egyházmegye belmissziói előadója, az egyházmegyei Ref. Nőszövetség titkára. A somosdi eklézsia választotta meg lelkipásztorának (1935- ápr. – 1977. jún. 30.). Új iskolaszárnyat, kicsi kultúrházat építettek, majd templomjavítás következett (1938, 1950). Lelkipásztori munkanapló összeállítását és nyomtatását javaslata a lelkészeknek, hasznos történeti forrás az utókornak (1937). Megalapította a Hangya szövetkezetet a faluban. A Ref. Ifjúság c. vallásos folyóirat társszerk.-je (1934–40). Számos cikke jelent meg a mv.-i Reggeli Újságban, a kv.-i Ellenzékben, Ébresztő, Ref. Szemle lapokban. A MP helyi tagozatának elnöke és bizalmija volt. A kommunizmus kezdetén, hamis vádak alapján, lázítás címén, 3 évi börtönbüntetésre ítélték, Szamosújváron és a Duna-deltában raboskodott (1952. jan. 14. – 1955. jan. 13.). Kezdeményezte a faluban a gáz bevezetését, járda építését (1960). Földcsúszamlás miatt megrongálódott templomot javították (1970, 1975), parókiát építettek (1970–74). Prédikációs kötetei gépiratban az egyház megyei könyvtárában találhatók.<br />
<strong>Irod.:</strong> családi Inf.; [Nekrológ] (V. Z., 1984. jan. 22.); Somosd; Székelyföld í. k</p>

<p>Mv., 1907. febr. 12, † Mv., 1984. jan. 21.: ref. lelkész. – Felesége: Trucza Margit († Mv. 1998). Gyermekeik: Enikő-Judit, gyógyszerész Mv.-en; Zoltán-Szabolcs, könyvelő; Sándor-Zsombor, agrármérnök. – A középiskolát a mv.-i Ref. Koll.-ban (1918–26), a teológiát Kv.-on végezte (1926–30). Mint segédlelkész Mv.-en kezdte meg működését a Vártemplomban (1930. júl. –35. okt.) és az állami iskolák hitoktató lelkésze [&hellip;]</p>
