{"id":4846,"date":"2025-06-28T16:55:11","date_gmt":"2025-06-28T14:55:11","guid":{"rendered":"https:\/\/uj.adatbank.ro\/lexikon\/termek\/bitay-arpad-leczfalvi\/"},"modified":"2025-06-28T16:55:11","modified_gmt":"2025-06-28T14:55:11","slug":"bitay-arpad-leczfalvi","status":"publish","type":"product","link":"https:\/\/uj.adatbank.ro\/lexikon\/termek\/bitay-arpad-leczfalvi\/","title":{"rendered":"BITAY \u00c1rp\u00e1d, L\u00e9czfalvi"},"content":{"rendered":"<p>Uzdiszentp\u00e9ter, 1900. \u2020 Nagyb\u00e1nya, 1935. Fest\u0151. S\u00falyos s\u00e9r\u00fcl\u00e9ssel \u00e9rkezett haza a h\u00e1bor\u00fab\u00f3l. A nagyb\u00e1nyai M\u0171v\u00e9sztelepen kezdte m\u0171v\u00e9szeti tanulm\u00e1nyait a fest\u0151iskol\u00e1ban. Tan\u00e1rai: R\u00e9ti I. \u00e9s Thorma J\u00e1nos (1923. ig). \u00c9lt P\u00e1rizsban, Ada-Kaleh sziget\u00e9n, v\u00e9glegesen Nagyb\u00e1ny\u00e1n. Festett t\u00e1jk\u00e9peket, portr\u00e9kat. Sz\u00e9kely kitart\u00e9ssal alkotott. A Magyar Nemzeti Gal\u00e9ria \u0151rzi k\u00e9t festm\u00e9ny\u00e9t. <br \/><strong>Irod.:<\/strong> Szab\u00f3\u2013K\u00e1llai<\/br><\/p>\n","protected":false},"excerpt":{"rendered":"<p>Uzdiszentp\u00e9ter, 1900. \u2020 Nagyb\u00e1nya, 1935. Fest\u0151. S\u00falyos s\u00e9r\u00fcl\u00e9ssel \u00e9rkezett haza a h\u00e1bor\u00fab\u00f3l. A nagyb\u00e1nyai M\u0171v\u00e9sztelepen kezdte m\u0171v\u00e9szeti tanulm\u00e1nyait a fest\u0151iskol\u00e1ban. Tan\u00e1rai: R\u00e9ti I. \u00e9s Thorma J\u00e1nos (1923. ig). \u00c9lt P\u00e1rizsban, Ada-Kaleh sziget\u00e9n, v\u00e9glegesen Nagyb\u00e1ny\u00e1n. Festett t\u00e1jk\u00e9peket, portr\u00e9kat. Sz\u00e9kely kitart\u00e9ssal alkotott. A Magyar Nemzeti Gal\u00e9ria \u0151rzi k\u00e9t festm\u00e9ny\u00e9t. Irod.: Szab\u00f3\u2013K\u00e1llai<\/p>\n","protected":false},"featured_media":0,"comment_status":"open","ping_status":"closed","template":"","meta":[],"product_brand":[],"product_cat":[137],"product_tag":[],"class_list":{"0":"post-4846","1":"product","2":"type-product","3":"status-publish","5":"product_cat-maros-megyei-eletrajzi-lexikon","7":"first","8":"instock","9":"shipping-taxable","10":"product-type-simple"},"_links":{"self":[{"href":"https:\/\/uj.adatbank.ro\/lexikon\/wp-json\/wp\/v2\/product\/4846","targetHints":{"allow":["GET"]}}],"collection":[{"href":"https:\/\/uj.adatbank.ro\/lexikon\/wp-json\/wp\/v2\/product"}],"about":[{"href":"https:\/\/uj.adatbank.ro\/lexikon\/wp-json\/wp\/v2\/types\/product"}],"replies":[{"embeddable":true,"href":"https:\/\/uj.adatbank.ro\/lexikon\/wp-json\/wp\/v2\/comments?post=4846"}],"wp:attachment":[{"href":"https:\/\/uj.adatbank.ro\/lexikon\/wp-json\/wp\/v2\/media?parent=4846"}],"wp:term":[{"taxonomy":"product_brand","embeddable":true,"href":"https:\/\/uj.adatbank.ro\/lexikon\/wp-json\/wp\/v2\/product_brand?post=4846"},{"taxonomy":"product_cat","embeddable":true,"href":"https:\/\/uj.adatbank.ro\/lexikon\/wp-json\/wp\/v2\/product_cat?post=4846"},{"taxonomy":"product_tag","embeddable":true,"href":"https:\/\/uj.adatbank.ro\/lexikon\/wp-json\/wp\/v2\/product_tag?post=4846"}],"curies":[{"name":"wp","href":"https:\/\/api.w.org\/{rel}","templated":true}]}}

BITAY Árpád, Léczfalvi

<p>Uzdiszentpéter, 1900. † Nagybánya, 1935. Festő. Súlyos sérüléssel érkezett haza a háborúból. A nagybányai Művésztelepen kezdte művészeti tanulmányait a festőiskolában. Tanárai: Réti I. és Thorma János (1923. ig). Élt Párizsban, Ada-Kaleh szigetén, véglegesen Nagybányán. Festett tájképeket, portrékat. Székely kitartéssal alkotott. A Magyar Nemzeti Galéria őrzi két festményét. <br /><strong>Irod.:</strong> Szabó–Kállai</br></p>

<p>Uzdiszentpéter, 1900. † Nagybánya, 1935. Festő. Súlyos sérüléssel érkezett haza a háborúból. A nagybányai Művésztelepen kezdte művészeti tanulmányait a festőiskolában. Tanárai: Réti I. és Thorma János (1923. ig). Élt Párizsban, Ada-Kaleh szigetén, véglegesen Nagybányán. Festett tájképeket, portrékat. Székely kitartéssal alkotott. A Magyar Nemzeti Galéria őrzi két festményét. Irod.: Szabó–Kállai</p>
