{"id":4849,"date":"2025-06-28T16:55:17","date_gmt":"2025-06-28T14:55:17","guid":{"rendered":"https:\/\/uj.adatbank.ro\/lexikon\/termek\/bitay-karoly-%c2%a7\/"},"modified":"2025-06-28T16:55:17","modified_gmt":"2025-06-28T14:55:17","slug":"bitay-karoly-%c2%a7","status":"publish","type":"product","link":"https:\/\/uj.adatbank.ro\/lexikon\/termek\/bitay-karoly-%c2%a7\/","title":{"rendered":"BITAY K\u00e1roly, \u00a7"},"content":{"rendered":"<p>S\u00e1rv\u00e1s\u00e1r, 1894, \u2020\u00a0Kib\u00e9d, 1986. dec. 8.: igazgat\u00f3-tan\u00edt\u00f3. \u2013 \u00c1llami elemi iskolaigazgat\u00f3-tan\u00edt\u00f3 Kib\u00e9den. R\u00e9szt vett az I. vh.-ban mint f\u0151hadnagy (1914\u201318), az orosz fronton harcolt, megsebes\u00fclt. Felgy\u00f3gyulva folytatta a h\u00e1bor\u00fat az olasz fronton, ahol megint megsebes\u00fclt, jobb szem\u00e9t elvesztette (1918). Kit\u00fcntet\u00e9sekkel mint f\u0151hadnagy szerelt le \u00e9s visszat\u00e9rt k\u00f6zs\u00e9g\u00e9be. <br \/><strong>Irod.:<\/strong> Er\u00add\u00e9lyi ezredek; [Nekrol\u00f3g] (V. Z., 1986. dec. 10.)<\/br><\/p>\n","protected":false},"excerpt":{"rendered":"<p>S\u00e1rv\u00e1s\u00e1r, 1894, \u2020\u00a0Kib\u00e9d, 1986. dec. 8.: igazgat\u00f3-tan\u00edt\u00f3. \u2013 \u00c1llami elemi iskolaigazgat\u00f3-tan\u00edt\u00f3 Kib\u00e9den. R\u00e9szt vett az I. vh.-ban mint f\u0151hadnagy (1914\u201318), az orosz fronton harcolt, megsebes\u00fclt. Felgy\u00f3gyulva folytatta a h\u00e1bor\u00fat az olasz fronton, ahol megint megsebes\u00fclt, jobb szem\u00e9t elvesztette (1918). Kit\u00fcntet\u00e9sekkel mint f\u0151hadnagy szerelt le \u00e9s visszat\u00e9rt k\u00f6zs\u00e9g\u00e9be. Irod.: Er\u00add\u00e9lyi ezredek; [Nekrol\u00f3g] (V. Z., 1986. dec. [&hellip;]<\/p>\n","protected":false},"featured_media":0,"comment_status":"open","ping_status":"closed","template":"","meta":[],"product_brand":[],"product_cat":[137],"product_tag":[],"class_list":{"0":"post-4849","1":"product","2":"type-product","3":"status-publish","5":"product_cat-maros-megyei-eletrajzi-lexikon","7":"first","8":"instock","9":"shipping-taxable","10":"product-type-simple"},"_links":{"self":[{"href":"https:\/\/uj.adatbank.ro\/lexikon\/wp-json\/wp\/v2\/product\/4849","targetHints":{"allow":["GET"]}}],"collection":[{"href":"https:\/\/uj.adatbank.ro\/lexikon\/wp-json\/wp\/v2\/product"}],"about":[{"href":"https:\/\/uj.adatbank.ro\/lexikon\/wp-json\/wp\/v2\/types\/product"}],"replies":[{"embeddable":true,"href":"https:\/\/uj.adatbank.ro\/lexikon\/wp-json\/wp\/v2\/comments?post=4849"}],"wp:attachment":[{"href":"https:\/\/uj.adatbank.ro\/lexikon\/wp-json\/wp\/v2\/media?parent=4849"}],"wp:term":[{"taxonomy":"product_brand","embeddable":true,"href":"https:\/\/uj.adatbank.ro\/lexikon\/wp-json\/wp\/v2\/product_brand?post=4849"},{"taxonomy":"product_cat","embeddable":true,"href":"https:\/\/uj.adatbank.ro\/lexikon\/wp-json\/wp\/v2\/product_cat?post=4849"},{"taxonomy":"product_tag","embeddable":true,"href":"https:\/\/uj.adatbank.ro\/lexikon\/wp-json\/wp\/v2\/product_tag?post=4849"}],"curies":[{"name":"wp","href":"https:\/\/api.w.org\/{rel}","templated":true}]}}

BITAY Károly, §

<p>Sárvásár, 1894, † Kibéd, 1986. dec. 8.: igazgató-tanító. – Állami elemi iskolaigazgató-tanító Kibéden. Részt vett az I. vh.-ban mint főhadnagy (1914–18), az orosz fronton harcolt, megsebesült. Felgyógyulva folytatta a háborút az olasz fronton, ahol megint megsebesült, jobb szemét elvesztette (1918). Kitüntetésekkel mint főhadnagy szerelt le és visszatért községébe. <br /><strong>Irod.:</strong> Er­délyi ezredek; [Nekrológ] (V. Z., 1986. dec. 10.)</br></p>

<p>Sárvásár, 1894, † Kibéd, 1986. dec. 8.: igazgató-tanító. – Állami elemi iskolaigazgató-tanító Kibéden. Részt vett az I. vh.-ban mint főhadnagy (1914–18), az orosz fronton harcolt, megsebesült. Felgyógyulva folytatta a háborút az olasz fronton, ahol megint megsebesült, jobb szemét elvesztette (1918). Kitüntetésekkel mint főhadnagy szerelt le és visszatért községébe. Irod.: Er­délyi ezredek; [Nekrológ] (V. Z., 1986. dec. [&hellip;]</p>
