{"id":4854,"date":"2025-06-28T16:55:27","date_gmt":"2025-06-28T14:55:27","guid":{"rendered":"https:\/\/uj.adatbank.ro\/lexikon\/termek\/bitto-stefan\/"},"modified":"2025-06-28T16:55:27","modified_gmt":"2025-06-28T14:55:27","slug":"bitto-stefan","status":"publish","type":"product","link":"https:\/\/uj.adatbank.ro\/lexikon\/termek\/bitto-stefan\/","title":{"rendered":"BITTO \u015etefan"},"content":{"rendered":"<p>Temesv\u00e1r, 1930. m\u00e1rc. 6. \u2020 No., 2009. dec.: \u00e9p\u00edt\u00e9sztechnikus, rep\u00fcl\u0151modellez\u0151. \u2013 \u00c9p\u00edt\u00e9szeti k\u00f6z\u00e9pisk.-t v\u00e9gzett sz\u00fcl\u0151v\u00e1ros\u00e1ban. Rep\u00fcl\u0151modellez\u0151k\u00e9nt r\u00e9szt vett a craiovai (1949) \u00e9s a temesv\u00e1ri (1951) versenyeken, ahol nemzeti bajnoks\u00e1got nyert. Ennek k\u00f6vetkezt\u00e9ben oktat\u00f3nak szerz\u0151dtetik a temesv\u00e1ri Sportrep\u00fcl\u00e9s Megyei Bizotts\u00e1g\u00e1n\u00e1l (1951. j\u00fal. 1\u20131962. j\u00fan.). Onnan R\u00e9genbe ker\u00fclt az I. F. I. L. v\u00e1llalat L\u00e9ghaj\u00f3\u00e9p\u00edt\u0151 Oszt\u00e1ly\u00e1ra technikai rajzol\u00f3 beoszt\u00e1sban (1952. j\u00fan. 16\u20131953. okt. 31.), majd tervez\u0151i beoszt\u00e1sban (1953. nov. 1. \u2013 1960. m\u00e1rc. 31). Novi\u0163chi Vladimir f\u0151m\u00e9rn\u00f6k munkat\u00e1rsa. Egy\u00fctt tervezt\u00e9k \u00e9s kivitelezt\u00e9k a Rg\u20133, Rg\u20134, Rg. 5 vitorl\u00e1z\u00f3g\u00e9peket \u00e9s az Rg\u20136 \u00e9s Rg\u20137 rep\u00fcl\u0151g\u00e9peket. A gy\u00e1r profilv\u00e1l\u00e1sa ut\u00e1n a Sportszer Oszt\u00e1ly vezet\u0151-tervez\u0151je (1960\u201367. j\u00fal.), majd f\u0151tervez\u0151 a G\u00e9pgy\u00e1rt\u00f3 (alkatr\u00e9szek) r\u00e9szlegen. (1967\u201383. m\u00e1j.). elhagyta az orsz\u00e1got, \u00e9s No.-ban telepedett le (1983. j\u00fal. \u2013). <br \/><strong>Irod.:<\/strong> Bartos\u2013Bitto-Magyary<\/br><\/p>\n","protected":false},"excerpt":{"rendered":"<p>Temesv\u00e1r, 1930. m\u00e1rc. 6. \u2020 No., 2009. dec.: \u00e9p\u00edt\u00e9sztechnikus, rep\u00fcl\u0151modellez\u0151. \u2013 \u00c9p\u00edt\u00e9szeti k\u00f6z\u00e9pisk.-t v\u00e9gzett sz\u00fcl\u0151v\u00e1ros\u00e1ban. Rep\u00fcl\u0151modellez\u0151k\u00e9nt r\u00e9szt vett a craiovai (1949) \u00e9s a temesv\u00e1ri (1951) versenyeken, ahol nemzeti bajnoks\u00e1got nyert. Ennek k\u00f6vetkezt\u00e9ben oktat\u00f3nak szerz\u0151dtetik a temesv\u00e1ri Sportrep\u00fcl\u00e9s Megyei Bizotts\u00e1g\u00e1n\u00e1l (1951. j\u00fal. 1\u20131962. j\u00fan.). Onnan R\u00e9genbe ker\u00fclt az I. F. I. L. v\u00e1llalat L\u00e9ghaj\u00f3\u00e9p\u00edt\u0151 Oszt\u00e1ly\u00e1ra technikai [&hellip;]<\/p>\n","protected":false},"featured_media":0,"comment_status":"open","ping_status":"closed","template":"","meta":[],"product_brand":[],"product_cat":[137],"product_tag":[],"class_list":{"0":"post-4854","1":"product","2":"type-product","3":"status-publish","5":"product_cat-maros-megyei-eletrajzi-lexikon","7":"first","8":"instock","9":"shipping-taxable","10":"product-type-simple"},"_links":{"self":[{"href":"https:\/\/uj.adatbank.ro\/lexikon\/wp-json\/wp\/v2\/product\/4854","targetHints":{"allow":["GET"]}}],"collection":[{"href":"https:\/\/uj.adatbank.ro\/lexikon\/wp-json\/wp\/v2\/product"}],"about":[{"href":"https:\/\/uj.adatbank.ro\/lexikon\/wp-json\/wp\/v2\/types\/product"}],"replies":[{"embeddable":true,"href":"https:\/\/uj.adatbank.ro\/lexikon\/wp-json\/wp\/v2\/comments?post=4854"}],"wp:attachment":[{"href":"https:\/\/uj.adatbank.ro\/lexikon\/wp-json\/wp\/v2\/media?parent=4854"}],"wp:term":[{"taxonomy":"product_brand","embeddable":true,"href":"https:\/\/uj.adatbank.ro\/lexikon\/wp-json\/wp\/v2\/product_brand?post=4854"},{"taxonomy":"product_cat","embeddable":true,"href":"https:\/\/uj.adatbank.ro\/lexikon\/wp-json\/wp\/v2\/product_cat?post=4854"},{"taxonomy":"product_tag","embeddable":true,"href":"https:\/\/uj.adatbank.ro\/lexikon\/wp-json\/wp\/v2\/product_tag?post=4854"}],"curies":[{"name":"wp","href":"https:\/\/api.w.org\/{rel}","templated":true}]}}