{"id":4857,"date":"2025-06-28T16:55:30","date_gmt":"2025-06-28T14:55:30","guid":{"rendered":"https:\/\/uj.adatbank.ro\/lexikon\/termek\/blaga-istvan-%c2%a7-blaga-stefan\/"},"modified":"2025-06-28T16:55:30","modified_gmt":"2025-06-28T14:55:30","slug":"blaga-istvan-%c2%a7-blaga-stefan","status":"publish","type":"product","link":"https:\/\/uj.adatbank.ro\/lexikon\/termek\/blaga-istvan-%c2%a7-blaga-stefan\/","title":{"rendered":"BL\u00c1GA Istv\u00e1n, \u00a7 Blaga \u015etefan"},"content":{"rendered":"<p>Buk., 1926. dec. 17., \u2020 Mv., 1971. j\u00fal. 23.: ezredes. \u2013 Fiatalon a vas\u00fatn\u00e1l dolgozott, tagja lett a KISZ-nek, bel\u00e9pett a RKP tagjainak sor\u00e1ba (1945\u2013). T\u00f6bbf\u00e9le tiszts\u00e9get t\u00f6lt\u00f6tt be a Maros megyei ifj\u00fas\u00e1gi szervezet \u00e9s egy\u00e9b p\u00e1rtszervek keret\u00e9ben \u00e9s elv\u00e9gezte a p\u00e1rtf\u0151iskol\u00e1t (1946\u201348). Felel\u0151s tiszts\u00e9geket t\u00f6lt\u00f6tt be az \u00e1llambiztons\u00e1gi appar\u00e1tusban (1948\u2013). El\u00f6l\u00e9ptet\u00e9sek: f\u00f6t\u00f6rzs\u0151rmester (1948), sz\u00e1zados (1957), \u0151rnagy (1961), alezredes (1965), ezredes (1971). Maros Megyei Securitate (1948\u201350), Maros Tartom\u00e1ny Securitate (1950\u201352), MAT\/MMAT Securitate-n (1952\u201368) \u2013 igazgat\u00f3helyettes (1957\u201360, 1965\u201367), Maros megyei Securitate Fel\u00fcgyel\u0151s\u00e9gen (1968\u201371) \u2013 fel\u00fcgyel\u0151helyettes, Mv.-i hivatal vezet\u00f6je (1968\u2013). A mv.-i municipiumi p\u00e1rtbizotts\u00e1g b\u00fcr\u00f3j\u00e1nak p\u00f3ttagja (1968. febr. 20. \u2013). \u00c9rdemei\u00e9rt RSZK \u00e9rdemrendjeivel \u00e9s \u00e9rdem\u00e9rmeivel t\u00fcntett\u00e9k ki. <br \/><strong>Irod.:<\/strong> Bartos Zolt\u00e1n; Bartos 2012; B. I. ezredes [Nekrol\u00f3g] (V. Z., 1971. j\u00fal. 24.); Id\u0151t\u00e1r 4. http: \/\/www. cnsas. ro\/documente\/cadrele_securitatii\/BLAGA%20STEFAN. pdf<\/br><\/p>\n","protected":false},"excerpt":{"rendered":"<p>Buk., 1926. dec. 17., \u2020 Mv., 1971. j\u00fal. 23.: ezredes. \u2013 Fiatalon a vas\u00fatn\u00e1l dolgozott, tagja lett a KISZ-nek, bel\u00e9pett a RKP tagjainak sor\u00e1ba (1945\u2013). T\u00f6bbf\u00e9le tiszts\u00e9get t\u00f6lt\u00f6tt be a Maros megyei ifj\u00fas\u00e1gi szervezet \u00e9s egy\u00e9b p\u00e1rtszervek keret\u00e9ben \u00e9s elv\u00e9gezte a p\u00e1rtf\u0151iskol\u00e1t (1946\u201348). Felel\u0151s tiszts\u00e9geket t\u00f6lt\u00f6tt be az \u00e1llambiztons\u00e1gi appar\u00e1tusban (1948\u2013). El\u00f6l\u00e9ptet\u00e9sek: f\u00f6t\u00f6rzs\u0151rmester (1948), sz\u00e1zados [&hellip;]<\/p>\n","protected":false},"featured_media":0,"comment_status":"open","ping_status":"closed","template":"","meta":[],"product_brand":[],"product_cat":[137],"product_tag":[],"class_list":{"0":"post-4857","1":"product","2":"type-product","3":"status-publish","5":"product_cat-maros-megyei-eletrajzi-lexikon","7":"first","8":"instock","9":"shipping-taxable","10":"product-type-simple"},"_links":{"self":[{"href":"https:\/\/uj.adatbank.ro\/lexikon\/wp-json\/wp\/v2\/product\/4857","targetHints":{"allow":["GET"]}}],"collection":[{"href":"https:\/\/uj.adatbank.ro\/lexikon\/wp-json\/wp\/v2\/product"}],"about":[{"href":"https:\/\/uj.adatbank.ro\/lexikon\/wp-json\/wp\/v2\/types\/product"}],"replies":[{"embeddable":true,"href":"https:\/\/uj.adatbank.ro\/lexikon\/wp-json\/wp\/v2\/comments?post=4857"}],"wp:attachment":[{"href":"https:\/\/uj.adatbank.ro\/lexikon\/wp-json\/wp\/v2\/media?parent=4857"}],"wp:term":[{"taxonomy":"product_brand","embeddable":true,"href":"https:\/\/uj.adatbank.ro\/lexikon\/wp-json\/wp\/v2\/product_brand?post=4857"},{"taxonomy":"product_cat","embeddable":true,"href":"https:\/\/uj.adatbank.ro\/lexikon\/wp-json\/wp\/v2\/product_cat?post=4857"},{"taxonomy":"product_tag","embeddable":true,"href":"https:\/\/uj.adatbank.ro\/lexikon\/wp-json\/wp\/v2\/product_tag?post=4857"}],"curies":[{"name":"wp","href":"https:\/\/api.w.org\/{rel}","templated":true}]}}

BLÁGA István, § Blaga Ştefan

<p>Buk., 1926. dec. 17., † Mv., 1971. júl. 23.: ezredes. – Fiatalon a vasútnál dolgozott, tagja lett a KISZ-nek, belépett a RKP tagjainak sorába (1945–). Többféle tisztséget töltött be a Maros megyei ifjúsági szervezet és egyéb pártszervek keretében és elvégezte a pártfőiskolát (1946–48). Felelős tisztségeket töltött be az állambiztonsági apparátusban (1948–). Elöléptetések: fötörzsőrmester (1948), százados (1957), őrnagy (1961), alezredes (1965), ezredes (1971). Maros Megyei Securitate (1948–50), Maros Tartomány Securitate (1950–52), MAT/MMAT Securitate-n (1952–68) – igazgatóhelyettes (1957–60, 1965–67), Maros megyei Securitate Felügyelőségen (1968–71) – felügyelőhelyettes, Mv.-i hivatal vezetöje (1968–). A mv.-i municipiumi pártbizottság bürójának póttagja (1968. febr. 20. –). Érdemeiért RSZK érdemrendjeivel és érdemérmeivel tüntették ki. <br /><strong>Irod.:</strong> Bartos Zoltán; Bartos 2012; B. I. ezredes [Nekrológ] (V. Z., 1971. júl. 24.); Időtár 4. http: //www. cnsas. ro/documente/cadrele_securitatii/BLAGA%20STEFAN. pdf</br></p>

<p>Buk., 1926. dec. 17., † Mv., 1971. júl. 23.: ezredes. – Fiatalon a vasútnál dolgozott, tagja lett a KISZ-nek, belépett a RKP tagjainak sorába (1945–). Többféle tisztséget töltött be a Maros megyei ifjúsági szervezet és egyéb pártszervek keretében és elvégezte a pártfőiskolát (1946–48). Felelős tisztségeket töltött be az állambiztonsági apparátusban (1948–). Elöléptetések: fötörzsőrmester (1948), százados [&hellip;]</p>
