{"id":4863,"date":"2025-06-28T16:55:41","date_gmt":"2025-06-28T14:55:41","guid":{"rendered":"https:\/\/uj.adatbank.ro\/lexikon\/termek\/blaj-cornel-%c2%a7\/"},"modified":"2025-06-28T16:55:41","modified_gmt":"2025-06-28T14:55:41","slug":"blaj-cornel-%c2%a7","status":"publish","type":"product","link":"https:\/\/uj.adatbank.ro\/lexikon\/termek\/blaj-cornel-%c2%a7\/","title":{"rendered":"BLAJ Cornel, \u00a7"},"content":{"rendered":"<p>Meggyesfalva, 1897., \u2020 Mv., 1946. febr. 2.: tan\u00edt\u00f3. \u2013 Elemit \u00e9s gimn.-ot Mv.-en, tan\u00edt\u00f3k\u00e9pz\u0151t Bal\u00e1zsfalv\u00e1n v\u00e9gzett (1917). Mez\u0151s\u00e1msondra helyezt\u00e9k, ahol 11 \u00e9vig tan\u00edtott, onnan Malomfalv\u00e1ra ker\u00fclt. Beh\u00edvt\u00e1k katon\u00e1nak \u00e9s r\u00e9szt vett a keleti, de a nyugati front harcaiban is (1939\u201343). Betegs\u00e9ge miatt leszerelt\u00e9k. Sz\u00e9kelys\u00f3spatakon kapott \u00e1ll\u00e1st, ahol a h\u00e1bor\u00fa s\u00fajtotta iskola \u00e9p\u00fclet\u00e9t kellett rendbetennie. A fronton szerzett betegs\u00e9ge vetett v\u00e9get \u00e9let\u00e9nek a mv.-i k\u00f3rh\u00e1zban. <br \/><strong>Irod.:<\/strong> Dasc\u0103li mure\u015feni, 5.<\/br><\/p>\n","protected":false},"excerpt":{"rendered":"<p>Meggyesfalva, 1897., \u2020 Mv., 1946. febr. 2.: tan\u00edt\u00f3. \u2013 Elemit \u00e9s gimn.-ot Mv.-en, tan\u00edt\u00f3k\u00e9pz\u0151t Bal\u00e1zsfalv\u00e1n v\u00e9gzett (1917). Mez\u0151s\u00e1msondra helyezt\u00e9k, ahol 11 \u00e9vig tan\u00edtott, onnan Malomfalv\u00e1ra ker\u00fclt. Beh\u00edvt\u00e1k katon\u00e1nak \u00e9s r\u00e9szt vett a keleti, de a nyugati front harcaiban is (1939\u201343). Betegs\u00e9ge miatt leszerelt\u00e9k. Sz\u00e9kelys\u00f3spatakon kapott \u00e1ll\u00e1st, ahol a h\u00e1bor\u00fa s\u00fajtotta iskola \u00e9p\u00fclet\u00e9t kellett rendbetennie. A [&hellip;]<\/p>\n","protected":false},"featured_media":0,"comment_status":"open","ping_status":"closed","template":"","meta":[],"product_brand":[],"product_cat":[137],"product_tag":[],"class_list":{"0":"post-4863","1":"product","2":"type-product","3":"status-publish","5":"product_cat-maros-megyei-eletrajzi-lexikon","7":"first","8":"instock","9":"shipping-taxable","10":"product-type-simple"},"_links":{"self":[{"href":"https:\/\/uj.adatbank.ro\/lexikon\/wp-json\/wp\/v2\/product\/4863","targetHints":{"allow":["GET"]}}],"collection":[{"href":"https:\/\/uj.adatbank.ro\/lexikon\/wp-json\/wp\/v2\/product"}],"about":[{"href":"https:\/\/uj.adatbank.ro\/lexikon\/wp-json\/wp\/v2\/types\/product"}],"replies":[{"embeddable":true,"href":"https:\/\/uj.adatbank.ro\/lexikon\/wp-json\/wp\/v2\/comments?post=4863"}],"wp:attachment":[{"href":"https:\/\/uj.adatbank.ro\/lexikon\/wp-json\/wp\/v2\/media?parent=4863"}],"wp:term":[{"taxonomy":"product_brand","embeddable":true,"href":"https:\/\/uj.adatbank.ro\/lexikon\/wp-json\/wp\/v2\/product_brand?post=4863"},{"taxonomy":"product_cat","embeddable":true,"href":"https:\/\/uj.adatbank.ro\/lexikon\/wp-json\/wp\/v2\/product_cat?post=4863"},{"taxonomy":"product_tag","embeddable":true,"href":"https:\/\/uj.adatbank.ro\/lexikon\/wp-json\/wp\/v2\/product_tag?post=4863"}],"curies":[{"name":"wp","href":"https:\/\/api.w.org\/{rel}","templated":true}]}}

<p>Meggyesfalva, 1897., † Mv., 1946. febr. 2.: tanító. – Elemit és gimn.-ot Mv.-en, tanítóképzőt Balázsfalván végzett (1917). Mezősámsondra helyezték, ahol 11 évig tanított, onnan Malomfalvára került. Behívták katonának és részt vett a keleti, de a nyugati front harcaiban is (1939–43). Betegsége miatt leszerelték. Székelysóspatakon kapott állást, ahol a háború sújtotta iskola épületét kellett rendbetennie. A fronton szerzett betegsége vetett véget életének a mv.-i kórházban. <br /><strong>Irod.:</strong> Dascăli mureşeni, 5.</br></p>

<p>Meggyesfalva, 1897., † Mv., 1946. febr. 2.: tanító. – Elemit és gimn.-ot Mv.-en, tanítóképzőt Balázsfalván végzett (1917). Mezősámsondra helyezték, ahol 11 évig tanított, onnan Malomfalvára került. Behívták katonának és részt vett a keleti, de a nyugati front harcaiban is (1939–43). Betegsége miatt leszerelték. Székelysóspatakon kapott állást, ahol a háború sújtotta iskola épületét kellett rendbetennie. A [&hellip;]</p>
