{"id":4865,"date":"2025-06-28T16:55:44","date_gmt":"2025-06-28T14:55:44","guid":{"rendered":"https:\/\/uj.adatbank.ro\/lexikon\/termek\/blatt-miklos-%c2%a7\/"},"modified":"2025-06-28T16:55:44","modified_gmt":"2025-06-28T14:55:44","slug":"blatt-miklos-%c2%a7","status":"publish","type":"product","link":"https:\/\/uj.adatbank.ro\/lexikon\/termek\/blatt-miklos-%c2%a7\/","title":{"rendered":"BLATT Mikl\u00f3s, \u00a7"},"content":{"rendered":"<p>Ol\u00e1hp\u00e9ntek, 1892. v. 1882 \u2020 1962: dr, szemorvos. \u2013 Keresked\u0151i csal\u00e1db\u00f3l sz\u00e1rmazott. \u2013 K\u00f6z\u00e9piskol\u00e1it D\u00e9sen, az egyetemet Kv.-on, M\u00fcnchenben, B\u00e9csben hallgatta, majd orvosi diplom\u00e1t nyert (1913). El\u0151bb a kv.-i szem\u00e9szeti klinik\u00e1n, majd Pr\u00e1g\u00e1ban, Z\u00fcrichben \u00e9s Bernben praktiz\u00e1lt, ezut\u00e1n orsz\u00e1gr\u00f3l-orsz\u00e1gra j\u00e1rva a legk\u00f6l\u00f6nb\u00f6z\u0151bb klinik\u00e1kon, f\u0151leg a szem\u00e9szetben szerzett gyakorlatot, k\u00f6zben az orvostudom\u00e1ny elm\u00e9leti r\u00e9sz\u00e9vel is behat\u00f3an foglalkozott. Az els\u0151 vh. alatt mint katona szemorvos m\u0171k\u00f6d\u00f6tt. Mv.-en telepedett le, ahol mag\u00e1nrendel\u0151t nyitott (1920\u201333). Kiterjedt szem\u00e9szeti gy\u00f3gy\u00edt\u00f3 \u00e9s tudom\u00e1nyos tev\u00e9kenys\u00e9get fejtett ki A v\u00e1ros legnagyobb ad\u00f3z\u00f3i k\u00f6z\u00f6tt volt (1920). A rom\u00e1n kir\u00e1lyi csal\u00e1d tagjait is kezelte. A buk.-i egyetem szem\u00e9szeti mag\u00e1ntan\u00e1r\u00e1nak nevezt\u00e9k ki (1931). Berlinben a Vilmos cs\u00e1sz\u00e1rr\u00f3l elnevezett akad. kutat\u00f3 int\u00e9zet\u00e9ben dolgozott, majd v\u00e9gleg Buk.-ben m\u0171k\u00f6d\u00f6tt (1933\u201347). Temesv\u00e1rra ker\u00fclt ahol k\u00f3rh\u00e1zvezet\u0151 volt (1947\u2013), valamint az \u00fajonnan l\u00e9tes\u00fclt orvosi fakult\u00e1s egyetemi tan\u00e1ra. Ott alap\u00edtotta meg a Revista de Oftalmologie c. foly\u00f3iratot. Kiv\u00e1ndorolt Temesv\u00e1rr\u00f3l N\u00e9metorsz\u00e1gba. Kutat\u00e1si ter\u00fclete: a l\u00e1t\u00e1s fiziol\u00f3gi\u00e1ja, a szem betegs\u00e9gei, \u00f6sszef\u00fcgg\u00e9sben az \u00e1ltal\u00e1nos k\u00f3rk\u00e9pekkel. Szem\u00e9szeti kutat\u00e1sair\u00f3l k\u00fclf\u00f6ldi, f\u0151leg n\u00e9met nyelv\u0171 foly\u00f3iratokban sz\u00e1molt be. K\u00f6z\u00f6lt m\u00e9g az Erd\u00e9lyi Orvosi Szemle, az Orvosi Lap, Miscarea Medicala foly\u00f3iratokban. Rendszeresen szerepelt az EME \u00e9vi v\u00e1ndorgy\u0171l\u00e9sein, hazai \u00e9s nemzetk\u00f6zi tudom\u00e1nyos rendezv\u00e9nyeken. A Zentralblattes f\u00fcr die Ophtalmologie und ihre Grenzgebiete munkat\u00e1rsa \u00e9s referense. Egy\u00e9b munk\u00e1i, \u00f6sszesen 77 \u00f6n\u00e1ll\u00f3 kutat\u00e1son \u00e9s tapasztalatokon nyugv\u00f3 orvosi tanulm\u00e1ny (Aderlass und Glaukum, Interferenz bei Augenkrankenheit, Interferenztherapie, La Ciclodia Lisi, A sz\u00ednes v\u00e9d\u0151p\u00e1paszemek, Augenver\u00e4nderung bei Malarie stb.) magyar, n\u00e9met, angol, olasz nyelven jelentek meg. A Rom\u00e1n Szem\u00e9szeti T\u00e1rsas\u00e1g, A vaks\u00e1g ellen k\u00fczd\u0151 nemzetk\u00f6zi liga, a Deutsche Ophtalmologische Gesellschaft, a b\u00e9csi az olasz \u00e9s egy\u00e9b szem\u00e9szeti t\u00e1rsas\u00e1gok tagja. Tudom\u00e1nyos dolgozatai megjelentek a Therapia, Graefe\u2019s Archiv \u00e9s belf\u00f6ldi szaklapokban, amelyek alapj\u00e1n k\u00fclf\u00f6ldi orvoskongresszusokra h\u00edvt\u00e1k meg mint el\u0151ad\u00f3t. A Rom\u00e1n Koronarenddel t\u00fcntette ki a kir\u00e1ly (1931). \u2013 <strong>F. m.:<\/strong> Reflexi\u00f3k a cionizmsr\u00f3l (Mv., 1922); La prophilaxie de la c\u00e9cit\u00e9en Roumanie (Buc., 1937.). <br \/><strong>Irod.:<\/strong> Fodor Ferenc 2000; Genersich; Guly\u00e1s; Id\u0151t\u00e1r 3; Ki kicsoda ?; MKL; Mv. zsid\u00f3s\u00e1ga; Osv\u00e1th; \u00d6kr\u00f6s; Todea\u2013F\u00fcl\u00f6p\u2013Avram; \u00dajv\u00e1ri<\/br><\/p>\n","protected":false},"excerpt":{"rendered":"<p>Ol\u00e1hp\u00e9ntek, 1892. v. 1882 \u2020 1962: dr, szemorvos. \u2013 Keresked\u0151i csal\u00e1db\u00f3l sz\u00e1rmazott. \u2013 K\u00f6z\u00e9piskol\u00e1it D\u00e9sen, az egyetemet Kv.-on, M\u00fcnchenben, B\u00e9csben hallgatta, majd orvosi diplom\u00e1t nyert (1913). El\u0151bb a kv.-i szem\u00e9szeti klinik\u00e1n, majd Pr\u00e1g\u00e1ban, Z\u00fcrichben \u00e9s Bernben praktiz\u00e1lt, ezut\u00e1n orsz\u00e1gr\u00f3l-orsz\u00e1gra j\u00e1rva a legk\u00f6l\u00f6nb\u00f6z\u0151bb klinik\u00e1kon, f\u0151leg a szem\u00e9szetben szerzett gyakorlatot, k\u00f6zben az orvostudom\u00e1ny elm\u00e9leti r\u00e9sz\u00e9vel is behat\u00f3an [&hellip;]<\/p>\n","protected":false},"featured_media":0,"comment_status":"open","ping_status":"closed","template":"","meta":[],"product_brand":[],"product_cat":[137],"product_tag":[],"class_list":{"0":"post-4865","1":"product","2":"type-product","3":"status-publish","5":"product_cat-maros-megyei-eletrajzi-lexikon","7":"first","8":"instock","9":"shipping-taxable","10":"product-type-simple"},"_links":{"self":[{"href":"https:\/\/uj.adatbank.ro\/lexikon\/wp-json\/wp\/v2\/product\/4865","targetHints":{"allow":["GET"]}}],"collection":[{"href":"https:\/\/uj.adatbank.ro\/lexikon\/wp-json\/wp\/v2\/product"}],"about":[{"href":"https:\/\/uj.adatbank.ro\/lexikon\/wp-json\/wp\/v2\/types\/product"}],"replies":[{"embeddable":true,"href":"https:\/\/uj.adatbank.ro\/lexikon\/wp-json\/wp\/v2\/comments?post=4865"}],"wp:attachment":[{"href":"https:\/\/uj.adatbank.ro\/lexikon\/wp-json\/wp\/v2\/media?parent=4865"}],"wp:term":[{"taxonomy":"product_brand","embeddable":true,"href":"https:\/\/uj.adatbank.ro\/lexikon\/wp-json\/wp\/v2\/product_brand?post=4865"},{"taxonomy":"product_cat","embeddable":true,"href":"https:\/\/uj.adatbank.ro\/lexikon\/wp-json\/wp\/v2\/product_cat?post=4865"},{"taxonomy":"product_tag","embeddable":true,"href":"https:\/\/uj.adatbank.ro\/lexikon\/wp-json\/wp\/v2\/product_tag?post=4865"}],"curies":[{"name":"wp","href":"https:\/\/api.w.org\/{rel}","templated":true}]}}