{"id":4871,"date":"2025-06-28T16:55:56","date_gmt":"2025-06-28T14:55:56","guid":{"rendered":"https:\/\/uj.adatbank.ro\/lexikon\/termek\/bleahu-mircea\/"},"modified":"2025-07-14T09:24:05","modified_gmt":"2025-07-14T07:24:05","slug":"bleahu-mircea","status":"publish","type":"product","link":"https:\/\/uj.adatbank.ro\/lexikon\/termek\/bleahu-mircea\/","title":{"rendered":"BLEAHU Mircea"},"content":{"rendered":"<p>? \u2020 ? : sportol\u00f3, atl\u00e9ta. \u2013 M. B. Eml\u00e9kkup\u00e1\u00e9rt ki\u00edrt verseny zajlik \u00e9vente Mv.-en (1982\u2013).<br \/>\n<strong>Irod.:<\/strong> J\u00f3l siker\u00fclt nemzetk\u00f6zi verseny: M. B.-eml\u00e9kkupa (N\u00fa., 1991. okt. 8.)<\/p>\n","protected":false},"excerpt":{"rendered":"<p>? \u2020 ? : sportol\u00f3, atl\u00e9ta. \u2013 M. B. Eml\u00e9kkup\u00e1\u00e9rt ki\u00edrt verseny zajlik \u00e9vente Mv.-en (1982\u2013). Irod.: J\u00f3l siker\u00fclt nemzetk\u00f6zi verseny: M. B.-eml\u00e9kkupa (N\u00fa., 1991. okt. 8.)<\/p>\n","protected":false},"featured_media":0,"comment_status":"open","ping_status":"closed","template":"","meta":[],"product_brand":[],"product_cat":[137],"product_tag":[],"class_list":{"0":"post-4871","1":"product","2":"type-product","3":"status-publish","5":"product_cat-maros-megyei-eletrajzi-lexikon","7":"first","8":"instock","9":"shipping-taxable","10":"product-type-simple"},"_links":{"self":[{"href":"https:\/\/uj.adatbank.ro\/lexikon\/wp-json\/wp\/v2\/product\/4871","targetHints":{"allow":["GET"]}}],"collection":[{"href":"https:\/\/uj.adatbank.ro\/lexikon\/wp-json\/wp\/v2\/product"}],"about":[{"href":"https:\/\/uj.adatbank.ro\/lexikon\/wp-json\/wp\/v2\/types\/product"}],"replies":[{"embeddable":true,"href":"https:\/\/uj.adatbank.ro\/lexikon\/wp-json\/wp\/v2\/comments?post=4871"}],"wp:attachment":[{"href":"https:\/\/uj.adatbank.ro\/lexikon\/wp-json\/wp\/v2\/media?parent=4871"}],"wp:term":[{"taxonomy":"product_brand","embeddable":true,"href":"https:\/\/uj.adatbank.ro\/lexikon\/wp-json\/wp\/v2\/product_brand?post=4871"},{"taxonomy":"product_cat","embeddable":true,"href":"https:\/\/uj.adatbank.ro\/lexikon\/wp-json\/wp\/v2\/product_cat?post=4871"},{"taxonomy":"product_tag","embeddable":true,"href":"https:\/\/uj.adatbank.ro\/lexikon\/wp-json\/wp\/v2\/product_tag?post=4871"}],"curies":[{"name":"wp","href":"https:\/\/api.w.org\/{rel}","templated":true}]}}