{"id":4879,"date":"2025-06-28T16:56:12","date_gmt":"2025-06-28T14:56:12","guid":{"rendered":"https:\/\/uj.adatbank.ro\/lexikon\/termek\/boanta-ioan\/"},"modified":"2025-06-28T16:56:12","modified_gmt":"2025-06-28T14:56:12","slug":"boanta-ioan","status":"publish","type":"product","link":"https:\/\/uj.adatbank.ro\/lexikon\/termek\/boanta-ioan\/","title":{"rendered":"BOANT\u0102 Ioan"},"content":{"rendered":"<p>? \u2020\u00a0?\u00a0: tan\u00edt\u00f3. \u2013 Ny\u00e1r\u00e1dg\u00e1lfalv\u00e1n tan\u00edtott, a m. tagozaton is rom\u00e1n nyelven tan\u00edtott (1932\u201338). <br \/><strong>Irod.:<\/strong> Ny\u00e1r\u00e1dg\u00e1lfalva<\/br><\/p>\n","protected":false},"excerpt":{"rendered":"<p>? \u2020\u00a0?\u00a0: tan\u00edt\u00f3. \u2013 Ny\u00e1r\u00e1dg\u00e1lfalv\u00e1n tan\u00edtott, a m. tagozaton is rom\u00e1n nyelven tan\u00edtott (1932\u201338). Irod.: Ny\u00e1r\u00e1dg\u00e1lfalva<\/p>\n","protected":false},"featured_media":0,"comment_status":"open","ping_status":"closed","template":"","meta":[],"product_brand":[],"product_cat":[137],"product_tag":[],"class_list":{"0":"post-4879","1":"product","2":"type-product","3":"status-publish","5":"product_cat-maros-megyei-eletrajzi-lexikon","7":"first","8":"instock","9":"shipping-taxable","10":"product-type-simple"},"_links":{"self":[{"href":"https:\/\/uj.adatbank.ro\/lexikon\/wp-json\/wp\/v2\/product\/4879","targetHints":{"allow":["GET"]}}],"collection":[{"href":"https:\/\/uj.adatbank.ro\/lexikon\/wp-json\/wp\/v2\/product"}],"about":[{"href":"https:\/\/uj.adatbank.ro\/lexikon\/wp-json\/wp\/v2\/types\/product"}],"replies":[{"embeddable":true,"href":"https:\/\/uj.adatbank.ro\/lexikon\/wp-json\/wp\/v2\/comments?post=4879"}],"wp:attachment":[{"href":"https:\/\/uj.adatbank.ro\/lexikon\/wp-json\/wp\/v2\/media?parent=4879"}],"wp:term":[{"taxonomy":"product_brand","embeddable":true,"href":"https:\/\/uj.adatbank.ro\/lexikon\/wp-json\/wp\/v2\/product_brand?post=4879"},{"taxonomy":"product_cat","embeddable":true,"href":"https:\/\/uj.adatbank.ro\/lexikon\/wp-json\/wp\/v2\/product_cat?post=4879"},{"taxonomy":"product_tag","embeddable":true,"href":"https:\/\/uj.adatbank.ro\/lexikon\/wp-json\/wp\/v2\/product_tag?post=4879"}],"curies":[{"name":"wp","href":"https:\/\/api.w.org\/{rel}","templated":true}]}}