{"id":4881,"date":"2025-06-28T16:56:15","date_gmt":"2025-06-28T14:56:15","guid":{"rendered":"https:\/\/uj.adatbank.ro\/lexikon\/termek\/boanta-petru\/"},"modified":"2025-06-28T16:56:15","modified_gmt":"2025-06-28T14:56:15","slug":"boanta-petru","status":"publish","type":"product","link":"https:\/\/uj.adatbank.ro\/lexikon\/termek\/boanta-petru\/","title":{"rendered":"BOANT\u0102 Petru"},"content":{"rendered":"<p>Sz\u00e9kelys\u00f3spatak, ? \u2020 Szentp\u00e1l, 1848. okt. 27.: ort. pap. \u2013 Bekapcsol\u00f3dott az 1848\u201349-es forradalmi esem\u00e9nyekbe. Bebarangolta a Ny\u00e1r\u00e1d menti falvakat, \u00e9s a bal\u00e1zsfalvi n\u00e9pgy\u0171l\u00e9sre toborzott r\u00e9sztvev\u0151ket. V\u00e1lasztott tribunk\u00e9nt saj\u00e1t maga is jelen volt Bal\u00e1zsfalv\u00e1n, ahol t\u00f6bbek k\u00f6z\u00f6tt a letart\u00f3ztatott Florian Mica\u015f, kv.-i \u00fcgyv\u00e9d, szabad l\u00e1bra val\u00f3 helyez\u00e9s\u00e9t is k\u00f6vetelt\u00e9k (1848. m\u00e1j. 13 \u2013 16). Hal\u00e1l\u00e1t a L\u00e1z\u00e1r gr. vezette m. sereg okozta, akik rajta\u00fct\u00f6ttek a Szentp\u00e1lon \u00f6sszegy\u0171lt \u00e9s a magyarokra t\u00e1madni k\u00e9sz\u00fcl\u0151 rom\u00e1n t\u00e1borra, 30 rom\u00e1n legion\u00e1rius vesztette \u00e9let\u00e9t, k\u00f6zt\u00fck Boant\u0103 is. <br \/><strong>Irod.:<\/strong> Transilvania 1848\u201349<\/br><\/p>\n","protected":false},"excerpt":{"rendered":"<p>Sz\u00e9kelys\u00f3spatak, ? \u2020 Szentp\u00e1l, 1848. okt. 27.: ort. pap. \u2013 Bekapcsol\u00f3dott az 1848\u201349-es forradalmi esem\u00e9nyekbe. Bebarangolta a Ny\u00e1r\u00e1d menti falvakat, \u00e9s a bal\u00e1zsfalvi n\u00e9pgy\u0171l\u00e9sre toborzott r\u00e9sztvev\u0151ket. V\u00e1lasztott tribunk\u00e9nt saj\u00e1t maga is jelen volt Bal\u00e1zsfalv\u00e1n, ahol t\u00f6bbek k\u00f6z\u00f6tt a letart\u00f3ztatott Florian Mica\u015f, kv.-i \u00fcgyv\u00e9d, szabad l\u00e1bra val\u00f3 helyez\u00e9s\u00e9t is k\u00f6vetelt\u00e9k (1848. m\u00e1j. 13 \u2013 16). Hal\u00e1l\u00e1t [&hellip;]<\/p>\n","protected":false},"featured_media":0,"comment_status":"open","ping_status":"closed","template":"","meta":[],"product_brand":[],"product_cat":[137],"product_tag":[],"class_list":{"0":"post-4881","1":"product","2":"type-product","3":"status-publish","5":"product_cat-maros-megyei-eletrajzi-lexikon","7":"first","8":"instock","9":"shipping-taxable","10":"product-type-simple"},"_links":{"self":[{"href":"https:\/\/uj.adatbank.ro\/lexikon\/wp-json\/wp\/v2\/product\/4881","targetHints":{"allow":["GET"]}}],"collection":[{"href":"https:\/\/uj.adatbank.ro\/lexikon\/wp-json\/wp\/v2\/product"}],"about":[{"href":"https:\/\/uj.adatbank.ro\/lexikon\/wp-json\/wp\/v2\/types\/product"}],"replies":[{"embeddable":true,"href":"https:\/\/uj.adatbank.ro\/lexikon\/wp-json\/wp\/v2\/comments?post=4881"}],"wp:attachment":[{"href":"https:\/\/uj.adatbank.ro\/lexikon\/wp-json\/wp\/v2\/media?parent=4881"}],"wp:term":[{"taxonomy":"product_brand","embeddable":true,"href":"https:\/\/uj.adatbank.ro\/lexikon\/wp-json\/wp\/v2\/product_brand?post=4881"},{"taxonomy":"product_cat","embeddable":true,"href":"https:\/\/uj.adatbank.ro\/lexikon\/wp-json\/wp\/v2\/product_cat?post=4881"},{"taxonomy":"product_tag","embeddable":true,"href":"https:\/\/uj.adatbank.ro\/lexikon\/wp-json\/wp\/v2\/product_tag?post=4881"}],"curies":[{"name":"wp","href":"https:\/\/api.w.org\/{rel}","templated":true}]}}

BOANTĂ Petru

<p>Székelysóspatak, ? † Szentpál, 1848. okt. 27.: ort. pap. – Bekapcsolódott az 1848–49-es forradalmi eseményekbe. Bebarangolta a Nyárád menti falvakat, és a balázsfalvi népgyűlésre toborzott résztvevőket. Választott tribunként saját maga is jelen volt Balázsfalván, ahol többek között a letartóztatott Florian Micaş, kv.-i ügyvéd, szabad lábra való helyezését is követelték (1848. máj. 13 – 16). Halálát a Lázár gr. vezette m. sereg okozta, akik rajtaütöttek a Szentpálon összegyűlt és a magyarokra támadni készülő román táborra, 30 román legionárius vesztette életét, köztük Boantă is. <br /><strong>Irod.:</strong> Transilvania 1848–49</br></p>

<p>Székelysóspatak, ? † Szentpál, 1848. okt. 27.: ort. pap. – Bekapcsolódott az 1848–49-es forradalmi eseményekbe. Bebarangolta a Nyárád menti falvakat, és a balázsfalvi népgyűlésre toborzott résztvevőket. Választott tribunként saját maga is jelen volt Balázsfalván, ahol többek között a letartóztatott Florian Micaş, kv.-i ügyvéd, szabad lábra való helyezését is követelték (1848. máj. 13 – 16). Halálát [&hellip;]</p>
