{"id":4884,"date":"2025-06-28T16:56:21","date_gmt":"2025-06-28T14:56:21","guid":{"rendered":"https:\/\/uj.adatbank.ro\/lexikon\/termek\/bob-george-bobb-george-bob-gheorghe\/"},"modified":"2025-06-28T16:56:21","modified_gmt":"2025-06-28T14:56:21","slug":"bob-george-bobb-george-bob-gheorghe","status":"publish","type":"product","link":"https:\/\/uj.adatbank.ro\/lexikon\/termek\/bob-george-bobb-george-bob-gheorghe\/","title":{"rendered":"BOB George, Bobb George, Bob Gheorghe"},"content":{"rendered":"<p>Nagyb\u00e1nya, 1790., \u2020 Torda, 1832.: g\u00f6r. kat. pap. \u2013 Bob Ioan p\u00fcsp\u00f6k unoka\u00f6ccse. \u2013 K\u00f6z\u00e9piskol\u00e1it Bal\u00e1zsfalv\u00e1n \u00e9s Kv.-on v\u00e9gezte, a teol\u00f3gi\u00e1t Bal\u00e1zsfalv\u00e1n, ahol tan\u00edtott is (1811\u201313), majd pl\u00e9b\u00e1nos Szamos\u00fajv\u00e1ron (1813\u201317), pl\u00e9b\u00e1nos \u00e9s esperes Mv.-en (1818\u201325), azut\u00e1n Tord\u00e1n (1825\u201332). <br \/><strong>Irod.:<\/strong> Com\u015fa; Com\u015fa\u2013Seiceanu; Id\u0151t\u00e1r 1; \u015eincan 2006; Todea 2013<\/br><\/p>\n","protected":false},"excerpt":{"rendered":"<p>Nagyb\u00e1nya, 1790., \u2020 Torda, 1832.: g\u00f6r. kat. pap. \u2013 Bob Ioan p\u00fcsp\u00f6k unoka\u00f6ccse. \u2013 K\u00f6z\u00e9piskol\u00e1it Bal\u00e1zsfalv\u00e1n \u00e9s Kv.-on v\u00e9gezte, a teol\u00f3gi\u00e1t Bal\u00e1zsfalv\u00e1n, ahol tan\u00edtott is (1811\u201313), majd pl\u00e9b\u00e1nos Szamos\u00fajv\u00e1ron (1813\u201317), pl\u00e9b\u00e1nos \u00e9s esperes Mv.-en (1818\u201325), azut\u00e1n Tord\u00e1n (1825\u201332). Irod.: Com\u015fa; Com\u015fa\u2013Seiceanu; Id\u0151t\u00e1r 1; \u015eincan 2006; Todea 2013<\/p>\n","protected":false},"featured_media":0,"comment_status":"open","ping_status":"closed","template":"","meta":[],"product_brand":[],"product_cat":[137],"product_tag":[],"class_list":{"0":"post-4884","1":"product","2":"type-product","3":"status-publish","5":"product_cat-maros-megyei-eletrajzi-lexikon","7":"first","8":"instock","9":"shipping-taxable","10":"product-type-simple"},"_links":{"self":[{"href":"https:\/\/uj.adatbank.ro\/lexikon\/wp-json\/wp\/v2\/product\/4884","targetHints":{"allow":["GET"]}}],"collection":[{"href":"https:\/\/uj.adatbank.ro\/lexikon\/wp-json\/wp\/v2\/product"}],"about":[{"href":"https:\/\/uj.adatbank.ro\/lexikon\/wp-json\/wp\/v2\/types\/product"}],"replies":[{"embeddable":true,"href":"https:\/\/uj.adatbank.ro\/lexikon\/wp-json\/wp\/v2\/comments?post=4884"}],"wp:attachment":[{"href":"https:\/\/uj.adatbank.ro\/lexikon\/wp-json\/wp\/v2\/media?parent=4884"}],"wp:term":[{"taxonomy":"product_brand","embeddable":true,"href":"https:\/\/uj.adatbank.ro\/lexikon\/wp-json\/wp\/v2\/product_brand?post=4884"},{"taxonomy":"product_cat","embeddable":true,"href":"https:\/\/uj.adatbank.ro\/lexikon\/wp-json\/wp\/v2\/product_cat?post=4884"},{"taxonomy":"product_tag","embeddable":true,"href":"https:\/\/uj.adatbank.ro\/lexikon\/wp-json\/wp\/v2\/product_tag?post=4884"}],"curies":[{"name":"wp","href":"https:\/\/api.w.org\/{rel}","templated":true}]}}