{"id":4885,"date":"2025-06-28T16:56:23","date_gmt":"2025-06-28T14:56:23","guid":{"rendered":"https:\/\/uj.adatbank.ro\/lexikon\/termek\/bob-ioan-bob-janos\/"},"modified":"2025-06-28T16:56:23","modified_gmt":"2025-06-28T14:56:23","slug":"bob-ioan-bob-janos","status":"publish","type":"product","link":"https:\/\/uj.adatbank.ro\/lexikon\/termek\/bob-ioan-bob-janos\/","title":{"rendered":"BOB Ioan, Bob J\u00e1nos"},"content":{"rendered":"<p>Abaf\u00e1ja, 1906. j\u00fal. 7., \u2020 Mv., 1973. jan. 4.: lakatos, munk\u00e1smozgalmi harcos; p\u00e1rt akt\u00edvista, n\u00e9ptan\u00e1csi aleln\u00f6k. \u2013 Fiatalon lakatos az \u00e1llami vas\u00fatn\u00e1l, kapcsolatba ker\u00fclt a munk\u00e1smozgalommal, Kv.-on harcolt a munk\u00e1sok jogai\u00e9rt (1929\u201333), a vasutasok szakszervezet\u00e9nek titk\u00e1r\u00e1v\u00e1 v\u00e1lasztott\u00e1k \u00e9s tagja lett a RKP-nak (1929). Letart\u00f3ztatt\u00e1k (1933) \u00e9s Gyulafeh\u00e9rv\u00e1ron beb\u00f6rt\u00f6n\u00f6zt\u00e9k. Kiszabadul\u00e1sa ut\u00e1n Kv.-on, majd Mv.-en tev\u00e9kenykedett (1935\u2013), ahol r\u00e9szt vett a f\u00e9m- \u00e9s vegyipari dolgoz\u00f3k szakszervezet\u00e9nek a megszervezes\u00e9ben, melynek eln\u00f6k\u00e9v\u00e9 v\u00e1lasztott\u00e1k, sztr\u00e1jkokat szervezett. A felszabadul\u00e1s ut\u00e1n k\u00fcl\u00f6nb\u00f6z\u0151 felel\u0151s tiszts\u00e9geket t\u00f6lt\u00f6tt be p\u00e1rt, \u00e1llami- \u00e9s t\u00f6megszervezetekben, a RKP Maros megyei bizotts\u00e1g\u00e1nak tagja, Maros tartom\u00e1nyi n\u00e9ptan\u00e1csi aleln\u00f6k (- 1953. jan.). Munk\u00e1ja elismer\u00e9sek\u00e9nt az \u00e1llam \u00e9rdemrendekkel \u00e9s \u00e9rdem\u00e9rm\u00e9kkel t\u00fcntette ki. <br \/><strong>Irod.:<\/strong> Auton\u00f3m magyarok; I. B. [Nekrol\u00f3g] (V. Z., 1973. jan. 5.; 1973. jan. 7.); Id\u0151t\u00e1r 4.<\/br><\/p>\n","protected":false},"excerpt":{"rendered":"<p>Abaf\u00e1ja, 1906. j\u00fal. 7., \u2020 Mv., 1973. jan. 4.: lakatos, munk\u00e1smozgalmi harcos; p\u00e1rt akt\u00edvista, n\u00e9ptan\u00e1csi aleln\u00f6k. \u2013 Fiatalon lakatos az \u00e1llami vas\u00fatn\u00e1l, kapcsolatba ker\u00fclt a munk\u00e1smozgalommal, Kv.-on harcolt a munk\u00e1sok jogai\u00e9rt (1929\u201333), a vasutasok szakszervezet\u00e9nek titk\u00e1r\u00e1v\u00e1 v\u00e1lasztott\u00e1k \u00e9s tagja lett a RKP-nak (1929). Letart\u00f3ztatt\u00e1k (1933) \u00e9s Gyulafeh\u00e9rv\u00e1ron beb\u00f6rt\u00f6n\u00f6zt\u00e9k. Kiszabadul\u00e1sa ut\u00e1n Kv.-on, majd Mv.-en tev\u00e9kenykedett (1935\u2013), [&hellip;]<\/p>\n","protected":false},"featured_media":0,"comment_status":"open","ping_status":"closed","template":"","meta":[],"product_brand":[],"product_cat":[137],"product_tag":[],"class_list":{"0":"post-4885","1":"product","2":"type-product","3":"status-publish","5":"product_cat-maros-megyei-eletrajzi-lexikon","7":"first","8":"instock","9":"shipping-taxable","10":"product-type-simple"},"_links":{"self":[{"href":"https:\/\/uj.adatbank.ro\/lexikon\/wp-json\/wp\/v2\/product\/4885","targetHints":{"allow":["GET"]}}],"collection":[{"href":"https:\/\/uj.adatbank.ro\/lexikon\/wp-json\/wp\/v2\/product"}],"about":[{"href":"https:\/\/uj.adatbank.ro\/lexikon\/wp-json\/wp\/v2\/types\/product"}],"replies":[{"embeddable":true,"href":"https:\/\/uj.adatbank.ro\/lexikon\/wp-json\/wp\/v2\/comments?post=4885"}],"wp:attachment":[{"href":"https:\/\/uj.adatbank.ro\/lexikon\/wp-json\/wp\/v2\/media?parent=4885"}],"wp:term":[{"taxonomy":"product_brand","embeddable":true,"href":"https:\/\/uj.adatbank.ro\/lexikon\/wp-json\/wp\/v2\/product_brand?post=4885"},{"taxonomy":"product_cat","embeddable":true,"href":"https:\/\/uj.adatbank.ro\/lexikon\/wp-json\/wp\/v2\/product_cat?post=4885"},{"taxonomy":"product_tag","embeddable":true,"href":"https:\/\/uj.adatbank.ro\/lexikon\/wp-json\/wp\/v2\/product_tag?post=4885"}],"curies":[{"name":"wp","href":"https:\/\/api.w.org\/{rel}","templated":true}]}}

BOB Ioan, Bob János

<p>Abafája, 1906. júl. 7., † Mv., 1973. jan. 4.: lakatos, munkásmozgalmi harcos; párt aktívista, néptanácsi alelnök. – Fiatalon lakatos az állami vasútnál, kapcsolatba került a munkásmozgalommal, Kv.-on harcolt a munkások jogaiért (1929–33), a vasutasok szakszervezetének titkárává választották és tagja lett a RKP-nak (1929). Letartóztatták (1933) és Gyulafehérváron bebörtönözték. Kiszabadulása után Kv.-on, majd Mv.-en tevékenykedett (1935–), ahol részt vett a fém- és vegyipari dolgozók szakszervezetének a megszervezesében, melynek elnökévé választották, sztrájkokat szervezett. A felszabadulás után különböző felelős tisztségeket töltött be párt, állami- és tömegszervezetekben, a RKP Maros megyei bizottságának tagja, Maros tartományi néptanácsi alelnök (- 1953. jan.). Munkája elismeréseként az állam érdemrendekkel és érdemérmékkel tüntette ki. <br /><strong>Irod.:</strong> Autonóm magyarok; I. B. [Nekrológ] (V. Z., 1973. jan. 5.; 1973. jan. 7.); Időtár 4.</br></p>

<p>Abafája, 1906. júl. 7., † Mv., 1973. jan. 4.: lakatos, munkásmozgalmi harcos; párt aktívista, néptanácsi alelnök. – Fiatalon lakatos az állami vasútnál, kapcsolatba került a munkásmozgalommal, Kv.-on harcolt a munkások jogaiért (1929–33), a vasutasok szakszervezetének titkárává választották és tagja lett a RKP-nak (1929). Letartóztatták (1933) és Gyulafehérváron bebörtönözték. Kiszabadulása után Kv.-on, majd Mv.-en tevékenykedett (1935–), [&hellip;]</p>
