{"id":4887,"date":"2025-06-28T16:56:25","date_gmt":"2025-06-28T14:56:25","guid":{"rendered":"https:\/\/uj.adatbank.ro\/lexikon\/termek\/bob-jozsef\/"},"modified":"2025-06-28T16:56:25","modified_gmt":"2025-06-28T14:56:25","slug":"bob-jozsef","status":"publish","type":"product","link":"https:\/\/uj.adatbank.ro\/lexikon\/termek\/bob-jozsef\/","title":{"rendered":"BOB J\u00f3zsef"},"content":{"rendered":"<p>Mv., 1955. \u2020 : fest\u0151m\u0171v\u00e9sz. Kezdetben Mv.-en dolgozott. Kezdetben hagyom\u00e1nyos t\u00e1blak\u00e9peket festett. T\u00f6bb csoportos t\u00e1rlaton mutatta be alkot\u0171sait. <br \/><strong>Irod.:<\/strong> Szab\u00f3\u2013K\u00e1llai<\/br><\/p>\n","protected":false},"excerpt":{"rendered":"<p>Mv., 1955. \u2020 : fest\u0151m\u0171v\u00e9sz. Kezdetben Mv.-en dolgozott. Kezdetben hagyom\u00e1nyos t\u00e1blak\u00e9peket festett. T\u00f6bb csoportos t\u00e1rlaton mutatta be alkot\u0171sait. Irod.: Szab\u00f3\u2013K\u00e1llai<\/p>\n","protected":false},"featured_media":0,"comment_status":"open","ping_status":"closed","template":"","meta":[],"product_brand":[],"product_cat":[137],"product_tag":[],"class_list":{"0":"post-4887","1":"product","2":"type-product","3":"status-publish","5":"product_cat-maros-megyei-eletrajzi-lexikon","7":"first","8":"instock","9":"shipping-taxable","10":"product-type-simple"},"_links":{"self":[{"href":"https:\/\/uj.adatbank.ro\/lexikon\/wp-json\/wp\/v2\/product\/4887","targetHints":{"allow":["GET"]}}],"collection":[{"href":"https:\/\/uj.adatbank.ro\/lexikon\/wp-json\/wp\/v2\/product"}],"about":[{"href":"https:\/\/uj.adatbank.ro\/lexikon\/wp-json\/wp\/v2\/types\/product"}],"replies":[{"embeddable":true,"href":"https:\/\/uj.adatbank.ro\/lexikon\/wp-json\/wp\/v2\/comments?post=4887"}],"wp:attachment":[{"href":"https:\/\/uj.adatbank.ro\/lexikon\/wp-json\/wp\/v2\/media?parent=4887"}],"wp:term":[{"taxonomy":"product_brand","embeddable":true,"href":"https:\/\/uj.adatbank.ro\/lexikon\/wp-json\/wp\/v2\/product_brand?post=4887"},{"taxonomy":"product_cat","embeddable":true,"href":"https:\/\/uj.adatbank.ro\/lexikon\/wp-json\/wp\/v2\/product_cat?post=4887"},{"taxonomy":"product_tag","embeddable":true,"href":"https:\/\/uj.adatbank.ro\/lexikon\/wp-json\/wp\/v2\/product_tag?post=4887"}],"curies":[{"name":"wp","href":"https:\/\/api.w.org\/{rel}","templated":true}]}}