{"id":4888,"date":"2025-06-28T16:56:27","date_gmt":"2025-06-28T14:56:27","guid":{"rendered":"https:\/\/uj.adatbank.ro\/lexikon\/termek\/bobletec-otavian-%c2%a7\/"},"modified":"2025-06-28T16:56:27","modified_gmt":"2025-06-28T14:56:27","slug":"bobletec-otavian-%c2%a7","status":"publish","type":"product","link":"https:\/\/uj.adatbank.ro\/lexikon\/termek\/bobletec-otavian-%c2%a7\/","title":{"rendered":"BOBLETEC Otavian, \u00a7"},"content":{"rendered":"<p>N\u00e1zn\u00e1nfalva, 1898. okt. 16., \u2020 Kv., 1921. m\u00e1rc. 10.: fes\u0151, szobr\u00e1sz. \u2013 Tanult Marosszentkir\u00e1lyon (1905\u201311), a Mv-i Ipariskola (1911\u201315), a Bp-i K\u00e9pz\u0151m\u0171v\u00e9szeti Akad. szoszobr\u00e1sz tagozata (1915\u201318), a Buk.-i Sz\u00e9pm\u0171v\u00e9szeti Akad. Hallgat\u00f3ja (1920). Beh\u00edvj\u00e1k, alhadnagyk\u00e9nt h\u00e1rom fronton harcolt (1919), leszerelt\u00e9k (1920). T\u00fcd\u0151betegen Kv-on halt meg. A klinik\u00e1n is \u00e1lland\u00f3an dolgozott, 38 alkot\u00e1sa \u00e9s n\u00e9h\u00e1ny terve maradt h\u00e1tra. R\u00e9szt vett az Erd\u00e9lyi M\u0171v\u00e9szeti Szalonon (1921). Falfestm\u00e9nyei, dekorat\u00edv m\u0171vei megtal\u00e1lhat\u00f3k k\u00fcl\u00f6nb\u00f6z\u0151 Bp-i \u00e9p\u00fcletekben. Ezek k\u00f6z\u00fcl megeml\u00edtj\u00fck: Romul Boil\u0103 zeneszerz\u0151 mellszobra, \u201e\u00c9n, 1920-ban\u201d, \u00f6narck\u00e9p szobor gipszbe \u00f6ntve, Dr. Liviu Pop mellszobra, Dr. Liviu Pop feles\u00e9g\u00e9nek a mellszobra, Egy szoborcsoport makettje \u201eSoldat infanterist\u201d c., amellyel az I. vh.-ban elesett h\u0151s\u00f6knek akart eml\u00e9ket \u00e1ll\u00edtani. <br \/><strong>Irod.:<\/strong> MMK; Traian Du\u015fa: Pagini de istorie, art\u0103 \u015fi cultur\u0103, 1.; T. Du\u015fa: O. B. un artist uitat (Tg. M., 1970); RepM; Todea 2013<\/br><\/p>\n","protected":false},"excerpt":{"rendered":"<p>N\u00e1zn\u00e1nfalva, 1898. okt. 16., \u2020 Kv., 1921. m\u00e1rc. 10.: fes\u0151, szobr\u00e1sz. \u2013 Tanult Marosszentkir\u00e1lyon (1905\u201311), a Mv-i Ipariskola (1911\u201315), a Bp-i K\u00e9pz\u0151m\u0171v\u00e9szeti Akad. szoszobr\u00e1sz tagozata (1915\u201318), a Buk.-i Sz\u00e9pm\u0171v\u00e9szeti Akad. Hallgat\u00f3ja (1920). Beh\u00edvj\u00e1k, alhadnagyk\u00e9nt h\u00e1rom fronton harcolt (1919), leszerelt\u00e9k (1920). T\u00fcd\u0151betegen Kv-on halt meg. A klinik\u00e1n is \u00e1lland\u00f3an dolgozott, 38 alkot\u00e1sa \u00e9s n\u00e9h\u00e1ny terve maradt [&hellip;]<\/p>\n","protected":false},"featured_media":0,"comment_status":"open","ping_status":"closed","template":"","meta":[],"product_brand":[],"product_cat":[137],"product_tag":[],"class_list":{"0":"post-4888","1":"product","2":"type-product","3":"status-publish","5":"product_cat-maros-megyei-eletrajzi-lexikon","7":"first","8":"instock","9":"shipping-taxable","10":"product-type-simple"},"_links":{"self":[{"href":"https:\/\/uj.adatbank.ro\/lexikon\/wp-json\/wp\/v2\/product\/4888","targetHints":{"allow":["GET"]}}],"collection":[{"href":"https:\/\/uj.adatbank.ro\/lexikon\/wp-json\/wp\/v2\/product"}],"about":[{"href":"https:\/\/uj.adatbank.ro\/lexikon\/wp-json\/wp\/v2\/types\/product"}],"replies":[{"embeddable":true,"href":"https:\/\/uj.adatbank.ro\/lexikon\/wp-json\/wp\/v2\/comments?post=4888"}],"wp:attachment":[{"href":"https:\/\/uj.adatbank.ro\/lexikon\/wp-json\/wp\/v2\/media?parent=4888"}],"wp:term":[{"taxonomy":"product_brand","embeddable":true,"href":"https:\/\/uj.adatbank.ro\/lexikon\/wp-json\/wp\/v2\/product_brand?post=4888"},{"taxonomy":"product_cat","embeddable":true,"href":"https:\/\/uj.adatbank.ro\/lexikon\/wp-json\/wp\/v2\/product_cat?post=4888"},{"taxonomy":"product_tag","embeddable":true,"href":"https:\/\/uj.adatbank.ro\/lexikon\/wp-json\/wp\/v2\/product_tag?post=4888"}],"curies":[{"name":"wp","href":"https:\/\/api.w.org\/{rel}","templated":true}]}}

<p>Náznánfalva, 1898. okt. 16., † Kv., 1921. márc. 10.: feső, szobrász. – Tanult Marosszentkirályon (1905–11), a Mv-i Ipariskola (1911–15), a Bp-i Képzőművészeti Akad. szoszobrász tagozata (1915–18), a Buk.-i Szépművészeti Akad. Hallgatója (1920). Behívják, alhadnagyként három fronton harcolt (1919), leszerelték (1920). Tüdőbetegen Kv-on halt meg. A klinikán is állandóan dolgozott, 38 alkotása és néhány terve maradt hátra. Részt vett az Erdélyi Művészeti Szalonon (1921). Falfestményei, dekoratív művei megtalálhatók különböző Bp-i épületekben. Ezek közül megemlítjük: Romul Boilă zeneszerző mellszobra, „Én, 1920-ban”, önarckép szobor gipszbe öntve, Dr. Liviu Pop mellszobra, Dr. Liviu Pop feleségének a mellszobra, Egy szoborcsoport makettje „Soldat infanterist” c., amellyel az I. vh.-ban elesett hősöknek akart emléket állítani. <br /><strong>Irod.:</strong> MMK; Traian Duşa: Pagini de istorie, artă şi cultură, 1.; T. Duşa: O. B. un artist uitat (Tg. M., 1970); RepM; Todea 2013</br></p>

<p>Náznánfalva, 1898. okt. 16., † Kv., 1921. márc. 10.: feső, szobrász. – Tanult Marosszentkirályon (1905–11), a Mv-i Ipariskola (1911–15), a Bp-i Képzőművészeti Akad. szoszobrász tagozata (1915–18), a Buk.-i Szépművészeti Akad. Hallgatója (1920). Behívják, alhadnagyként három fronton harcolt (1919), leszerelték (1920). Tüdőbetegen Kv-on halt meg. A klinikán is állandóan dolgozott, 38 alkotása és néhány terve maradt [&hellip;]</p>
