{"id":4892,"date":"2025-06-28T16:56:36","date_gmt":"2025-06-28T14:56:36","guid":{"rendered":"https:\/\/uj.adatbank.ro\/lexikon\/termek\/boca-ioan\/"},"modified":"2025-06-28T16:56:36","modified_gmt":"2025-06-28T14:56:36","slug":"boca-ioan","status":"publish","type":"product","link":"https:\/\/uj.adatbank.ro\/lexikon\/termek\/boca-ioan\/","title":{"rendered":"BOCA Ioan"},"content":{"rendered":"<p>Mez\u0151velk\u00e9r, 1881.?, \u2020 Mv., 1935. dec. 24.: tan\u00edt\u00f3 tan\u00e1r, iskolaigazgat\u00f3. \u2013 K\u00f6z\u00e9piskol\u00e1it Mv.-en, a tan\u00edt\u00f3k\u00e9pz\u0151t D\u00e9v\u00e1n v\u00e9gezte. Tan\u00edt\u00f3 Als\u00f3barbatin, majd az I. vh. ut\u00e1n mv-i 1. sz. Principele Carol \u00e1llami elemi iskola igazgat\u00f3ja, (a mai 2. sz. \u00c1lt. Isk., 1919\u201335-ben is), a v\u00e1rosban az els\u0151 rom\u00e1n nemzetis\u00e9g\u0171 igazgat\u00f3 volt, majd az \u00f6sszes v\u00e1rosi elemi iskol\u00e1k gondnoka. A Cercul Cultural eln\u00f6ke, v\u00e1rosi egyh\u00e1zi tan\u00e1csos, a rom\u00e1n tanoncotthon gondnoks\u00e1g\u00e1nak tagja volt, azonkiv\u00fcl m\u00e9g sz\u00e1mos helybeli t\u00e1rsas\u00e1g m\u0171k\u00f6d\u00e9s\u00e9ban fejtett ki k\u00f6z\u00e9leti tev\u00e9kenys\u00e9get. Az Averescu-f\u00e9le N\u00e9pp\u00e1rt eln\u00f6ke (1920) Temet\u00e9s\u00e9n b\u00facs\u00faztat\u00f3t mondott Aurel Baciu \u00e9s Nicolae Sulica. <br \/><strong>Irod.:<\/strong> Bojoru, Ioan: Amintirea directorului Ioan Boca (Tg. M., 1937); Id\u0151t\u00e1r 3; Ki kicsoda ?; Standavid-Tam\u00e1si; \u015eerban 2006<\/br><\/p>\n","protected":false},"excerpt":{"rendered":"<p>Mez\u0151velk\u00e9r, 1881.?, \u2020 Mv., 1935. dec. 24.: tan\u00edt\u00f3 tan\u00e1r, iskolaigazgat\u00f3. \u2013 K\u00f6z\u00e9piskol\u00e1it Mv.-en, a tan\u00edt\u00f3k\u00e9pz\u0151t D\u00e9v\u00e1n v\u00e9gezte. Tan\u00edt\u00f3 Als\u00f3barbatin, majd az I. vh. ut\u00e1n mv-i 1. sz. Principele Carol \u00e1llami elemi iskola igazgat\u00f3ja, (a mai 2. sz. \u00c1lt. Isk., 1919\u201335-ben is), a v\u00e1rosban az els\u0151 rom\u00e1n nemzetis\u00e9g\u0171 igazgat\u00f3 volt, majd az \u00f6sszes v\u00e1rosi elemi iskol\u00e1k [&hellip;]<\/p>\n","protected":false},"featured_media":0,"comment_status":"open","ping_status":"closed","template":"","meta":[],"product_brand":[],"product_cat":[137],"product_tag":[],"class_list":{"0":"post-4892","1":"product","2":"type-product","3":"status-publish","5":"product_cat-maros-megyei-eletrajzi-lexikon","7":"first","8":"instock","9":"shipping-taxable","10":"product-type-simple"},"_links":{"self":[{"href":"https:\/\/uj.adatbank.ro\/lexikon\/wp-json\/wp\/v2\/product\/4892","targetHints":{"allow":["GET"]}}],"collection":[{"href":"https:\/\/uj.adatbank.ro\/lexikon\/wp-json\/wp\/v2\/product"}],"about":[{"href":"https:\/\/uj.adatbank.ro\/lexikon\/wp-json\/wp\/v2\/types\/product"}],"replies":[{"embeddable":true,"href":"https:\/\/uj.adatbank.ro\/lexikon\/wp-json\/wp\/v2\/comments?post=4892"}],"wp:attachment":[{"href":"https:\/\/uj.adatbank.ro\/lexikon\/wp-json\/wp\/v2\/media?parent=4892"}],"wp:term":[{"taxonomy":"product_brand","embeddable":true,"href":"https:\/\/uj.adatbank.ro\/lexikon\/wp-json\/wp\/v2\/product_brand?post=4892"},{"taxonomy":"product_cat","embeddable":true,"href":"https:\/\/uj.adatbank.ro\/lexikon\/wp-json\/wp\/v2\/product_cat?post=4892"},{"taxonomy":"product_tag","embeddable":true,"href":"https:\/\/uj.adatbank.ro\/lexikon\/wp-json\/wp\/v2\/product_tag?post=4892"}],"curies":[{"name":"wp","href":"https:\/\/api.w.org\/{rel}","templated":true}]}}

<p>Mezővelkér, 1881.?, † Mv., 1935. dec. 24.: tanító tanár, iskolaigazgató. – Középiskoláit Mv.-en, a tanítóképzőt Déván végezte. Tanító Alsóbarbatin, majd az I. vh. után mv-i 1. sz. Principele Carol állami elemi iskola igazgatója, (a mai 2. sz. Ált. Isk., 1919–35-ben is), a városban az első román nemzetiségű igazgató volt, majd az összes városi elemi iskolák gondnoka. A Cercul Cultural elnöke, városi egyházi tanácsos, a román tanoncotthon gondnokságának tagja volt, azonkivül még számos helybeli társaság működéséban fejtett ki közéleti tevékenységet. Az Averescu-féle Néppárt elnöke (1920) Temetésén búcsúztatót mondott Aurel Baciu és Nicolae Sulica. <br /><strong>Irod.:</strong> Bojoru, Ioan: Amintirea directorului Ioan Boca (Tg. M., 1937); Időtár 3; Ki kicsoda ?; Standavid-Tamási; Şerban 2006</br></p>

<p>Mezővelkér, 1881.?, † Mv., 1935. dec. 24.: tanító tanár, iskolaigazgató. – Középiskoláit Mv.-en, a tanítóképzőt Déván végezte. Tanító Alsóbarbatin, majd az I. vh. után mv-i 1. sz. Principele Carol állami elemi iskola igazgatója, (a mai 2. sz. Ált. Isk., 1919–35-ben is), a városban az első román nemzetiségű igazgató volt, majd az összes városi elemi iskolák [&hellip;]</p>
