{"id":4897,"date":"2025-06-28T16:56:45","date_gmt":"2025-06-28T14:56:45","guid":{"rendered":"https:\/\/uj.adatbank.ro\/lexikon\/termek\/bocskai-gyula\/"},"modified":"2025-06-28T16:56:45","modified_gmt":"2025-06-28T14:56:45","slug":"bocskai-gyula","status":"publish","type":"product","link":"https:\/\/uj.adatbank.ro\/lexikon\/termek\/bocskai-gyula\/","title":{"rendered":"BOCSKAI Gyula"},"content":{"rendered":"<p>G\u00f6rg\u00e9ny\u00fcvegcs\u0171r, 1895., \u2020 ? : erdei munk\u00e1s. \u2013 Gyalogosk\u00e9nt szolg\u00e1lt az orosz, olasz, francia fronton (1915\u2013). Rom\u00e1n hadifogs\u00e1gba ker\u00fclt, mert r\u00e9szt vett a sz\u00e9kelyek l\u00e1zad\u00e1s\u00e1ban. A h\u00e1bor\u00fa v\u00e9g\u00e9n ker\u00fclt haza (1918). <br \/><strong>Irod.:<\/strong> Gl\u0103j\u0103rie<\/br><\/p>\n","protected":false},"excerpt":{"rendered":"<p>G\u00f6rg\u00e9ny\u00fcvegcs\u0171r, 1895., \u2020 ? : erdei munk\u00e1s. \u2013 Gyalogosk\u00e9nt szolg\u00e1lt az orosz, olasz, francia fronton (1915\u2013). Rom\u00e1n hadifogs\u00e1gba ker\u00fclt, mert r\u00e9szt vett a sz\u00e9kelyek l\u00e1zad\u00e1s\u00e1ban. A h\u00e1bor\u00fa v\u00e9g\u00e9n ker\u00fclt haza (1918). Irod.: Gl\u0103j\u0103rie<\/p>\n","protected":false},"featured_media":0,"comment_status":"open","ping_status":"closed","template":"","meta":[],"product_brand":[],"product_cat":[137],"product_tag":[],"class_list":{"0":"post-4897","1":"product","2":"type-product","3":"status-publish","5":"product_cat-maros-megyei-eletrajzi-lexikon","7":"first","8":"instock","9":"shipping-taxable","10":"product-type-simple"},"_links":{"self":[{"href":"https:\/\/uj.adatbank.ro\/lexikon\/wp-json\/wp\/v2\/product\/4897","targetHints":{"allow":["GET"]}}],"collection":[{"href":"https:\/\/uj.adatbank.ro\/lexikon\/wp-json\/wp\/v2\/product"}],"about":[{"href":"https:\/\/uj.adatbank.ro\/lexikon\/wp-json\/wp\/v2\/types\/product"}],"replies":[{"embeddable":true,"href":"https:\/\/uj.adatbank.ro\/lexikon\/wp-json\/wp\/v2\/comments?post=4897"}],"wp:attachment":[{"href":"https:\/\/uj.adatbank.ro\/lexikon\/wp-json\/wp\/v2\/media?parent=4897"}],"wp:term":[{"taxonomy":"product_brand","embeddable":true,"href":"https:\/\/uj.adatbank.ro\/lexikon\/wp-json\/wp\/v2\/product_brand?post=4897"},{"taxonomy":"product_cat","embeddable":true,"href":"https:\/\/uj.adatbank.ro\/lexikon\/wp-json\/wp\/v2\/product_cat?post=4897"},{"taxonomy":"product_tag","embeddable":true,"href":"https:\/\/uj.adatbank.ro\/lexikon\/wp-json\/wp\/v2\/product_tag?post=4897"}],"curies":[{"name":"wp","href":"https:\/\/api.w.org\/{rel}","templated":true}]}}