{"id":4898,"date":"2025-06-28T16:56:46","date_gmt":"2025-06-28T14:56:46","guid":{"rendered":"https:\/\/uj.adatbank.ro\/lexikon\/termek\/bocskai-istvan-%c2%a7-bocskoi-es-kismarjai-bochkai-istvan-bocskay-istvan\/"},"modified":"2025-06-28T16:56:46","modified_gmt":"2025-06-28T14:56:46","slug":"bocskai-istvan-%c2%a7-bocskoi-es-kismarjai-bochkai-istvan-bocskay-istvan","status":"publish","type":"product","link":"https:\/\/uj.adatbank.ro\/lexikon\/termek\/bocskai-istvan-%c2%a7-bocskoi-es-kismarjai-bochkai-istvan-bocskay-istvan\/","title":{"rendered":"BOCSKAI Istv\u00e1n, \u00a7 bocsk\u00f3i \u00e9s kismarjai, Bochkai Istv\u00e1n, Bocskay Istv\u00e1n"},"content":{"rendered":"<p>Kv., 1557. jan. 1., \u2020 Kassa, 1606. dec. 29., v\u00e9grendelete szerint Gyulafeh\u00e9rv\u00e1ron a katedr\u00e1lisban temett\u00e9k el: v\u00e1radi kapit\u00e1ny, bihari f\u0151isp\u00e1n, Erd\u00e9ly fejedelme. \u2013 B. Gy\u00f6rgy \u00e9s Sulyok Krisztina fia. \u2013 Serd\u00fcl\u0151 \u00e9s ifj\u00fa \u00e9veit B\u00e9csben \u00e9s Pr\u00e1g\u00e1ban t\u00f6lt\u00f6tte a cs\u00e1sz\u00e1ri apr\u00f3dok k\u00f6z\u00f6tt, majd Gyulafeh\u00e9rv\u00e1rra ker\u00fclt (1576) B\u00e1thori Istv\u00e1n udvar\u00e1ba. B\u00e1thori Istv\u00e1n hal\u00e1la ut\u00e1n (1586) el\u0151t\u00e9rbe ker\u00fclt a Habsburg-hatalommal val\u00f3 \u00f6sszefog\u00e1s lehet\u0151s\u00e9ge a t\u00f6r\u00f6k kiszor\u00edt\u00e1s\u00e1ra, ennek h\u00edve B. I. is. B\u00e1thori Krist\u00f3f mellett a fejedelmi tan\u00e1cs tagja, a kiskor\u00fa B\u00e1thori Zsigmond gy\u00e1mja lett, majd v\u00e1radi kapit\u00e1ny (1592). A t\u00f6r\u00f6kellenes p\u00e1rt vez\u00e9ralakja, r\u00e9szt vett a t\u00f6r\u00f6k elleni hadj\u00e1ratban (1595). B\u00e1thori Zsigmondt\u00f3l 32 ezer arany ft.-ban megkapta G\u00f6rg\u00e9ny v\u00e1r\u00e1t a K\u00f6szv\u00e9nyesen \u00e9s Mikh\u00e1z\u00e1n l\u00e9v\u0151 pusk\u00e1s gyalogosokkal egy\u00fctt, akik a v\u00e1rat kell szolg\u00e1lj\u00e1k \u00e9s az orsz\u00e1got seg\u00edts\u00e9k (1597. dec. 14.), \u00e9s beiktatt\u00e1k (1598. jan. 20.). Erd\u00e9ly egyes\u00fclt Magyaro.-al Rudolf cs\u00e1sz\u00e1r alatt. A Basta gener\u00e1lis vezette zsoldos csapatai, a t\u00f6r\u00f6k\u00f6k, Mih\u00e1ly vajda beavatkoz\u00e1sa k\u00f6vetkezett. Bocskaiban megsz\u00fcletett a szabads\u00e1gharc gondolata, a hajduk megrohant\u00e1k a cs\u00e1sz\u00e1ri csapatokat (1604. okt. 15.), Bocskai a hajd\u00fak \u00e9l\u00e9re \u00e1llt \u00e9s a szabads\u00e1gharc vez\u00e9re lett \u00e9s gy\u0151zelemre vitte azt. A f\u00fcggetlens\u00e9g \u00e9s a nemzeti kir\u00e1lys\u00e1g h\u00edve volt. Felsz\u00f3l\u00edtotta az erd\u00e9lyi rendeket, hogy csatlakozzanak a szabads\u00e1gharchoz (1604. dec. 12.). Ny\u00e1r\u00e1dszered\u00e1n az akkori Marosszerd\u00e1n tartott\u00e1k azt az ogy.-t, amelyen fejedelm\u00fckk\u00e9 v\u00e1lasztott\u00e1k a sz\u00e9kelyek (1605. febr. 21.), a Szerencsen tartott ogy.-en Magyaro. fejedelm\u00e9v\u00e9 v\u00e1lsztott\u00e1k (1605. \u00e1pr. 20.); a meggyesi ogy.-en a rendek baiktatt\u00e1k (1605. szept. 14) Magyaro. \u00e9s Erd\u00e9ly fejedelems\u00e9g\u00e9be. Megk\u00f6t\u00f6tte az osztr\u00e1kokkal a b\u00e9csi b\u00e9k\u00e9t (1606. j\u00fan. 23 ) \u00e9s a t\u00f6r\u00f6k\u00f6kkel a zsitvatoroki b\u00e9k\u00e9t (1606. nov. 11), egyes\u00falyt teremtve a k\u00e9t nagyhatalom k\u00f6z\u00f6tt. Kiv\u00e1lts\u00e1gokat adott Mv.-nek \u00e9s v\u00e1r\u00e9p\u00edt\u00e9si enged\u00e9ly (1606), A ny\u00e1r\u00e1dszeredai ref. templom cinterm\u00e9nek bej\u00e1rata el\u0151tt \u00e1ll a fejedelem bronz mellszobra, kett\u0151s \u00e9letnagys\u00e1g\u00fa, amelyet Horv\u00e1th G\u00e9za mv.-i szobr\u00e1szm\u0171v\u00e9sz k\u00e9sz\u00edtett a b\u00e9csi b\u00e9ke 300. \u00e9vfordul\u00f3j\u00e1ra, \u00e9s felavatt\u00e1k (1906. j\u00fan. 23.). A szobrot a templomba menek\u00edtett\u00e9k (1923\u201333), dr. \u00c1rkosi Jen\u0151, Ny\u00e1r\u00e1dszerda akkori lelk\u00e9sze, szek\u00e9rrel a kv.-i Protest\u00e1ns Teol\u00f3giai Int\u00e9zetbe sz\u00e1ll\u00edtotta (1933), majd visszaker\u00fclt eredeti hely\u00e9re (1940. nov. 24. \u2013 1944), ism\u00e9t a templomba ker\u00fclt, a templomkarzat alatti helyen \u0151rizt\u00e9k (1944\u201376), amikor a templombej\u00e1ratn\u00e1l \u00e9p\u00edtett talapzatra \u00e1ll\u00edtott\u00e1k fel, vissza\u00e1ll\u00edtott\u00e1k a t\u00e9rre (1997. j\u00fal. 13.). Fejedelemm\u00e9 avat\u00e1s\u00e1nak 400. \u00e9vfordul\u00f3j\u00e1n Ny\u00e1r\u00e1dszered\u00e1ban iskol\u00e1t neveztek el r\u00f3la (2005. febr.), az EMKE helyi szervezete viseli a nev\u00e9t. A ny\u00e1r\u00e1dmenti oktat\u00e1s, nevel\u00e9s \u00e9s kult\u00fara anyagi \u00e9s szellemi t\u00e1mogat\u00e1s\u00e1ra Bocskai Istv\u00e1n Alap\u00edtv\u00e1ny j\u00f6tt l\u00e9tre (1994. \u00e1pr. 13. \u2013). Maross\u00e1rpatakon fel\u00e1ll\u00edtott\u00e1k a mellszobr\u00e1t (Miholcsa J\u00f3zsef alkot\u00e1sa; 2005. m\u00e1j. 5.). \u2013 <strong>F. m.:<\/strong> B. I. leveles k\u00f6nyve. (Kiad. Thaly K\u00e1lm\u00e1n; M. T\u00f6rt. T\u00e1r, 19. vagy 2. folyam 7. k\u00f6t. Bp., 1874); B. I. \u00e9s Ill\u00e9sh\u00e1zy Istv\u00e1n levelez\u00e9se 1605 \u00e9s 1606-ban. (Kiad. Szil\u00e1gyi S\u00e1ndor; T\u00f6rt. T\u00e1r, 1878); B. I. politikai levelez\u00e9se. ( Kiad. Szab\u00f3 K\u00e1roly; Bp., 1882); T\u0171zpr\u00f3ba. 1603\u20131613. (Bev. B\u00edr\u00f3 Vencel; B p., 1942); B. I. test\u00e1mentomi rendel\u00e9se (Bp., 1986; 2001); Levelek (Bp.- Buk., 1992); <strong>antol\u00f3g.:<\/strong> M. gondolkod\u00f3k : 17. sz\u00e1zad (Bp., 1979); B. M. \u00e9lete = Erd\u00e9ly \u00f6r\u00f6ks\u00e9ge, 6. <br \/><strong>Irod.:<\/strong> \u00c1br\u00e1m Zolt\u00e1n, Benk\u0151 K.: Mv.; Gy\u00f6rgy Horv\u00e1th L\u00e1szl\u00f3: Bocskai Istv\u00e1n = Ny\u00e1r\u00e1dszereda; B.-szobor (N\u00fa., 1997. j\u00fal. 8.); Basta; B\u00f6l\u00f6ni Domokos: A sarokba \u00e1ll\u00edtott fejedelem harmadszori felt\u00e1mad\u00e1sa (Sz\u00e9kelyf\u00f6ld, 1. sz., 1997); Bekecsalja (1955. febr.-m\u00e1rc.); Benda K\u00e1lm\u00e1n: B. Istv\u00e1n f\u00fcggetlens\u00e9gi harca (Bp., 1952); Bocskai Istv\u00e1n. 1906\u20131940\u20131997 (Ny\u00e1r\u00e1dszereda, 1997); Csetri\u2013Szab\u00f3; Egyed \u00c1. 2013; Egyed \u00c1kos: Fejedelemv\u00e1laszt\u00f3 orsz\u00e1ggy\u0171l\u00e9s Ny\u00e1r\u00e1dszered\u00e1ban 1605-ben = Maros megyei m. 3.; P\u00e1l-Antal\u2013Simon (Helikon, 24. sz., 2011. dec. 25.); \u00c9let \u00e9s Tudom\u00e1ny (45\u201348. sz., 2004); EMKE; EMKK2010; Erd\u00e9lyi fejedelmek; G. Et\u00e9nyi N\u00f3ra-Horn Ildik\u00f3-Szab\u00f3 P\u00e9ter: Koron\u00e1s fejedelem: B. I. \u00e9s kora (Bp., 2006); Gaali; Id\u0151t\u00e1r 1; Jakab; K\u00e9nosi\u2013Uzoni 1., 2.; Kraus: Erd\u00e9lyi kr\u00f3nika; Helikon (17. sz., 2006. szept. 10.); M. t\u00f6rt. t\u00e1r 17.; Marczali Henrik: B. I. (\u00daj Kezdet, 3. sz., 2006. m\u00e1rc.); Marossz\u00e9ki kr\u00f3nik\u00e1k 1.; M\u00c9L; MNBK; Mur\u00e1din; \u2019\u2019Nincsen nek\u00fcnk t\u00f6bb haz\u00e1nk enn\u00e9l&#8230; \u2019\u2019: Tanulm\u00e1nyok a Bocskai-felkel\u00e9s t\u00f6rt\u00e9net\u00e9hez (Szerk. ifj. Barta J\u00e1nos, Papp Kl\u00e1ra; Bp., 2004); Ny\u00e1r\u00e1dszereda; Ny\u00e1r\u00e1dszereda: kiskalauz; Orb\u00e1n Dezs\u0151; P\u00e1l-Antal 2002; P\u00e1l-Antal 2009; P\u00e1l Antal S\u00e1ndor: Mv. \u2013 a szabad kir\u00e1lyi v\u00e1ros (N\u00fa., 2016. m\u00e1j. 6.; 2016. m\u00e1j. 13.); Pesty 2014; Sepsisz\u00e9ki; Sz\u00e9kelys\u00e9g t\u00f6rt.; Szentgy\u00f6rgyi; Testamentum; Tr\u00f3cs\u00e1nyi 1988; \u00dcnnepelt Ny\u00e1r\u00e1dszereda (N\u00fa., 1997. j\u00fal. 15.)<\/br><\/p>\n","protected":false},"excerpt":{"rendered":"<p>Kv., 1557. jan. 1., \u2020 Kassa, 1606. dec. 29., v\u00e9grendelete szerint Gyulafeh\u00e9rv\u00e1ron a katedr\u00e1lisban temett\u00e9k el: v\u00e1radi kapit\u00e1ny, bihari f\u0151isp\u00e1n, Erd\u00e9ly fejedelme. \u2013 B. Gy\u00f6rgy \u00e9s Sulyok Krisztina fia. \u2013 Serd\u00fcl\u0151 \u00e9s ifj\u00fa \u00e9veit B\u00e9csben \u00e9s Pr\u00e1g\u00e1ban t\u00f6lt\u00f6tte a cs\u00e1sz\u00e1ri apr\u00f3dok k\u00f6z\u00f6tt, majd Gyulafeh\u00e9rv\u00e1rra ker\u00fclt (1576) B\u00e1thori Istv\u00e1n udvar\u00e1ba. B\u00e1thori Istv\u00e1n hal\u00e1la ut\u00e1n (1586) el\u0151t\u00e9rbe [&hellip;]<\/p>\n","protected":false},"featured_media":0,"comment_status":"open","ping_status":"closed","template":"","meta":[],"product_brand":[],"product_cat":[137],"product_tag":[],"class_list":{"0":"post-4898","1":"product","2":"type-product","3":"status-publish","5":"product_cat-maros-megyei-eletrajzi-lexikon","7":"first","8":"instock","9":"shipping-taxable","10":"product-type-simple"},"_links":{"self":[{"href":"https:\/\/uj.adatbank.ro\/lexikon\/wp-json\/wp\/v2\/product\/4898","targetHints":{"allow":["GET"]}}],"collection":[{"href":"https:\/\/uj.adatbank.ro\/lexikon\/wp-json\/wp\/v2\/product"}],"about":[{"href":"https:\/\/uj.adatbank.ro\/lexikon\/wp-json\/wp\/v2\/types\/product"}],"replies":[{"embeddable":true,"href":"https:\/\/uj.adatbank.ro\/lexikon\/wp-json\/wp\/v2\/comments?post=4898"}],"wp:attachment":[{"href":"https:\/\/uj.adatbank.ro\/lexikon\/wp-json\/wp\/v2\/media?parent=4898"}],"wp:term":[{"taxonomy":"product_brand","embeddable":true,"href":"https:\/\/uj.adatbank.ro\/lexikon\/wp-json\/wp\/v2\/product_brand?post=4898"},{"taxonomy":"product_cat","embeddable":true,"href":"https:\/\/uj.adatbank.ro\/lexikon\/wp-json\/wp\/v2\/product_cat?post=4898"},{"taxonomy":"product_tag","embeddable":true,"href":"https:\/\/uj.adatbank.ro\/lexikon\/wp-json\/wp\/v2\/product_tag?post=4898"}],"curies":[{"name":"wp","href":"https:\/\/api.w.org\/{rel}","templated":true}]}}

BOCSKAI István, § bocskói és kismarjai, Bochkai István, Bocskay István

<p>Kv., 1557. jan. 1., † Kassa, 1606. dec. 29., végrendelete szerint Gyulafehérváron a katedrálisban temették el: váradi kapitány, bihari főispán, Erdély fejedelme. – B. György és Sulyok Krisztina fia. – Serdülő és ifjú éveit Bécsben és Prágában töltötte a császári apródok között, majd Gyulafehérvárra került (1576) Báthori István udvarába. Báthori István halála után (1586) előtérbe került a Habsburg-hatalommal való összefogás lehetősége a török kiszorítására, ennek híve B. I. is. Báthori Kristóf mellett a fejedelmi tanács tagja, a kiskorú Báthori Zsigmond gyámja lett, majd váradi kapitány (1592). A törökellenes párt vezéralakja, részt vett a török elleni hadjáratban (1595). Báthori Zsigmondtól 32 ezer arany ft.-ban megkapta Görgény várát a Köszvényesen és Mikházán lévő puskás gyalogosokkal együtt, akik a várat kell szolgálják és az országot segítsék (1597. dec. 14.), és beiktatták (1598. jan. 20.). Erdély egyesült Magyaro.-al Rudolf császár alatt. A Basta generális vezette zsoldos csapatai, a törökök, Mihály vajda beavatkozása következett. Bocskaiban megszületett a szabadságharc gondolata, a hajduk megrohanták a császári csapatokat (1604. okt. 15.), Bocskai a hajdúk élére állt és a szabadságharc vezére lett és győzelemre vitte azt. A függetlenség és a nemzeti királyság híve volt. Felszólította az erdélyi rendeket, hogy csatlakozzanak a szabadságharchoz (1604. dec. 12.). Nyárádszeredán az akkori Marosszerdán tartották azt az ogy.-t, amelyen fejedelmükké választották a székelyek (1605. febr. 21.), a Szerencsen tartott ogy.-en Magyaro. fejedelmévé válsztották (1605. ápr. 20.); a meggyesi ogy.-en a rendek baiktatták (1605. szept. 14) Magyaro. és Erdély fejedelemségébe. Megkötötte az osztrákokkal a bécsi békét (1606. jún. 23 ) és a törökökkel a zsitvatoroki békét (1606. nov. 11), egyesúlyt teremtve a két nagyhatalom között. Kiváltságokat adott Mv.-nek és várépítési engedély (1606), A nyárádszeredai ref. templom cintermének bejárata előtt áll a fejedelem bronz mellszobra, kettős életnagyságú, amelyet Horváth Géza mv.-i szobrászművész készített a bécsi béke 300. évfordulójára, és felavatták (1906. jún. 23.). A szobrot a templomba menekítették (1923–33), dr. Árkosi Jenő, Nyárádszerda akkori lelkésze, szekérrel a kv.-i Protestáns Teológiai Intézetbe szállította (1933), majd visszakerült eredeti helyére (1940. nov. 24. – 1944), ismét a templomba került, a templomkarzat alatti helyen őrizték (1944–76), amikor a templombejáratnál épített talapzatra állították fel, visszaállították a térre (1997. júl. 13.). Fejedelemmé avatásának 400. évfordulóján Nyárádszeredában iskolát neveztek el róla (2005. febr.), az EMKE helyi szervezete viseli a nevét. A nyárádmenti oktatás, nevelés és kultúra anyagi és szellemi támogatására Bocskai István Alapítvány jött létre (1994. ápr. 13. –). Marossárpatakon felállították a mellszobrát (Miholcsa József alkotása; 2005. máj. 5.). – <strong>F. m.:</strong> B. I. leveles könyve. (Kiad. Thaly Kálmán; M. Tört. Tár, 19. vagy 2. folyam 7. köt. Bp., 1874); B. I. és Illésházy István levelezése 1605 és 1606-ban. (Kiad. Szilágyi Sándor; Tört. Tár, 1878); B. I. politikai levelezése. ( Kiad. Szabó Károly; Bp., 1882); Tűzpróba. 1603–1613. (Bev. Bíró Vencel; B p., 1942); B. I. testámentomi rendelése (Bp., 1986; 2001); Levelek (Bp.- Buk., 1992); <strong>antológ.:</strong> M. gondolkodók : 17. század (Bp., 1979); B. M. élete = Erdély öröksége, 6. <br /><strong>Irod.:</strong> Ábrám Zoltán, Benkő K.: Mv.; György Horváth László: Bocskai István = Nyárádszereda; B.-szobor (Nú., 1997. júl. 8.); Basta; Bölöni Domokos: A sarokba állított fejedelem harmadszori feltámadása (Székelyföld, 1. sz., 1997); Bekecsalja (1955. febr.-márc.); Benda Kálmán: B. István függetlenségi harca (Bp., 1952); Bocskai István. 1906–1940–1997 (Nyárádszereda, 1997); Csetri–Szabó; Egyed Á. 2013; Egyed Ákos: Fejedelemválasztó országgyűlés Nyárádszeredában 1605-ben = Maros megyei m. 3.; Pál-Antal–Simon (Helikon, 24. sz., 2011. dec. 25.); Élet és Tudomány (45–48. sz., 2004); EMKE; EMKK2010; Erdélyi fejedelmek; G. Etényi Nóra-Horn Ildikó-Szabó Péter: Koronás fejedelem: B. I. és kora (Bp., 2006); Gaali; Időtár 1; Jakab; Kénosi–Uzoni 1., 2.; Kraus: Erdélyi krónika; Helikon (17. sz., 2006. szept. 10.); M. tört. tár 17.; Marczali Henrik: B. I. (Új Kezdet, 3. sz., 2006. márc.); Marosszéki krónikák 1.; MÉL; MNBK; Murádin; ’’Nincsen nekünk több hazánk ennél&#8230; ’’: Tanulmányok a Bocskai-felkelés történetéhez (Szerk. ifj. Barta János, Papp Klára; Bp., 2004); Nyárádszereda; Nyárádszereda: kiskalauz; Orbán Dezső; Pál-Antal 2002; Pál-Antal 2009; Pál Antal Sándor: Mv. – a szabad királyi város (Nú., 2016. máj. 6.; 2016. máj. 13.); Pesty 2014; Sepsiszéki; Székelység tört.; Szentgyörgyi; Testamentum; Trócsányi 1988; Ünnepelt Nyárádszereda (Nú., 1997. júl. 15.)</br></p>

<p>Kv., 1557. jan. 1., † Kassa, 1606. dec. 29., végrendelete szerint Gyulafehérváron a katedrálisban temették el: váradi kapitány, bihari főispán, Erdély fejedelme. – B. György és Sulyok Krisztina fia. – Serdülő és ifjú éveit Bécsben és Prágában töltötte a császári apródok között, majd Gyulafehérvárra került (1576) Báthori István udvarába. Báthori István halála után (1586) előtérbe [&hellip;]</p>
