{"id":4900,"date":"2025-06-28T16:56:50","date_gmt":"2025-06-28T14:56:50","guid":{"rendered":"https:\/\/uj.adatbank.ro\/lexikon\/termek\/bocskay-istvan\/"},"modified":"2025-06-28T16:56:50","modified_gmt":"2025-06-28T14:56:50","slug":"bocskay-istvan","status":"publish","type":"product","link":"https:\/\/uj.adatbank.ro\/lexikon\/termek\/bocskay-istvan\/","title":{"rendered":"BOCSKAY Istv\u00e1n"},"content":{"rendered":"<p>M\u00e1ramarossziget, 1929. aug. 2., \u2020\u00a0Mv., 2021. \u00e1pr. 22.: orvos.- B. P\u00e9ter \u00e9s M\u00e1ria fia. Feles\u00e9ge. Moldov\u00e1n M\u00e1ria (1934\u20132015), zenetan\u00e1r (1956). Gyermekeik: M\u00e1rta (1957) \u00e1ltal\u00e1nos orvos, \u00c9va-Melinda (1959) fogorvos; Istv\u00e1n (1967) fogtechnikus. \u2013 A Fogorvos-tudom\u00e1nyi karon Kv.-on v\u00e9gzett (1954). A Mv.-i klinikai k\u00f3rh\u00e1zban fogorvos (1954\u20131957), sztomatol\u00f3gus alorvos (1957\u20131959). A MOGYE p\u00e1ly\u00e1j\u00e1n: egyetemi tan\u00e1rseg\u00e9d (1960\u20131964), az orvostudom\u00e1nyok doktora (Mv., 1967), adjunktus (1964\u20131972), egyetemi docens (1972\u20131978), professzor (1978\u20131999), a Konzerv\u00e1l\u00f3 Fog\u00e1sz \u00e9s Parodontol\u00f3giai Klinika vezet\u0151je, 80 \u00e9ves kor\u00e1ig \u00f3raad\u00f3 tan\u00e1r marad \u00e9s konzult\u00e1ns professzor (1999\u2013); doktor\u00e1tusvezet\u0151 (1990\u2013), a MOGYE fogorvos-tudom\u00e1nyi kar d\u00e9k\u00e1nja (1984\u201386 \u00e9s 1989\u20131990), katedraf\u0151n\u00f6k. Hazai \u00e9s k\u00fclf\u00f6ldi szakfoly\u00f3iratokban jelentek meg tanulm\u00e1nyai. Az iv\u00f3v\u00edz fluoroz\u00e1s\u00e1nak a szorgalmaz\u00f3ja. \u00c9vtizedekig tagja a mv.-i orvos-zenekarnak mint j\u00f3 heged\u0171s. A Semmelweis Orvostudom\u00e1nyi Egyetemt\u0151l nyerte el a Honoris Causa c\u00edmet. Az EME v\u00e1lasztm\u00e1ny\u00e1ban is tev\u00e9kenykedett. A Kereszt\u00e9ny Orvosok Sz\u00f6vets\u00e9g\u00e9nek eln\u00f6ke. \u00c9letm\u0171v\u00e9t jutalmazt\u00e1k a P\u00e1pai P\u00e1riz-dijjal (2003). \u2013 <strong>F. m.:<\/strong> Fogbetegs\u00e9gek \u00e9s fog\u00e1pol\u00e1s (Kv., 1986); Adatok a rom\u00e1niai magyar orvosok \u00e9s gy\u00f3gyszer\u00e9szek munk\u00e1ss\u00e1g\u00e1r\u00f3l (Bp.; Genersich Antal Alap\u00edtv\u00e1ny \u2013 Mv., Erd\u00e9lyi M\u00fazeum-Egyes\u00fclet, 1994; A fogorvosk\u00e9pz\u00e9s = Marosv\u00e1s\u00e1rhelyi egyetemi t\u00e1j\u00e9koztat\u00f3 (Mv., 1996); Fog- \u00e9s sz\u00e1jbetegs\u00e9gek megel\u0151z\u00e9se (1999); Magyar\u2013rom\u00e1n\u2013angol fogorvosi szaksz\u00f3t\u00e1r (2003); A fogszuvasod\u00e1s k\u00f3r- \u00e9s gy\u00f3gytana (2006). <br \/><strong>Irod.:<\/strong> EMKK 2010; F\u00fcl\u00f6p; Kiss Cs. M 4.; Magy. prof.<\/br><\/p>\n","protected":false},"excerpt":{"rendered":"<p>M\u00e1ramarossziget, 1929. aug. 2., \u2020\u00a0Mv., 2021. \u00e1pr. 22.: orvos.- B. P\u00e9ter \u00e9s M\u00e1ria fia. Feles\u00e9ge. Moldov\u00e1n M\u00e1ria (1934\u20132015), zenetan\u00e1r (1956). Gyermekeik: M\u00e1rta (1957) \u00e1ltal\u00e1nos orvos, \u00c9va-Melinda (1959) fogorvos; Istv\u00e1n (1967) fogtechnikus. \u2013 A Fogorvos-tudom\u00e1nyi karon Kv.-on v\u00e9gzett (1954). A Mv.-i klinikai k\u00f3rh\u00e1zban fogorvos (1954\u20131957), sztomatol\u00f3gus alorvos (1957\u20131959). A MOGYE p\u00e1ly\u00e1j\u00e1n: egyetemi tan\u00e1rseg\u00e9d (1960\u20131964), az orvostudom\u00e1nyok [&hellip;]<\/p>\n","protected":false},"featured_media":0,"comment_status":"open","ping_status":"closed","template":"","meta":[],"product_brand":[],"product_cat":[137],"product_tag":[],"class_list":{"0":"post-4900","1":"product","2":"type-product","3":"status-publish","5":"product_cat-maros-megyei-eletrajzi-lexikon","7":"first","8":"instock","9":"shipping-taxable","10":"product-type-simple"},"_links":{"self":[{"href":"https:\/\/uj.adatbank.ro\/lexikon\/wp-json\/wp\/v2\/product\/4900","targetHints":{"allow":["GET"]}}],"collection":[{"href":"https:\/\/uj.adatbank.ro\/lexikon\/wp-json\/wp\/v2\/product"}],"about":[{"href":"https:\/\/uj.adatbank.ro\/lexikon\/wp-json\/wp\/v2\/types\/product"}],"replies":[{"embeddable":true,"href":"https:\/\/uj.adatbank.ro\/lexikon\/wp-json\/wp\/v2\/comments?post=4900"}],"wp:attachment":[{"href":"https:\/\/uj.adatbank.ro\/lexikon\/wp-json\/wp\/v2\/media?parent=4900"}],"wp:term":[{"taxonomy":"product_brand","embeddable":true,"href":"https:\/\/uj.adatbank.ro\/lexikon\/wp-json\/wp\/v2\/product_brand?post=4900"},{"taxonomy":"product_cat","embeddable":true,"href":"https:\/\/uj.adatbank.ro\/lexikon\/wp-json\/wp\/v2\/product_cat?post=4900"},{"taxonomy":"product_tag","embeddable":true,"href":"https:\/\/uj.adatbank.ro\/lexikon\/wp-json\/wp\/v2\/product_tag?post=4900"}],"curies":[{"name":"wp","href":"https:\/\/api.w.org\/{rel}","templated":true}]}}

BOCSKAY István

<p>Máramarossziget, 1929. aug. 2., † Mv., 2021. ápr. 22.: orvos.- B. Péter és Mária fia. Felesége. Moldován Mária (1934–2015), zenetanár (1956). Gyermekeik: Márta (1957) általános orvos, Éva-Melinda (1959) fogorvos; István (1967) fogtechnikus. – A Fogorvos-tudományi karon Kv.-on végzett (1954). A Mv.-i klinikai kórházban fogorvos (1954–1957), sztomatológus alorvos (1957–1959). A MOGYE pályáján: egyetemi tanársegéd (1960–1964), az orvostudományok doktora (Mv., 1967), adjunktus (1964–1972), egyetemi docens (1972–1978), professzor (1978–1999), a Konzerváló Fogász és Parodontológiai Klinika vezetője, 80 éves koráig óraadó tanár marad és konzultáns professzor (1999–); doktorátusvezető (1990–), a MOGYE fogorvos-tudományi kar dékánja (1984–86 és 1989–1990), katedrafőnök. Hazai és külföldi szakfolyóiratokban jelentek meg tanulmányai. Az ivóvíz fluorozásának a szorgalmazója. Évtizedekig tagja a mv.-i orvos-zenekarnak mint jó hegedűs. A Semmelweis Orvostudományi Egyetemtől nyerte el a Honoris Causa címet. Az EME választmányában is tevékenykedett. A Keresztény Orvosok Szövetségének elnöke. Életművét jutalmazták a Pápai Páriz-dijjal (2003). – <strong>F. m.:</strong> Fogbetegségek és fogápolás (Kv., 1986); Adatok a romániai magyar orvosok és gyógyszerészek munkásságáról (Bp.; Genersich Antal Alapítvány – Mv., Erdélyi Múzeum-Egyesület, 1994; A fogorvosképzés = Marosvásárhelyi egyetemi tájékoztató (Mv., 1996); Fog- és szájbetegségek megelőzése (1999); Magyar–román–angol fogorvosi szakszótár (2003); A fogszuvasodás kór- és gyógytana (2006). <br /><strong>Irod.:</strong> EMKK 2010; Fülöp; Kiss Cs. M 4.; Magy. prof.</br></p>

<p>Máramarossziget, 1929. aug. 2., † Mv., 2021. ápr. 22.: orvos.- B. Péter és Mária fia. Felesége. Moldován Mária (1934–2015), zenetanár (1956). Gyermekeik: Márta (1957) általános orvos, Éva-Melinda (1959) fogorvos; István (1967) fogtechnikus. – A Fogorvos-tudományi karon Kv.-on végzett (1954). A Mv.-i klinikai kórházban fogorvos (1954–1957), sztomatológus alorvos (1957–1959). A MOGYE pályáján: egyetemi tanársegéd (1960–1964), az orvostudományok [&hellip;]</p>
