{"id":4905,"date":"2025-06-28T16:57:00","date_gmt":"2025-06-28T14:57:00","guid":{"rendered":"https:\/\/uj.adatbank.ro\/lexikon\/termek\/bocskor-janos-p-botskor-janos\/"},"modified":"2025-06-28T16:57:00","modified_gmt":"2025-06-28T14:57:00","slug":"bocskor-janos-p-botskor-janos","status":"publish","type":"product","link":"https:\/\/uj.adatbank.ro\/lexikon\/termek\/bocskor-janos-p-botskor-janos\/","title":{"rendered":"BOCSKOR J\u00e1nos, P.; Botskor J\u00e1nos"},"content":{"rendered":"<p>? \u2020\u00a0? : r. k. pap, jezsuita p\u00e1ter, ferencrendi szerzetes, h\u00e1zf\u0151n\u00f6k. \u2013 A reform\u00e1ci\u00f3 sor\u00e1n ki\u0171z\u00f6tt ferencesek (observansok) \u00fajra visszat\u00e9rtek Mv.-re (1735), ekkor szereztek telket is. Az \u0151 vezet\u00e9s\u00e9vel telep\u00fcltek vissza a ferencrendi bar\u00e1tok Mv.-re (1740. j\u00fal. 3). J\u00f6vedelmi forr\u00e1sk\u00e9nt, malmot l\u00e9tes\u00edtettek (1750). Az Elekes Tarisznya Gy\u00f6rgy, sz\u00edjgy\u00e1rt\u00f3t\u00f3l v\u00e1s\u00e1rolt telken, rendh\u00e1zat \u00e9s templomot \u00e9p\u00edtettek maguknak (1745\u201377), majd harangtornyot is (1802). V\u00e9d\u0151szentj\u00fck Szent Imre volt. A mai Nemzeti Sz\u00ednh\u00e1z \u00e9p\u00edt\u00e9se \u00e9rdek\u00e9ben, a kolostort \u00e9s a templomot (a torony kiv\u00e9tel\u00e9vel) lebontott\u00e1k (1972), helyette a v\u00e1ros nyugati r\u00e9sz\u00e9ben emeltek templomot \u00e9s pl\u00e9b\u00e1nia\u00e9p\u00fcletet. A hit\u00e9let gyakorl\u00e1s\u00e1n k\u00edv\u00fcl elemi iskolai oktat\u00e1st is v\u00e9geztek. B. J. az els\u0151 h\u00e1zf\u0151n\u00f6k\u00fck volt (1740. j\u00fal. 2. \u2013), mv-i minorita psaesidens (1759-ben ). A v\u00e1rost\u00f3l felvett 700 m. forint k\u00f6lcs\u00f6nt a v\u00e1rosnak visszafizette (1759. febr. 20). Az \u00e9p\u00fcl\u0151 minorita templomhoz \u00e9s rendh\u00e1zhoz 50 ezer t\u00e9gl\u00e1t k\u00e9rt k\u00f6lcs\u00f6n gr. Teleki L\u00e1szl\u00f3t\u00f3l (1761). A minorit\u00e1k Sz\u00e9les Mih\u00e1lyt\u00f3l v\u00e1s\u00e1rolt telken, a mai K\u00f6teles S\u00e1muel u.-ban (1740), \u00e9p\u00edtett\u00e9k kolostoruk- \/ z\u00e1rd\u00e1jukat \u00e9s barokk templomukat (1741\u201367), a v\u00e9d\u0151szentj\u00fck P\u00e1duai Szent Antal. <br \/><strong>Irod.:<\/strong> Benk\u0151 K.: Mv.; Id\u0151t\u00e1r 1; K. L. M\u0171v. t\u00f6rt. tan. 2.; Kr\u00f3n. F\u00fcz. (1940. 4\/10); Lesty\u00e1n Ferenc: Mv. katolikus m\u00faltja = Mv. t\u00f6rt\u00e9net\u00e9b\u0151l; Man: Tg. M. 1.; Maros megyei m. t\u00f6rt. 5.; P\u00e1l-Antal 2003; P\u00e1l-Antal 2004; P\u00e1l-Antal 2006; P\u00e1l-Antal 2009<\/br><\/p>\n","protected":false},"excerpt":{"rendered":"<p>? \u2020\u00a0? : r. k. pap, jezsuita p\u00e1ter, ferencrendi szerzetes, h\u00e1zf\u0151n\u00f6k. \u2013 A reform\u00e1ci\u00f3 sor\u00e1n ki\u0171z\u00f6tt ferencesek (observansok) \u00fajra visszat\u00e9rtek Mv.-re (1735), ekkor szereztek telket is. Az \u0151 vezet\u00e9s\u00e9vel telep\u00fcltek vissza a ferencrendi bar\u00e1tok Mv.-re (1740. j\u00fal. 3). J\u00f6vedelmi forr\u00e1sk\u00e9nt, malmot l\u00e9tes\u00edtettek (1750). Az Elekes Tarisznya Gy\u00f6rgy, sz\u00edjgy\u00e1rt\u00f3t\u00f3l v\u00e1s\u00e1rolt telken, rendh\u00e1zat \u00e9s templomot \u00e9p\u00edtettek maguknak [&hellip;]<\/p>\n","protected":false},"featured_media":0,"comment_status":"open","ping_status":"closed","template":"","meta":[],"product_brand":[],"product_cat":[137],"product_tag":[],"class_list":{"0":"post-4905","1":"product","2":"type-product","3":"status-publish","5":"product_cat-maros-megyei-eletrajzi-lexikon","7":"first","8":"instock","9":"shipping-taxable","10":"product-type-simple"},"_links":{"self":[{"href":"https:\/\/uj.adatbank.ro\/lexikon\/wp-json\/wp\/v2\/product\/4905","targetHints":{"allow":["GET"]}}],"collection":[{"href":"https:\/\/uj.adatbank.ro\/lexikon\/wp-json\/wp\/v2\/product"}],"about":[{"href":"https:\/\/uj.adatbank.ro\/lexikon\/wp-json\/wp\/v2\/types\/product"}],"replies":[{"embeddable":true,"href":"https:\/\/uj.adatbank.ro\/lexikon\/wp-json\/wp\/v2\/comments?post=4905"}],"wp:attachment":[{"href":"https:\/\/uj.adatbank.ro\/lexikon\/wp-json\/wp\/v2\/media?parent=4905"}],"wp:term":[{"taxonomy":"product_brand","embeddable":true,"href":"https:\/\/uj.adatbank.ro\/lexikon\/wp-json\/wp\/v2\/product_brand?post=4905"},{"taxonomy":"product_cat","embeddable":true,"href":"https:\/\/uj.adatbank.ro\/lexikon\/wp-json\/wp\/v2\/product_cat?post=4905"},{"taxonomy":"product_tag","embeddable":true,"href":"https:\/\/uj.adatbank.ro\/lexikon\/wp-json\/wp\/v2\/product_tag?post=4905"}],"curies":[{"name":"wp","href":"https:\/\/api.w.org\/{rel}","templated":true}]}}

BOCSKOR János, P.; Botskor János

<p>? † ? : r. k. pap, jezsuita páter, ferencrendi szerzetes, házfőnök. – A reformáció során kiűzött ferencesek (observansok) újra visszatértek Mv.-re (1735), ekkor szereztek telket is. Az ő vezetésével települtek vissza a ferencrendi barátok Mv.-re (1740. júl. 3). Jövedelmi forrásként, malmot létesítettek (1750). Az Elekes Tarisznya György, szíjgyártótól vásárolt telken, rendházat és templomot építettek maguknak (1745–77), majd harangtornyot is (1802). Védőszentjük Szent Imre volt. A mai Nemzeti Színház építése érdekében, a kolostort és a templomot (a torony kivételével) lebontották (1972), helyette a város nyugati részében emeltek templomot és plébániaépületet. A hitélet gyakorlásán kívül elemi iskolai oktatást is végeztek. B. J. az első házfőnökük volt (1740. júl. 2. –), mv-i minorita psaesidens (1759-ben ). A várostól felvett 700 m. forint kölcsönt a városnak visszafizette (1759. febr. 20). Az épülő minorita templomhoz és rendházhoz 50 ezer téglát kért kölcsön gr. Teleki Lászlótól (1761). A minoriták Széles Mihálytól vásárolt telken, a mai Köteles Sámuel u.-ban (1740), építették kolostoruk- / zárdájukat és barokk templomukat (1741–67), a védőszentjük Páduai Szent Antal. <br /><strong>Irod.:</strong> Benkő K.: Mv.; Időtár 1; K. L. Műv. tört. tan. 2.; Krón. Füz. (1940. 4/10); Lestyán Ferenc: Mv. katolikus múltja = Mv. történetéből; Man: Tg. M. 1.; Maros megyei m. tört. 5.; Pál-Antal 2003; Pál-Antal 2004; Pál-Antal 2006; Pál-Antal 2009</br></p>

<p>? † ? : r. k. pap, jezsuita páter, ferencrendi szerzetes, házfőnök. – A reformáció során kiűzött ferencesek (observansok) újra visszatértek Mv.-re (1735), ekkor szereztek telket is. Az ő vezetésével települtek vissza a ferencrendi barátok Mv.-re (1740. júl. 3). Jövedelmi forrásként, malmot létesítettek (1750). Az Elekes Tarisznya György, szíjgyártótól vásárolt telken, rendházat és templomot építettek maguknak [&hellip;]</p>
